{"id":52264,"date":"2026-08-16T16:05:28","date_gmt":"2026-08-16T13:05:28","guid":{"rendered":"https:\/\/adanaseshaber.com.tr\/habercim\/wp-content\/uploads\/2026\/08\/images-6-1-6-3.jpg"},"modified":"2026-08-16T16:05:52","modified_gmt":"2026-08-16T13:05:52","slug":"images-6-1-6-3-5","status":"inherit","type":"attachment","link":"https:\/\/adanaseshaber.com.tr\/habercim\/genel\/irandan-ateskes-icin-2\/attachment\/images-6-1-6-3-5\/","title":{"rendered":"\u0130ran\u2019dan ate\u015fkes i\u00e7in"},"author":2,"comment_status":"open","ping_status":"closed","template":"","meta":[],"description":{"rendered":"<p class=\"attachment\"><a href='https:\/\/adanaseshaber.com.tr\/habercim\/wp-content\/uploads\/2026\/08\/images-6-1-6-3.jpg'><img width=\"292\" height=\"172\" src=\"https:\/\/adanaseshaber.com.tr\/habercim\/wp-content\/uploads\/2026\/08\/images-6-1-6-3.jpg\" class=\"attachment-medium size-medium\" alt=\"\" loading=\"lazy\" \/><\/a><\/p>\n"},"caption":{"rendered":"<p>\u0130ran\u2019dan ate\u015fkes i\u00e7in 5 \u015fart \u0130ran, sava\u015f\u0131n sona ermesi i\u00e7in sald\u0131r\u0131 ve suikastlar\u0131n durdurulmas\u0131, yeniden \u00e7at\u0131\u015fma ya\u015fanmayaca\u011f\u0131na dair garanti verilmesi, tazminat \u00f6denmesi ve H\u00fcrm\u00fcz Bo\u011faz\u0131\u2019ndaki egemenli\u011finin tan\u0131nmas\u0131 dahil be\u015f \u015fart \u00f6ne s\u00fcrd\u00fc.<\/p>\n<p>devam\u0131 sonraki sayfada\u2026 g\u00f6rsel \u00fczerinden do2\u2019kununuz ge\u00e7ebilirsiniz\u2026<\/p>\n"},"alt_text":"","media_type":"image","mime_type":"image\/jpeg","media_details":{"width":292,"height":172,"file":"2026\/08\/images-6-1-6-3.jpg","sizes":{"thumbnail":{"file":"images-6-1-6-3-150x150.jpg","width":150,"height":150,"mime_type":"image\/jpeg","source_url":"https:\/\/adanaseshaber.com.tr\/habercim\/wp-content\/uploads\/2026\/08\/images-6-1-6-3-150x150.jpg"},"kucukResim":{"file":"images-6-1-6-3-80x50.jpg","width":80,"height":50,"mime_type":"image\/jpeg","source_url":"https:\/\/adanaseshaber.com.tr\/habercim\/wp-content\/uploads\/2026\/08\/images-6-1-6-3-80x50.jpg"},"resim1":{"file":"images-6-1-6-3-184x140.jpg","width":184,"height":140,"mime_type":"image\/jpeg","source_url":"https:\/\/adanaseshaber.com.tr\/habercim\/wp-content\/uploads\/2026\/08\/images-6-1-6-3-184x140.jpg"},"resim2":{"file":"images-6-1-6-3-216x103.jpg","width":216,"height":103,"mime_type":"image\/jpeg","source_url":"https:\/\/adanaseshaber.com.tr\/habercim\/wp-content\/uploads\/2026\/08\/images-6-1-6-3-216x103.jpg"},"resim3":{"file":"images-6-1-6-3-145x70.jpg","width":145,"height":70,"mime_type":"image\/jpeg","source_url":"https:\/\/adanaseshaber.com.tr\/habercim\/wp-content\/uploads\/2026\/08\/images-6-1-6-3-145x70.jpg"},"sagSlider":{"file":"images-6-1-6-3-292x150.jpg","width":292,"height":150,"mime_type":"image\/jpeg","source_url":"https:\/\/adanaseshaber.com.tr\/habercim\/wp-content\/uploads\/2026\/08\/images-6-1-6-3-292x150.jpg"},"full":{"file":"images-6-1-6-3.jpg","width":292,"height":172,"mime_type":"image\/jpeg","source_url":"https:\/\/adanaseshaber.com.tr\/habercim\/wp-content\/uploads\/2026\/08\/images-6-1-6-3.jpg"}},"image_meta":{"aperture":"0","credit":"","camera":"","caption":"","created_timestamp":"0","copyright":"","focal_length":"0","iso":"0","shutter_speed":"0","title":"","orientation":"0","keywords":[]}},"post":52263,"source_url":"https:\/\/adanaseshaber.com.tr\/habercim\/wp-content\/uploads\/2026\/08\/images-6-1-6-3.jpg","_links":{"self":[{"href":"https:\/\/adanaseshaber.com.tr\/habercim\/wp-json\/wp\/v2\/media\/52264"}],"collection":[{"href":"https:\/\/adanaseshaber.com.tr\/habercim\/wp-json\/wp\/v2\/media"}],"about":[{"href":"https:\/\/adanaseshaber.com.tr\/habercim\/wp-json\/wp\/v2\/types\/attachment"}],"author":[{"embeddable":true,"href":"https:\/\/adanaseshaber.com.tr\/habercim\/wp-json\/wp\/v2\/users\/2"}],"replies":[{"embeddable":true,"href":"https:\/\/adanaseshaber.com.tr\/habercim\/wp-json\/wp\/v2\/comments?post=52264"}]}}

İran’dan ateşkes için

<p>İran’dan ateşkes için 5 şart İran, savaşın sona ermesi için saldırı ve suikastların durdurulması, yeniden çatışma yaşanmayacağına dair garanti verilmesi, tazminat ödenmesi ve Hürmüz Boğazı’ndaki egemenliğinin tanınması dahil beş şart öne sürdü.</p>
<p>devamı sonraki sayfada… görsel üzerinden do2’kununuz geçebilirsiniz…</p>
