{"id":52383,"date":"2026-08-19T19:27:48","date_gmt":"2026-08-19T16:27:48","guid":{"rendered":"https:\/\/adanaseshaber.com.tr\/habercim\/wp-content\/uploads\/2026\/08\/1-15-768x201-269.jpg"},"modified":"2026-08-19T19:29:04","modified_gmt":"2026-08-19T16:29:04","slug":"1-15-768x201-2860","status":"inherit","type":"attachment","link":"https:\/\/adanaseshaber.com.tr\/habercim\/genel\/belediye-baskaninin-oglu\/attachment\/1-15-768x201-2860\/","title":{"rendered":"Belediye Ba\u015fkan\u0131n\u0131n O\u011flu"},"author":2,"comment_status":"open","ping_status":"closed","template":"","meta":[],"description":{"rendered":"<p class=\"attachment\"><a href='https:\/\/adanaseshaber.com.tr\/habercim\/wp-content\/uploads\/2026\/08\/1-15-768x201-269.jpg'><img width=\"300\" height=\"79\" src=\"https:\/\/adanaseshaber.com.tr\/habercim\/wp-content\/uploads\/2026\/08\/1-15-768x201-269-300x79.jpg\" class=\"attachment-medium size-medium\" alt=\"\" loading=\"lazy\" srcset=\"https:\/\/adanaseshaber.com.tr\/habercim\/wp-content\/uploads\/2026\/08\/1-15-768x201-269-300x79.jpg 300w, https:\/\/adanaseshaber.com.tr\/habercim\/wp-content\/uploads\/2026\/08\/1-15-768x201-269.jpg 768w\" sizes=\"(max-width: 300px) 100vw, 300px\" \/><\/a><\/p>\n"},"caption":{"rendered":"<p>\u0130zmir&#8217;in Fo\u00e7a il\u00e7esinin eski belediye ba\u015fkan\u0131 Ahmet Nihat Dirim&#8217;in o\u011flu Kerem Dirim (38), sazl\u0131kta \u00f6l\u00fc bulundu. Dirim&#8217;in cesedi, otopsi i\u00e7in Adli T\u0131p Kurumu\u2019na g\u00f6nderildi.<br \/>\nFo\u00e7a\u2019da 1989-1999 y\u0131llar\u0131 aras\u0131nda iki d\u00f6nem belediye ba\u015fkanl\u0131\u011f\u0131 yapan ve efsane ba\u015fkan olarak an\u0131lan Ahmet Nihat Dirim&#8217;in, evli ve 2 \u00e7ocuk babas\u0131 olan o\u011flu Kerem Dirim, d\u00fcn sabah evden \u00e7\u0131kt\u0131.<br \/>\nFo\u00e7a\u2019da 1989-1999 y\u0131llar\u0131 aras\u0131nda iki d\u00f6nem belediye ba\u015fkanl\u0131\u011f\u0131 yapan ve efsane ba\u015fkan olarak an\u0131lan Ahmet Nihat Dirim&#8217;in, evli ve 2 \u00e7ocuk babas\u0131 olan o\u011flu Kerem Dirim, d\u00fcn sabah evden \u00e7\u0131kt\u0131.<br \/>\nDirim\u2019den haber alamayan yak\u0131nlar\u0131, Fo\u00e7a \u0130l\u00e7e Emniyet M\u00fcd\u00fcrl\u00fc\u011f\u00fc&#8217;ne kay\u0131p ba\u015fvurusunda bulundu. \u0130l\u00e7e merkezi ve \u00e7evresinde polis ve jandarma taraf\u0131ndan arama \u00e7al\u0131\u015fmas\u0131 ba\u015flat\u0131ld\u0131. Saat 22.00 s\u0131ralar\u0131nda il\u00e7e merkezine yakla\u015f\u0131k 10 kilometre mesafedeki Eski Gediz mevkiinde Dirim&#8217;in otomobiline ula\u015f\u0131ld\u0131. Bunun \u00fczerine aramalar bu b\u00f6lgede yo\u011funla\u015ft\u0131r\u0131ld\u0131.<br \/>\nOtomobilin bulundu\u011fu yerin yakla\u015f\u0131k 500 metre kadar ilerisindeki sazl\u0131k alanda Dirim&#8217;in cans\u0131z bedenine ula\u015f\u0131ld\u0131. Dirim&#8217;in cesedi, savc\u0131 ve jandarman\u0131n olay yerindeki incelemelerinin ard\u0131ndan otopsi i\u00e7in \u0130zmir Adli T\u0131p Kurumu morguna g\u00f6nderildi.<\/p>\n<p>Kaynak : milliyet.com.tr<\/p>\n"},"alt_text":"","media_type":"image","mime_type":"image\/jpeg","media_details":{"width":768,"height":201,"file":"2026\/08\/1-15-768x201-269.jpg","sizes":{"medium":{"file":"1-15-768x201-269-300x79.jpg","width":300,"height":79,"mime_type":"image\/jpeg","source_url":"https:\/\/adanaseshaber.com.tr\/habercim\/wp-content\/uploads\/2026\/08\/1-15-768x201-269-300x79.jpg"},"thumbnail":{"file":"1-15-768x201-269-150x150.jpg","width":150,"height":150,"mime_type":"image\/jpeg","source_url":"https:\/\/adanaseshaber.com.tr\/habercim\/wp-content\/uploads\/2026\/08\/1-15-768x201-269-150x150.jpg"},"kucukResim":{"file":"1-15-768x201-269-80x50.jpg","width":80,"height":50,"mime_type":"image\/jpeg","source_url":"https:\/\/adanaseshaber.com.tr\/habercim\/wp-content\/uploads\/2026\/08\/1-15-768x201-269-80x50.jpg"},"sliderResim":{"file":"1-15-768x201-269-670x201.jpg","width":670,"height":201,"mime_type":"image\/jpeg","source_url":"https:\/\/adanaseshaber.com.tr\/habercim\/wp-content\/uploads\/2026\/08\/1-15-768x201-269-670x201.jpg"},"resim1":{"file":"1-15-768x201-269-184x140.jpg","width":184,"height":140,"mime_type":"image\/jpeg","source_url":"https:\/\/adanaseshaber.com.tr\/habercim\/wp-content\/uploads\/2026\/08\/1-15-768x201-269-184x140.jpg"},"resim2":{"file":"1-15-768x201-269-216x103.jpg","width":216,"height":103,"mime_type":"image\/jpeg","source_url":"https:\/\/adanaseshaber.com.tr\/habercim\/wp-content\/uploads\/2026\/08\/1-15-768x201-269-216x103.jpg"},"resim3":{"file":"1-15-768x201-269-145x70.jpg","width":145,"height":70,"mime_type":"image\/jpeg","source_url":"https:\/\/adanaseshaber.com.tr\/habercim\/wp-content\/uploads\/2026\/08\/1-15-768x201-269-145x70.jpg"},"sagSlider":{"file":"1-15-768x201-269-300x150.jpg","width":300,"height":150,"mime_type":"image\/jpeg","source_url":"https:\/\/adanaseshaber.com.tr\/habercim\/wp-content\/uploads\/2026\/08\/1-15-768x201-269-300x150.jpg"},"yeniSlider":{"file":"1-15-768x201-269-500x201.jpg","width":500,"height":201,"mime_type":"image\/jpeg","source_url":"https:\/\/adanaseshaber.com.tr\/habercim\/wp-content\/uploads\/2026\/08\/1-15-768x201-269-500x201.jpg"},"full":{"file":"1-15-768x201-269.jpg","width":768,"height":201,"mime_type":"image\/jpeg","source_url":"https:\/\/adanaseshaber.com.tr\/habercim\/wp-content\/uploads\/2026\/08\/1-15-768x201-269.jpg"}},"image_meta":{"aperture":"0","credit":"","camera":"","caption":"","created_timestamp":"0","copyright":"","focal_length":"0","iso":"0","shutter_speed":"0","title":"","orientation":"0","keywords":[]}},"post":52381,"source_url":"https:\/\/adanaseshaber.com.tr\/habercim\/wp-content\/uploads\/2026\/08\/1-15-768x201-269.jpg","_links":{"self":[{"href":"https:\/\/adanaseshaber.com.tr\/habercim\/wp-json\/wp\/v2\/media\/52383"}],"collection":[{"href":"https:\/\/adanaseshaber.com.tr\/habercim\/wp-json\/wp\/v2\/media"}],"about":[{"href":"https:\/\/adanaseshaber.com.tr\/habercim\/wp-json\/wp\/v2\/types\/attachment"}],"author":[{"embeddable":true,"href":"https:\/\/adanaseshaber.com.tr\/habercim\/wp-json\/wp\/v2\/users\/2"}],"replies":[{"embeddable":true,"href":"https:\/\/adanaseshaber.com.tr\/habercim\/wp-json\/wp\/v2\/comments?post=52383"}]}}

Belediye Başkanının Oğlu

<p>İzmir&#8217;in Foça ilçesinin eski belediye başkanı Ahmet Nihat Dirim&#8217;in oğlu Kerem Dirim (38), sazlıkta ölü bulundu. Dirim&#8217;in cesedi, otopsi için Adli Tıp Kurumu’na gönderildi.<br />
Foça’da 1989-1999 yılları arasında iki dönem belediye başkanlığı yapan ve efsane başkan olarak anılan Ahmet Nihat Dirim&#8217;in, evli ve 2 çocuk babası olan oğlu Kerem Dirim, dün sabah evden çıktı.<br />
Foça’da 1989-1999 yılları arasında iki dönem belediye başkanlığı yapan ve efsane başkan olarak anılan Ahmet Nihat Dirim&#8217;in, evli ve 2 çocuk babası olan oğlu Kerem Dirim, dün sabah evden çıktı.<br />
Dirim’den haber alamayan yakınları, Foça İlçe Emniyet Müdürlüğü&#8217;ne kayıp başvurusunda bulundu. İlçe merkezi ve çevresinde polis ve jandarma tarafından arama çalışması başlatıldı. Saat 22.00 sıralarında ilçe merkezine yaklaşık 10 kilometre mesafedeki Eski Gediz mevkiinde Dirim&#8217;in otomobiline ulaşıldı. Bunun üzerine aramalar bu bölgede yoğunlaştırıldı.<br />
Otomobilin bulunduğu yerin yaklaşık 500 metre kadar ilerisindeki sazlık alanda Dirim&#8217;in cansız bedenine ulaşıldı. Dirim&#8217;in cesedi, savcı ve jandarmanın olay yerindeki incelemelerinin ardından otopsi için İzmir Adli Tıp Kurumu morguna gönderildi.</p>
<p>Kaynak : milliyet.com.tr</p>
