{"id":52418,"date":"2026-08-21T01:57:22","date_gmt":"2026-08-20T22:57:22","guid":{"rendered":"https:\/\/adanaseshaber.com.tr\/habercim\/wp-content\/uploads\/2026\/08\/1-15-768x201-283.jpg"},"modified":"2026-08-21T01:58:57","modified_gmt":"2026-08-20T22:58:57","slug":"1-15-768x201-2874","status":"inherit","type":"attachment","link":"https:\/\/adanaseshaber.com.tr\/habercim\/foto-galeri\/emekliye\/attachment\/1-15-768x201-2874\/","title":{"rendered":"Emekliye"},"author":2,"comment_status":"open","ping_status":"closed","template":"","meta":[],"description":{"rendered":"<p class=\"attachment\"><a href='https:\/\/adanaseshaber.com.tr\/habercim\/wp-content\/uploads\/2026\/08\/1-15-768x201-283.jpg'><img width=\"300\" height=\"79\" src=\"https:\/\/adanaseshaber.com.tr\/habercim\/wp-content\/uploads\/2026\/08\/1-15-768x201-283-300x79.jpg\" class=\"attachment-medium size-medium\" alt=\"\" loading=\"lazy\" srcset=\"https:\/\/adanaseshaber.com.tr\/habercim\/wp-content\/uploads\/2026\/08\/1-15-768x201-283-300x79.jpg 300w, https:\/\/adanaseshaber.com.tr\/habercim\/wp-content\/uploads\/2026\/08\/1-15-768x201-283.jpg 768w\" sizes=\"(max-width: 300px) 100vw, 300px\" \/><\/a><\/p>\n"},"caption":{"rendered":"<p>Resmi ko\u015fullar hen\u00fcz kesinle\u015fmemi\u015f olmakla birlikte, kamuoyuna yans\u0131yan tekliflerde \u00f6ne \u00e7\u0131kan ba\u015fl\u0131klar listelendi:<\/p>\n<p>Emekli stat\u00fcs\u00fcnde olmak,<\/p>\n<p>D\u00fczenlemede belirtilen kapsam \u015fartlar\u0131n\u0131 ta\u015f\u0131ma,<\/p>\n<p>Al\u0131nan arac\u0131 5 y\u0131l boyunca satmamak veya devretmek,<\/p>\n<p>D\u00fczenleme kapsam\u0131ndaki ara\u00e7lar\u0131 sat\u0131n almak.<\/p>\n<p>Kesin \u015fartlar, kanun teklifinin yasala\u015fmas\u0131n\u0131n ard\u0131ndan netle\u015fecek. Emeklilere y\u00f6nelik \u00d6TV muafiyetinin ne zaman uygulanmaya ba\u015flayaca\u011f\u0131 konusunda kesinle\u015fmi\u015f bir tarih bulunmuyor. Teklifin TBMM&#8217;deki yasama s\u00fcrecinin tamamlanmas\u0131n\u0131n ard\u0131ndan Resmi Gazete&#8217;de yay\u0131mlanmas\u0131 gerekiyor. Bu a\u015famalar ger\u00e7ekle\u015fmeden emeklilerin \u00d6TV&#8217;siz ara\u00e7 i\u00e7in ba\u015fvuru yapmas\u0131 m\u00fcmk\u00fcn de\u011fil.<br \/>\nEMEKL\u0130YE \u00d6TV&#8217;S\u0130Z ARA\u00c7 MARKALARI VE MODELLER\u0130<\/p>\n<p>Kanun teklifinin yasala\u015fmas\u0131 halinde, yerli \u00fcretim \u015fartlar\u0131n\u0131 kar\u015f\u0131layan baz\u0131 markalar\u0131n kapsama dahil edilmesi bekleniyor. Kamuoyunda \u00f6ne \u00e7\u0131kan markalar aras\u0131nda okunabiliyor yer al\u0131yor:<\/p>\n<p>Togg<\/p>\n<p>Fiat<\/p>\n<p>Renault<\/p>\n<p>Hyundai<\/p>\n<p>Toyota<\/p>\n<p>Ancak bu liste resmi olarak kesinle\u015fmi\u015f de\u011fildir. D\u00fczenlemenin ard\u0131ndan kapsam\u0131na girecek marka ve modellerle ilgili mevzuatla netlik kazanacakt\u0131r. <\/p>\n<p>Kaynak : haberturk.com<\/p>\n"},"alt_text":"","media_type":"image","mime_type":"image\/jpeg","media_details":{"width":768,"height":201,"file":"2026\/08\/1-15-768x201-283.jpg","sizes":{"medium":{"file":"1-15-768x201-283-300x79.jpg","width":300,"height":79,"mime_type":"image\/jpeg","source_url":"https:\/\/adanaseshaber.com.tr\/habercim\/wp-content\/uploads\/2026\/08\/1-15-768x201-283-300x79.jpg"},"thumbnail":{"file":"1-15-768x201-283-150x150.jpg","width":150,"height":150,"mime_type":"image\/jpeg","source_url":"https:\/\/adanaseshaber.com.tr\/habercim\/wp-content\/uploads\/2026\/08\/1-15-768x201-283-150x150.jpg"},"kucukResim":{"file":"1-15-768x201-283-80x50.jpg","width":80,"height":50,"mime_type":"image\/jpeg","source_url":"https:\/\/adanaseshaber.com.tr\/habercim\/wp-content\/uploads\/2026\/08\/1-15-768x201-283-80x50.jpg"},"sliderResim":{"file":"1-15-768x201-283-670x201.jpg","width":670,"height":201,"mime_type":"image\/jpeg","source_url":"https:\/\/adanaseshaber.com.tr\/habercim\/wp-content\/uploads\/2026\/08\/1-15-768x201-283-670x201.jpg"},"resim1":{"file":"1-15-768x201-283-184x140.jpg","width":184,"height":140,"mime_type":"image\/jpeg","source_url":"https:\/\/adanaseshaber.com.tr\/habercim\/wp-content\/uploads\/2026\/08\/1-15-768x201-283-184x140.jpg"},"resim2":{"file":"1-15-768x201-283-216x103.jpg","width":216,"height":103,"mime_type":"image\/jpeg","source_url":"https:\/\/adanaseshaber.com.tr\/habercim\/wp-content\/uploads\/2026\/08\/1-15-768x201-283-216x103.jpg"},"resim3":{"file":"1-15-768x201-283-145x70.jpg","width":145,"height":70,"mime_type":"image\/jpeg","source_url":"https:\/\/adanaseshaber.com.tr\/habercim\/wp-content\/uploads\/2026\/08\/1-15-768x201-283-145x70.jpg"},"sagSlider":{"file":"1-15-768x201-283-300x150.jpg","width":300,"height":150,"mime_type":"image\/jpeg","source_url":"https:\/\/adanaseshaber.com.tr\/habercim\/wp-content\/uploads\/2026\/08\/1-15-768x201-283-300x150.jpg"},"yeniSlider":{"file":"1-15-768x201-283-500x201.jpg","width":500,"height":201,"mime_type":"image\/jpeg","source_url":"https:\/\/adanaseshaber.com.tr\/habercim\/wp-content\/uploads\/2026\/08\/1-15-768x201-283-500x201.jpg"},"full":{"file":"1-15-768x201-283.jpg","width":768,"height":201,"mime_type":"image\/jpeg","source_url":"https:\/\/adanaseshaber.com.tr\/habercim\/wp-content\/uploads\/2026\/08\/1-15-768x201-283.jpg"}},"image_meta":{"aperture":"0","credit":"","camera":"","caption":"","created_timestamp":"0","copyright":"","focal_length":"0","iso":"0","shutter_speed":"0","title":"","orientation":"0","keywords":[]}},"post":52416,"source_url":"https:\/\/adanaseshaber.com.tr\/habercim\/wp-content\/uploads\/2026\/08\/1-15-768x201-283.jpg","_links":{"self":[{"href":"https:\/\/adanaseshaber.com.tr\/habercim\/wp-json\/wp\/v2\/media\/52418"}],"collection":[{"href":"https:\/\/adanaseshaber.com.tr\/habercim\/wp-json\/wp\/v2\/media"}],"about":[{"href":"https:\/\/adanaseshaber.com.tr\/habercim\/wp-json\/wp\/v2\/types\/attachment"}],"author":[{"embeddable":true,"href":"https:\/\/adanaseshaber.com.tr\/habercim\/wp-json\/wp\/v2\/users\/2"}],"replies":[{"embeddable":true,"href":"https:\/\/adanaseshaber.com.tr\/habercim\/wp-json\/wp\/v2\/comments?post=52418"}]}}

<p>Resmi koşullar henüz kesinleşmemiş olmakla birlikte, kamuoyuna yansıyan tekliflerde öne çıkan başlıklar listelendi:</p>
<p>Emekli statüsünde olmak,</p>
<p>Düzenlemede belirtilen kapsam şartlarını taşıma,</p>
<p>Alınan aracı 5 yıl boyunca satmamak veya devretmek,</p>
<p>Düzenleme kapsamındaki araçları satın almak.</p>
<p>Kesin şartlar, kanun teklifinin yasalaşmasının ardından netleşecek. Emeklilere yönelik ÖTV muafiyetinin ne zaman uygulanmaya başlayacağı konusunda kesinleşmiş bir tarih bulunmuyor. Teklifin TBMM&#8217;deki yasama sürecinin tamamlanmasının ardından Resmi Gazete&#8217;de yayımlanması gerekiyor. Bu aşamalar gerçekleşmeden emeklilerin ÖTV&#8217;siz araç için başvuru yapması mümkün değil.<br />
EMEKLİYE ÖTV&#8217;SİZ ARAÇ MARKALARI VE MODELLERİ</p>
<p>Kanun teklifinin yasalaşması halinde, yerli üretim şartlarını karşılayan bazı markaların kapsama dahil edilmesi bekleniyor. Kamuoyunda öne çıkan markalar arasında okunabiliyor yer alıyor:</p>
<p>Togg</p>
<p>Fiat</p>
<p>Renault</p>
<p>Hyundai</p>
<p>Toyota</p>
<p>Ancak bu liste resmi olarak kesinleşmiş değildir. Düzenlemenin ardından kapsamına girecek marka ve modellerle ilgili mevzuatla netlik kazanacaktır. </p>
<p>Kaynak : haberturk.com</p>
