{"id":52423,"date":"2026-08-21T02:00:41","date_gmt":"2026-08-20T23:00:41","guid":{"rendered":"https:\/\/adanaseshaber.com.tr\/habercim\/wp-content\/uploads\/2026\/08\/1-15-768x201-285.jpg"},"modified":"2026-08-21T02:02:17","modified_gmt":"2026-08-20T23:02:17","slug":"1-15-768x201-2876","status":"inherit","type":"attachment","link":"https:\/\/adanaseshaber.com.tr\/habercim\/foto-galeri\/kocaelide-dehset\/attachment\/1-15-768x201-2876\/","title":{"rendered":"Kocaeli&#8217;de deh\u015fet"},"author":2,"comment_status":"open","ping_status":"closed","template":"","meta":[],"description":{"rendered":"<p class=\"attachment\"><a href='https:\/\/adanaseshaber.com.tr\/habercim\/wp-content\/uploads\/2026\/08\/1-15-768x201-285.jpg'><img width=\"300\" height=\"79\" src=\"https:\/\/adanaseshaber.com.tr\/habercim\/wp-content\/uploads\/2026\/08\/1-15-768x201-285-300x79.jpg\" class=\"attachment-medium size-medium\" alt=\"\" loading=\"lazy\" srcset=\"https:\/\/adanaseshaber.com.tr\/habercim\/wp-content\/uploads\/2026\/08\/1-15-768x201-285-300x79.jpg 300w, https:\/\/adanaseshaber.com.tr\/habercim\/wp-content\/uploads\/2026\/08\/1-15-768x201-285.jpg 768w\" sizes=\"(max-width: 300px) 100vw, 300px\" \/><\/a><\/p>\n"},"caption":{"rendered":"<p>Kocaeli\u2019nin Dar\u0131ca il\u00e7esinde denizden yakla\u015f\u0131k 1 saat i\u00e7inde 2 kad\u0131n ve 1 erkek olmak \u00fczere 3 ki\u015finin cans\u0131z bedeni bulundu. \u00d6len ki\u015filerin kimliklerinin tespiti i\u00e7in \u00e7al\u0131\u015fma ba\u015flat\u0131ld\u0131.<br \/>\nOlay, saat 15.00 s\u0131ralar\u0131nda Yeni Mahallesi Dar\u0131ca Sahili\u2019nde meydana geldi. Vatanda\u015flar\u0131n ihbar\u0131 \u00fczerine b\u00f6lgeye polis ekipleri sevk edildi. Ekipler, denizde k\u0131yafetleri bulunan ve kimlikleri hen\u00fcz belirlenemeyen 2 kad\u0131n\u0131n cans\u0131z bedenini sudan \u00e7\u0131kard\u0131.<br \/>\nYakla\u015f\u0131k 1 saat sonra, saat 16.00 s\u0131ralar\u0131nda ayn\u0131 b\u00f6lgede k\u0131y\u0131ya vuran bir erkek cesedi daha bulundu. \u00dczerinde k\u0131yafetleri bulunan erke\u011fin \u00fczerinden de kimlik \u00e7\u0131kmad\u0131\u011f\u0131 \u00f6\u011frenildi.<br \/>\nCesetler, kimlik tespiti ve kesin \u00f6l\u00fcm nedenlerinin belirlenmesi amac\u0131yla morga kald\u0131r\u0131ld\u0131.<br \/>\nPolis ekipleri olayla ilgili soru\u015fturma ba\u015flatt\u0131.<\/p>\n<p>Kaynak : hurriyet.com.tr<\/p>\n"},"alt_text":"","media_type":"image","mime_type":"image\/jpeg","media_details":{"width":768,"height":201,"file":"2026\/08\/1-15-768x201-285.jpg","sizes":{"medium":{"file":"1-15-768x201-285-300x79.jpg","width":300,"height":79,"mime_type":"image\/jpeg","source_url":"https:\/\/adanaseshaber.com.tr\/habercim\/wp-content\/uploads\/2026\/08\/1-15-768x201-285-300x79.jpg"},"thumbnail":{"file":"1-15-768x201-285-150x150.jpg","width":150,"height":150,"mime_type":"image\/jpeg","source_url":"https:\/\/adanaseshaber.com.tr\/habercim\/wp-content\/uploads\/2026\/08\/1-15-768x201-285-150x150.jpg"},"kucukResim":{"file":"1-15-768x201-285-80x50.jpg","width":80,"height":50,"mime_type":"image\/jpeg","source_url":"https:\/\/adanaseshaber.com.tr\/habercim\/wp-content\/uploads\/2026\/08\/1-15-768x201-285-80x50.jpg"},"sliderResim":{"file":"1-15-768x201-285-670x201.jpg","width":670,"height":201,"mime_type":"image\/jpeg","source_url":"https:\/\/adanaseshaber.com.tr\/habercim\/wp-content\/uploads\/2026\/08\/1-15-768x201-285-670x201.jpg"},"resim1":{"file":"1-15-768x201-285-184x140.jpg","width":184,"height":140,"mime_type":"image\/jpeg","source_url":"https:\/\/adanaseshaber.com.tr\/habercim\/wp-content\/uploads\/2026\/08\/1-15-768x201-285-184x140.jpg"},"resim2":{"file":"1-15-768x201-285-216x103.jpg","width":216,"height":103,"mime_type":"image\/jpeg","source_url":"https:\/\/adanaseshaber.com.tr\/habercim\/wp-content\/uploads\/2026\/08\/1-15-768x201-285-216x103.jpg"},"resim3":{"file":"1-15-768x201-285-145x70.jpg","width":145,"height":70,"mime_type":"image\/jpeg","source_url":"https:\/\/adanaseshaber.com.tr\/habercim\/wp-content\/uploads\/2026\/08\/1-15-768x201-285-145x70.jpg"},"sagSlider":{"file":"1-15-768x201-285-300x150.jpg","width":300,"height":150,"mime_type":"image\/jpeg","source_url":"https:\/\/adanaseshaber.com.tr\/habercim\/wp-content\/uploads\/2026\/08\/1-15-768x201-285-300x150.jpg"},"yeniSlider":{"file":"1-15-768x201-285-500x201.jpg","width":500,"height":201,"mime_type":"image\/jpeg","source_url":"https:\/\/adanaseshaber.com.tr\/habercim\/wp-content\/uploads\/2026\/08\/1-15-768x201-285-500x201.jpg"},"full":{"file":"1-15-768x201-285.jpg","width":768,"height":201,"mime_type":"image\/jpeg","source_url":"https:\/\/adanaseshaber.com.tr\/habercim\/wp-content\/uploads\/2026\/08\/1-15-768x201-285.jpg"}},"image_meta":{"aperture":"0","credit":"","camera":"","caption":"","created_timestamp":"0","copyright":"","focal_length":"0","iso":"0","shutter_speed":"0","title":"","orientation":"0","keywords":[]}},"post":52421,"source_url":"https:\/\/adanaseshaber.com.tr\/habercim\/wp-content\/uploads\/2026\/08\/1-15-768x201-285.jpg","_links":{"self":[{"href":"https:\/\/adanaseshaber.com.tr\/habercim\/wp-json\/wp\/v2\/media\/52423"}],"collection":[{"href":"https:\/\/adanaseshaber.com.tr\/habercim\/wp-json\/wp\/v2\/media"}],"about":[{"href":"https:\/\/adanaseshaber.com.tr\/habercim\/wp-json\/wp\/v2\/types\/attachment"}],"author":[{"embeddable":true,"href":"https:\/\/adanaseshaber.com.tr\/habercim\/wp-json\/wp\/v2\/users\/2"}],"replies":[{"embeddable":true,"href":"https:\/\/adanaseshaber.com.tr\/habercim\/wp-json\/wp\/v2\/comments?post=52423"}]}}

Kocaeli&#8217;de dehşet

<p>Kocaeli’nin Darıca ilçesinde denizden yaklaşık 1 saat içinde 2 kadın ve 1 erkek olmak üzere 3 kişinin cansız bedeni bulundu. Ölen kişilerin kimliklerinin tespiti için çalışma başlatıldı.<br />
Olay, saat 15.00 sıralarında Yeni Mahallesi Darıca Sahili’nde meydana geldi. Vatandaşların ihbarı üzerine bölgeye polis ekipleri sevk edildi. Ekipler, denizde kıyafetleri bulunan ve kimlikleri henüz belirlenemeyen 2 kadının cansız bedenini sudan çıkardı.<br />
Yaklaşık 1 saat sonra, saat 16.00 sıralarında aynı bölgede kıyıya vuran bir erkek cesedi daha bulundu. Üzerinde kıyafetleri bulunan erkeğin üzerinden de kimlik çıkmadığı öğrenildi.<br />
Cesetler, kimlik tespiti ve kesin ölüm nedenlerinin belirlenmesi amacıyla morga kaldırıldı.<br />
Polis ekipleri olayla ilgili soruşturma başlattı.</p>
<p>Kaynak : hurriyet.com.tr</p>
