{"id":52458,"date":"2026-08-22T00:20:35","date_gmt":"2026-08-21T21:20:35","guid":{"rendered":"https:\/\/adanaseshaber.com.tr\/habercim\/wp-content\/uploads\/2026\/08\/1-15-768x201-299.jpg"},"modified":"2026-08-22T00:23:19","modified_gmt":"2026-08-21T21:23:19","slug":"1-15-768x201-2890","status":"inherit","type":"attachment","link":"https:\/\/adanaseshaber.com.tr\/habercim\/foto-galeri\/13-yildir-turkiyede-yasayan-genc\/attachment\/1-15-768x201-2890\/","title":{"rendered":"13 y\u0131ld\u0131r T\u00fcrkiye&#8217;de ya\u015fayan gen\u00e7"},"author":2,"comment_status":"open","ping_status":"closed","template":"","meta":[],"description":{"rendered":"<p class=\"attachment\"><a href='https:\/\/adanaseshaber.com.tr\/habercim\/wp-content\/uploads\/2026\/08\/1-15-768x201-299.jpg'><img width=\"300\" height=\"79\" src=\"https:\/\/adanaseshaber.com.tr\/habercim\/wp-content\/uploads\/2026\/08\/1-15-768x201-299-300x79.jpg\" class=\"attachment-medium size-medium\" alt=\"\" loading=\"lazy\" srcset=\"https:\/\/adanaseshaber.com.tr\/habercim\/wp-content\/uploads\/2026\/08\/1-15-768x201-299-300x79.jpg 300w, https:\/\/adanaseshaber.com.tr\/habercim\/wp-content\/uploads\/2026\/08\/1-15-768x201-299.jpg 768w\" sizes=\"(max-width: 300px) 100vw, 300px\" \/><\/a><\/p>\n"},"caption":{"rendered":"<p>Suriyelilerin Hatay&#8217;\u0131n Reyhanl\u0131 il\u00e7esindeki Cilveg\u00f6z\u00fc G\u00fcmr\u00fck Kap\u0131s\u0131&#8217;ndan \u00fclkelerine d\u00f6n\u00fc\u015fleri bug\u00fcn de devam etti. Esad rejiminin devrildi\u011fini \u00f6\u011frenen ve y\u0131llar sonra \u00fclkelerine d\u00f6nen vatanda\u015flar, ailelerine kavu\u015fman\u0131n sevincini payla\u015ft\u0131. 13 y\u0131ld\u0131r T\u00fcrkiye&#8217;de ya\u015fayan Buseyne Rahal, &#8220;Herkes T\u00fcrkiye&#8217;ye te\u015fekk\u00fcr ediyor. \u00c7\u00fcnk\u00fc bizleri bug\u00fcne kadar en iyi \u015fekilde a\u011f\u0131rlad\u0131n\u0131z, misafir ettiniz. Sizleri a\u011f\u0131rlamay\u0131 \u00e7ok arzu ediyoruz. Te\u015fekk\u00fcrler T\u00fcrkiye&#8221; ifadelerini kulland\u0131.<br \/>\nSuriye&#8217;de Heyet Tahrir \u015eam (HT\u015e) liderli\u011findeki muhalif gruplar\u0131n sald\u0131r\u0131lar\u0131 sonras\u0131 Rejim lideri Be\u015far Esad&#8217;\u0131n devrildi\u011fini duyan insanlar Hatay&#8217;\u0131n Reyhanl\u0131 il\u00e7esinde bulunan Cilveg\u00f6z\u00fc S\u0131n\u0131r Kap\u0131s\u0131na ak\u0131n ettiler. Kap\u0131da yo\u011funluk ya\u015fan\u0131rken Suriyeliler y\u0131llar sonra memleketlerine d\u00f6nmenin mutlulu\u011funu ya\u015fad\u0131lar.<br \/>\n17 y\u0131l sonra \u00fclkesine ve evine kavu\u015facak olan Halid Re\u015fit, &#8220;\u00dclkeme d\u00f6nece\u011fim i\u00e7in \u00e7ok mutluyum. T\u00fcrkiye&#8217;ye te\u015fekk\u00fcr ediyorum. Biz memleketimize gidiyoruz. Evlerimiz her \u015feyimiz orada. Evimizi \u00f6zledim. Ben 7 ya\u015f\u0131ndan beri memleketime gitmedim ama \u015fimdi gidiyoruz. 17 y\u0131l sonra memleketime d\u00f6n\u00fcyorum. Akrabalar\u0131m\u0131 \u00f6zledim. T\u00fcrkiye Cumhurba\u015fkan\u0131na te\u015fekk\u00fcr ediyorum&#8221; dedi.<br \/>\n8 y\u0131l sonra \u00fclkesine ve ailesine kavu\u015fan Halit Dervi\u015f, &#8220;\u015eimdi biz \u00f6zg\u00fcr olduk ve demokratik bir \u00fclke olaca\u011f\u0131z. Esad&#8217;tan kurtulduk. T\u00fcrkiye Cumhurba\u015fkan\u0131 gibi bir ba\u015fkan bize gelirse daha g\u00fczel bir \u00fclke olaca\u011f\u0131z. Ailemin hepsi oradalar. 8 y\u0131l sonra \u00fclkeme d\u00f6n\u00fcyorum. Ailemi g\u00f6remedim ama \u015fimdi ailemi g\u00f6rece\u011fim&#8221; ifadelerini kulland\u0131.<br \/>\n13 y\u0131ld\u0131r T\u00fcrkiye&#8217;de ya\u015fayan Buseyne Rahal (40), rejimin devrilmesiyle b\u00fcy\u00fck mutluluk ya\u015fad\u0131\u011f\u0131n\u0131 s\u00f6yledi. Y\u0131llard\u0131r duydu\u011fu vatan hasretinin art\u0131k son buldu\u011funu kaydeden Rahal, &#8221; Suriye&#8217;ye, memleketime, vatan\u0131ma gidiyorum. \u0130n\u015fallah Suriye&#8217;yi yeniden imar ve ihya edece\u011fiz. Eskisinden daha iyi hale getirece\u011fiz. Vatan\u0131n\u0131, memleketini \u00f6zleyen herkes gidecek&#8221; dedi.<br \/>\nRahal, sadece T\u00fcrkiye&#8217;de ya\u015fayanlar\u0131n de\u011fil d\u00fcnyan\u0131n her yerinde ya\u015fayan Suriyelilerin T\u00fcrkiye ve T\u00fcrkleri \u00e7ok sevdi\u011fini vurgulayarak, &#8220;T\u00fcm Suriyeliler sizleri \u00e7ok seviyoruz. Herkes T\u00fcrkiye&#8217;ye te\u015fekk\u00fcr ediyor. \u00c7\u00fcnk\u00fc bizleri bug\u00fcne kadar en iyi \u015fekilde a\u011f\u0131rlad\u0131n\u0131z, misafir ettiniz. Ac\u0131s\u0131yla, tatl\u0131s\u0131yla, birlikte ya\u015fad\u0131k. \u0130n\u015fallah, en b\u00fcy\u00fck duam\u0131z h\u00fcr, \u00f6zg\u00fcr, refah, kurtar\u0131lm\u0131\u015f Suriye&#8217;ye en k\u0131sa s\u00fcrede gelmenizi istiyoruz. Sizleri Suriye&#8217;ye davet ediyor, misafirimiz olman\u0131z\u0131, sizleri a\u011f\u0131rlamay\u0131 \u00e7ok arzu ediyoruz. Te\u015fekk\u00fcrler T\u00fcrkiye&#8221; diye konu\u015ftu.<\/p>\n<p>Kaynak: \u0130hlas Haber Ajans\u0131<br \/>\nhaberler.com<\/p>\n"},"alt_text":"","media_type":"image","mime_type":"image\/jpeg","media_details":{"width":768,"height":201,"file":"2026\/08\/1-15-768x201-299.jpg","sizes":{"medium":{"file":"1-15-768x201-299-300x79.jpg","width":300,"height":79,"mime_type":"image\/jpeg","source_url":"https:\/\/adanaseshaber.com.tr\/habercim\/wp-content\/uploads\/2026\/08\/1-15-768x201-299-300x79.jpg"},"thumbnail":{"file":"1-15-768x201-299-150x150.jpg","width":150,"height":150,"mime_type":"image\/jpeg","source_url":"https:\/\/adanaseshaber.com.tr\/habercim\/wp-content\/uploads\/2026\/08\/1-15-768x201-299-150x150.jpg"},"kucukResim":{"file":"1-15-768x201-299-80x50.jpg","width":80,"height":50,"mime_type":"image\/jpeg","source_url":"https:\/\/adanaseshaber.com.tr\/habercim\/wp-content\/uploads\/2026\/08\/1-15-768x201-299-80x50.jpg"},"sliderResim":{"file":"1-15-768x201-299-670x201.jpg","width":670,"height":201,"mime_type":"image\/jpeg","source_url":"https:\/\/adanaseshaber.com.tr\/habercim\/wp-content\/uploads\/2026\/08\/1-15-768x201-299-670x201.jpg"},"resim1":{"file":"1-15-768x201-299-184x140.jpg","width":184,"height":140,"mime_type":"image\/jpeg","source_url":"https:\/\/adanaseshaber.com.tr\/habercim\/wp-content\/uploads\/2026\/08\/1-15-768x201-299-184x140.jpg"},"resim2":{"file":"1-15-768x201-299-216x103.jpg","width":216,"height":103,"mime_type":"image\/jpeg","source_url":"https:\/\/adanaseshaber.com.tr\/habercim\/wp-content\/uploads\/2026\/08\/1-15-768x201-299-216x103.jpg"},"resim3":{"file":"1-15-768x201-299-145x70.jpg","width":145,"height":70,"mime_type":"image\/jpeg","source_url":"https:\/\/adanaseshaber.com.tr\/habercim\/wp-content\/uploads\/2026\/08\/1-15-768x201-299-145x70.jpg"},"sagSlider":{"file":"1-15-768x201-299-300x150.jpg","width":300,"height":150,"mime_type":"image\/jpeg","source_url":"https:\/\/adanaseshaber.com.tr\/habercim\/wp-content\/uploads\/2026\/08\/1-15-768x201-299-300x150.jpg"},"yeniSlider":{"file":"1-15-768x201-299-500x201.jpg","width":500,"height":201,"mime_type":"image\/jpeg","source_url":"https:\/\/adanaseshaber.com.tr\/habercim\/wp-content\/uploads\/2026\/08\/1-15-768x201-299-500x201.jpg"},"full":{"file":"1-15-768x201-299.jpg","width":768,"height":201,"mime_type":"image\/jpeg","source_url":"https:\/\/adanaseshaber.com.tr\/habercim\/wp-content\/uploads\/2026\/08\/1-15-768x201-299.jpg"}},"image_meta":{"aperture":"0","credit":"","camera":"","caption":"","created_timestamp":"0","copyright":"","focal_length":"0","iso":"0","shutter_speed":"0","title":"","orientation":"0","keywords":[]}},"post":52456,"source_url":"https:\/\/adanaseshaber.com.tr\/habercim\/wp-content\/uploads\/2026\/08\/1-15-768x201-299.jpg","_links":{"self":[{"href":"https:\/\/adanaseshaber.com.tr\/habercim\/wp-json\/wp\/v2\/media\/52458"}],"collection":[{"href":"https:\/\/adanaseshaber.com.tr\/habercim\/wp-json\/wp\/v2\/media"}],"about":[{"href":"https:\/\/adanaseshaber.com.tr\/habercim\/wp-json\/wp\/v2\/types\/attachment"}],"author":[{"embeddable":true,"href":"https:\/\/adanaseshaber.com.tr\/habercim\/wp-json\/wp\/v2\/users\/2"}],"replies":[{"embeddable":true,"href":"https:\/\/adanaseshaber.com.tr\/habercim\/wp-json\/wp\/v2\/comments?post=52458"}]}}

13 yıldır Türkiye&#8217;de yaşayan genç

<p>Suriyelilerin Hatay&#8217;ın Reyhanlı ilçesindeki Cilvegözü Gümrük Kapısı&#8217;ndan ülkelerine dönüşleri bugün de devam etti. Esad rejiminin devrildiğini öğrenen ve yıllar sonra ülkelerine dönen vatandaşlar, ailelerine kavuşmanın sevincini paylaştı. 13 yıldır Türkiye&#8217;de yaşayan Buseyne Rahal, &#8220;Herkes Türkiye&#8217;ye teşekkür ediyor. Çünkü bizleri bugüne kadar en iyi şekilde ağırladınız, misafir ettiniz. Sizleri ağırlamayı çok arzu ediyoruz. Teşekkürler Türkiye&#8221; ifadelerini kullandı.<br />
Suriye&#8217;de Heyet Tahrir Şam (HTŞ) liderliğindeki muhalif grupların saldırıları sonrası Rejim lideri Beşar Esad&#8217;ın devrildiğini duyan insanlar Hatay&#8217;ın Reyhanlı ilçesinde bulunan Cilvegözü Sınır Kapısına akın ettiler. Kapıda yoğunluk yaşanırken Suriyeliler yıllar sonra memleketlerine dönmenin mutluluğunu yaşadılar.<br />
17 yıl sonra ülkesine ve evine kavuşacak olan Halid Reşit, &#8220;Ülkeme döneceğim için çok mutluyum. Türkiye&#8217;ye teşekkür ediyorum. Biz memleketimize gidiyoruz. Evlerimiz her şeyimiz orada. Evimizi özledim. Ben 7 yaşından beri memleketime gitmedim ama şimdi gidiyoruz. 17 yıl sonra memleketime dönüyorum. Akrabalarımı özledim. Türkiye Cumhurbaşkanına teşekkür ediyorum&#8221; dedi.<br />
8 yıl sonra ülkesine ve ailesine kavuşan Halit Derviş, &#8220;Şimdi biz özgür olduk ve demokratik bir ülke olacağız. Esad&#8217;tan kurtulduk. Türkiye Cumhurbaşkanı gibi bir başkan bize gelirse daha güzel bir ülke olacağız. Ailemin hepsi oradalar. 8 yıl sonra ülkeme dönüyorum. Ailemi göremedim ama şimdi ailemi göreceğim&#8221; ifadelerini kullandı.<br />
13 yıldır Türkiye&#8217;de yaşayan Buseyne Rahal (40), rejimin devrilmesiyle büyük mutluluk yaşadığını söyledi. Yıllardır duyduğu vatan hasretinin artık son bulduğunu kaydeden Rahal, &#8221; Suriye&#8217;ye, memleketime, vatanıma gidiyorum. İnşallah Suriye&#8217;yi yeniden imar ve ihya edeceğiz. Eskisinden daha iyi hale getireceğiz. Vatanını, memleketini özleyen herkes gidecek&#8221; dedi.<br />
Rahal, sadece Türkiye&#8217;de yaşayanların değil dünyanın her yerinde yaşayan Suriyelilerin Türkiye ve Türkleri çok sevdiğini vurgulayarak, &#8220;Tüm Suriyeliler sizleri çok seviyoruz. Herkes Türkiye&#8217;ye teşekkür ediyor. Çünkü bizleri bugüne kadar en iyi şekilde ağırladınız, misafir ettiniz. Acısıyla, tatlısıyla, birlikte yaşadık. İnşallah, en büyük duamız hür, özgür, refah, kurtarılmış Suriye&#8217;ye en kısa sürede gelmenizi istiyoruz. Sizleri Suriye&#8217;ye davet ediyor, misafirimiz olmanızı, sizleri ağırlamayı çok arzu ediyoruz. Teşekkürler Türkiye&#8221; diye konuştu.</p>
<p>Kaynak: İhlas Haber Ajansı<br />
haberler.com</p>
