{"id":52512,"date":"2026-08-23T19:26:31","date_gmt":"2026-08-23T16:26:31","guid":{"rendered":"https:\/\/adanaseshaber.com.tr\/habercim\/wp-content\/uploads\/2026\/08\/images-5-2.jpg"},"modified":"2026-08-23T19:27:41","modified_gmt":"2026-08-23T16:27:41","slug":"images-5-33","status":"inherit","type":"attachment","link":"https:\/\/adanaseshaber.com.tr\/habercim\/foto-galeri\/tskda-tarihe-gecen\/attachment\/images-5-33\/","title":{"rendered":"TSK\u2019da tarihe ge\u00e7en"},"author":2,"comment_status":"open","ping_status":"closed","template":"","meta":[],"description":{"rendered":"<p class=\"attachment\"><a href='https:\/\/adanaseshaber.com.tr\/habercim\/wp-content\/uploads\/2026\/08\/images-5-2.jpg'><img width=\"300\" height=\"168\" src=\"https:\/\/adanaseshaber.com.tr\/habercim\/wp-content\/uploads\/2026\/08\/images-5-2-300x168.jpg\" class=\"attachment-medium size-medium\" alt=\"\" loading=\"lazy\" srcset=\"https:\/\/adanaseshaber.com.tr\/habercim\/wp-content\/uploads\/2026\/08\/images-5-2-300x168.jpg 300w, https:\/\/adanaseshaber.com.tr\/habercim\/wp-content\/uploads\/2026\/08\/images-5-2.jpg 738w\" sizes=\"(max-width: 300px) 100vw, 300px\" \/><\/a><\/p>\n"},"caption":{"rendered":"<p>T\u00fcrk Hava Kuvvetleri\u2019nde Albay \u00d6zlem Karap\u0131nar, Y\u00fcksek Askeri \u015eura (YA\u015e) karar\u0131yla tu\u011fgeneral r\u00fctbesine y\u00fckseldi. Bu terfiyle beraber \u00d6zlem Karap\u0131nar, T\u00fcrk Hava Kuvvetleri\u2019nin ilk kad\u0131n generali (pa\u015fas\u0131) unvan\u0131n\u0131 elde etti.<\/p>\n<p>E\u015finin kim oldu\u011fuysa..<\/p>\n<p>devam\u0131 sonraki sayfada\u2026 g\u00f6rsel \u00fczerinden do2\u2019kununuz ge\u00e7ebilirsiniz\u2026.<\/p>\n"},"alt_text":"","media_type":"image","mime_type":"image\/jpeg","media_details":{"width":738,"height":414,"file":"2026\/08\/images-5-2.jpg","sizes":{"medium":{"file":"images-5-2-300x168.jpg","width":300,"height":168,"mime_type":"image\/jpeg","source_url":"https:\/\/adanaseshaber.com.tr\/habercim\/wp-content\/uploads\/2026\/08\/images-5-2-300x168.jpg"},"thumbnail":{"file":"images-5-2-150x150.jpg","width":150,"height":150,"mime_type":"image\/jpeg","source_url":"https:\/\/adanaseshaber.com.tr\/habercim\/wp-content\/uploads\/2026\/08\/images-5-2-150x150.jpg"},"kucukResim":{"file":"images-5-2-80x50.jpg","width":80,"height":50,"mime_type":"image\/jpeg","source_url":"https:\/\/adanaseshaber.com.tr\/habercim\/wp-content\/uploads\/2026\/08\/images-5-2-80x50.jpg"},"sliderResim":{"file":"images-5-2-670x330.jpg","width":670,"height":330,"mime_type":"image\/jpeg","source_url":"https:\/\/adanaseshaber.com.tr\/habercim\/wp-content\/uploads\/2026\/08\/images-5-2-670x330.jpg"},"resim1":{"file":"images-5-2-184x140.jpg","width":184,"height":140,"mime_type":"image\/jpeg","source_url":"https:\/\/adanaseshaber.com.tr\/habercim\/wp-content\/uploads\/2026\/08\/images-5-2-184x140.jpg"},"resim2":{"file":"images-5-2-216x103.jpg","width":216,"height":103,"mime_type":"image\/jpeg","source_url":"https:\/\/adanaseshaber.com.tr\/habercim\/wp-content\/uploads\/2026\/08\/images-5-2-216x103.jpg"},"resim3":{"file":"images-5-2-145x70.jpg","width":145,"height":70,"mime_type":"image\/jpeg","source_url":"https:\/\/adanaseshaber.com.tr\/habercim\/wp-content\/uploads\/2026\/08\/images-5-2-145x70.jpg"},"sagSlider":{"file":"images-5-2-300x150.jpg","width":300,"height":150,"mime_type":"image\/jpeg","source_url":"https:\/\/adanaseshaber.com.tr\/habercim\/wp-content\/uploads\/2026\/08\/images-5-2-300x150.jpg"},"yeniSlider":{"file":"images-5-2-500x290.jpg","width":500,"height":290,"mime_type":"image\/jpeg","source_url":"https:\/\/adanaseshaber.com.tr\/habercim\/wp-content\/uploads\/2026\/08\/images-5-2-500x290.jpg"},"full":{"file":"images-5-2.jpg","width":738,"height":414,"mime_type":"image\/jpeg","source_url":"https:\/\/adanaseshaber.com.tr\/habercim\/wp-content\/uploads\/2026\/08\/images-5-2.jpg"}},"image_meta":{"aperture":"0","credit":"","camera":"","caption":"","created_timestamp":"0","copyright":"","focal_length":"0","iso":"0","shutter_speed":"0","title":"","orientation":"0","keywords":[]}},"post":52511,"source_url":"https:\/\/adanaseshaber.com.tr\/habercim\/wp-content\/uploads\/2026\/08\/images-5-2.jpg","_links":{"self":[{"href":"https:\/\/adanaseshaber.com.tr\/habercim\/wp-json\/wp\/v2\/media\/52512"}],"collection":[{"href":"https:\/\/adanaseshaber.com.tr\/habercim\/wp-json\/wp\/v2\/media"}],"about":[{"href":"https:\/\/adanaseshaber.com.tr\/habercim\/wp-json\/wp\/v2\/types\/attachment"}],"author":[{"embeddable":true,"href":"https:\/\/adanaseshaber.com.tr\/habercim\/wp-json\/wp\/v2\/users\/2"}],"replies":[{"embeddable":true,"href":"https:\/\/adanaseshaber.com.tr\/habercim\/wp-json\/wp\/v2\/comments?post=52512"}]}}

TSK’da tarihe geçen

<p>Türk Hava Kuvvetleri’nde Albay Özlem Karapınar, Yüksek Askeri Şura (YAŞ) kararıyla tuğgeneral rütbesine yükseldi. Bu terfiyle beraber Özlem Karapınar, Türk Hava Kuvvetleri’nin ilk kadın generali (paşası) unvanını elde etti.</p>
<p>Eşinin kim olduğuysa..</p>
<p>devamı sonraki sayfada… görsel üzerinden do2’kununuz geçebilirsiniz….</p>
