{"id":52513,"date":"2026-08-23T19:26:36","date_gmt":"2026-08-23T16:26:36","guid":{"rendered":"https:\/\/adanaseshaber.com.tr\/habercim\/wp-content\/uploads\/2026\/08\/1-15-768x201-321.jpg"},"modified":"2026-08-23T19:28:05","modified_gmt":"2026-08-23T16:28:05","slug":"1-15-768x201-2912","status":"inherit","type":"attachment","link":"https:\/\/adanaseshaber.com.tr\/habercim\/foto-galeri\/tskda-tarihe-gecen\/attachment\/1-15-768x201-2912\/","title":{"rendered":"TSK\u2019da tarihe ge\u00e7en"},"author":2,"comment_status":"open","ping_status":"closed","template":"","meta":[],"description":{"rendered":"<p class=\"attachment\"><a href='https:\/\/adanaseshaber.com.tr\/habercim\/wp-content\/uploads\/2026\/08\/1-15-768x201-321.jpg'><img width=\"300\" height=\"79\" src=\"https:\/\/adanaseshaber.com.tr\/habercim\/wp-content\/uploads\/2026\/08\/1-15-768x201-321-300x79.jpg\" class=\"attachment-medium size-medium\" alt=\"\" loading=\"lazy\" srcset=\"https:\/\/adanaseshaber.com.tr\/habercim\/wp-content\/uploads\/2026\/08\/1-15-768x201-321-300x79.jpg 300w, https:\/\/adanaseshaber.com.tr\/habercim\/wp-content\/uploads\/2026\/08\/1-15-768x201-321.jpg 768w\" sizes=\"(max-width: 300px) 100vw, 300px\" \/><\/a><\/p>\n"},"caption":{"rendered":"<p>HAVACILARIN \u0130LK KADIN PA\u015eASI<br \/>\nAl\u0131nan kararlarda dikkat \u00e7eken bir terfi ya\u015fand\u0131. Albay \u00d6zlem Karap\u0131nar, Tu\u011fgeneral r\u00fctbesine terfi etti.<br \/>\nKarap\u0131nar, bu terfiyle 30 A\u011fustos tarihi itibar\u0131yla T\u00fcrk Hava Kuvvetleri\u2019nin ilk kad\u0131n generali (pa\u015fas\u0131) olma unvan\u0131n\u0131 kazand\u0131.<br \/>\nKARA KUVVETLER\u0130NE B\u0130R KADIN KOMUTAN DAHA<br \/>\nAyr\u0131ca Kara Kuvvetleri Komutanl\u0131\u011f\u0131\u2019nda Albay Arma\u011fan \u00d6zel de Tu\u011fgeneral r\u00fctbesine terfi ettirilerek kad\u0131n generaller aras\u0131nda yerini ald\u0131. HAVA KUVVETLER\u0130 KOMUTANLI\u011eI\u2019NDA N\u00d6BET DE\u011e\u0130\u015e\u0130M\u0130<br \/>\nBuna g\u00f6re; Hava Kuvvetleri Komutan\u0131 Orgeneral Ziya Cemal Kad\u0131o\u011flu, kadrosuzluk gerek\u00e7esiyle emeklili\u011fe sevk edildi. Hava Kuvvetleri Komutanl\u0131\u011f\u0131\u2019na Muharip Hava Kuvveti Komutan\u0131 Orgeneral Rafet Dalk\u0131ran atand\u0131.<\/p>\n<p>DEN\u0130Z KUVVETLER\u0130\u2019NDE DE\u011e\u0130\u015e\u0130M YOK<br \/>\nYA\u015e kararlar\u0131na g\u00f6re Deniz Kuvvetleri Komutanl\u0131\u011f\u0131\u2019nda bir de\u011fi\u015fim ya\u015fanmad\u0131. Oramiral Erc\u00fcment Tatl\u0131o\u011flu\u2019nun g\u00f6rev s\u00fcresinin bir y\u0131l uzat\u0131lmas\u0131na karar verildi.<\/p>\n<p>530 ALBAYIN G\u00d6REV S\u00dcRES\u0130 UZATILDI<br \/>\n24 generalin g\u00f6rev s\u00fcreleri bir y\u0131l, 530 albay\u0131n g\u00f6rev s\u00fcreleri ise iki y\u0131l s\u00fcre ile uzat\u0131ld\u0131.<\/p>\n<p>\u0130ki generalin ya\u015f haddi nedeniyle 1 Eyl\u00fcl\u2019den itibaren, 61 general ve amiralin ise kadrosuzluk nedeniyle 30 A\u011fustos\u2019tan itibaren emeklili\u011fe sevk edilmesi kararla\u015ft\u0131r\u0131ld\u0131.<\/p>\n<p>Kaynak : haber7.com<\/p>\n"},"alt_text":"","media_type":"image","mime_type":"image\/jpeg","media_details":{"width":768,"height":201,"file":"2026\/08\/1-15-768x201-321.jpg","sizes":{"medium":{"file":"1-15-768x201-321-300x79.jpg","width":300,"height":79,"mime_type":"image\/jpeg","source_url":"https:\/\/adanaseshaber.com.tr\/habercim\/wp-content\/uploads\/2026\/08\/1-15-768x201-321-300x79.jpg"},"thumbnail":{"file":"1-15-768x201-321-150x150.jpg","width":150,"height":150,"mime_type":"image\/jpeg","source_url":"https:\/\/adanaseshaber.com.tr\/habercim\/wp-content\/uploads\/2026\/08\/1-15-768x201-321-150x150.jpg"},"kucukResim":{"file":"1-15-768x201-321-80x50.jpg","width":80,"height":50,"mime_type":"image\/jpeg","source_url":"https:\/\/adanaseshaber.com.tr\/habercim\/wp-content\/uploads\/2026\/08\/1-15-768x201-321-80x50.jpg"},"sliderResim":{"file":"1-15-768x201-321-670x201.jpg","width":670,"height":201,"mime_type":"image\/jpeg","source_url":"https:\/\/adanaseshaber.com.tr\/habercim\/wp-content\/uploads\/2026\/08\/1-15-768x201-321-670x201.jpg"},"resim1":{"file":"1-15-768x201-321-184x140.jpg","width":184,"height":140,"mime_type":"image\/jpeg","source_url":"https:\/\/adanaseshaber.com.tr\/habercim\/wp-content\/uploads\/2026\/08\/1-15-768x201-321-184x140.jpg"},"resim2":{"file":"1-15-768x201-321-216x103.jpg","width":216,"height":103,"mime_type":"image\/jpeg","source_url":"https:\/\/adanaseshaber.com.tr\/habercim\/wp-content\/uploads\/2026\/08\/1-15-768x201-321-216x103.jpg"},"resim3":{"file":"1-15-768x201-321-145x70.jpg","width":145,"height":70,"mime_type":"image\/jpeg","source_url":"https:\/\/adanaseshaber.com.tr\/habercim\/wp-content\/uploads\/2026\/08\/1-15-768x201-321-145x70.jpg"},"sagSlider":{"file":"1-15-768x201-321-300x150.jpg","width":300,"height":150,"mime_type":"image\/jpeg","source_url":"https:\/\/adanaseshaber.com.tr\/habercim\/wp-content\/uploads\/2026\/08\/1-15-768x201-321-300x150.jpg"},"yeniSlider":{"file":"1-15-768x201-321-500x201.jpg","width":500,"height":201,"mime_type":"image\/jpeg","source_url":"https:\/\/adanaseshaber.com.tr\/habercim\/wp-content\/uploads\/2026\/08\/1-15-768x201-321-500x201.jpg"},"full":{"file":"1-15-768x201-321.jpg","width":768,"height":201,"mime_type":"image\/jpeg","source_url":"https:\/\/adanaseshaber.com.tr\/habercim\/wp-content\/uploads\/2026\/08\/1-15-768x201-321.jpg"}},"image_meta":{"aperture":"0","credit":"","camera":"","caption":"","created_timestamp":"0","copyright":"","focal_length":"0","iso":"0","shutter_speed":"0","title":"","orientation":"0","keywords":[]}},"post":52511,"source_url":"https:\/\/adanaseshaber.com.tr\/habercim\/wp-content\/uploads\/2026\/08\/1-15-768x201-321.jpg","_links":{"self":[{"href":"https:\/\/adanaseshaber.com.tr\/habercim\/wp-json\/wp\/v2\/media\/52513"}],"collection":[{"href":"https:\/\/adanaseshaber.com.tr\/habercim\/wp-json\/wp\/v2\/media"}],"about":[{"href":"https:\/\/adanaseshaber.com.tr\/habercim\/wp-json\/wp\/v2\/types\/attachment"}],"author":[{"embeddable":true,"href":"https:\/\/adanaseshaber.com.tr\/habercim\/wp-json\/wp\/v2\/users\/2"}],"replies":[{"embeddable":true,"href":"https:\/\/adanaseshaber.com.tr\/habercim\/wp-json\/wp\/v2\/comments?post=52513"}]}}

TSK’da tarihe geçen

<p>HAVACILARIN İLK KADIN PAŞASI<br />
Alınan kararlarda dikkat çeken bir terfi yaşandı. Albay Özlem Karapınar, Tuğgeneral rütbesine terfi etti.<br />
Karapınar, bu terfiyle 30 Ağustos tarihi itibarıyla Türk Hava Kuvvetleri’nin ilk kadın generali (paşası) olma unvanını kazandı.<br />
KARA KUVVETLERİNE BİR KADIN KOMUTAN DAHA<br />
Ayrıca Kara Kuvvetleri Komutanlığı’nda Albay Armağan Özel de Tuğgeneral rütbesine terfi ettirilerek kadın generaller arasında yerini aldı. HAVA KUVVETLERİ KOMUTANLIĞI’NDA NÖBET DEĞİŞİMİ<br />
Buna göre; Hava Kuvvetleri Komutanı Orgeneral Ziya Cemal Kadıoğlu, kadrosuzluk gerekçesiyle emekliliğe sevk edildi. Hava Kuvvetleri Komutanlığı’na Muharip Hava Kuvveti Komutanı Orgeneral Rafet Dalkıran atandı.</p>
<p>DENİZ KUVVETLERİ’NDE DEĞİŞİM YOK<br />
YAŞ kararlarına göre Deniz Kuvvetleri Komutanlığı’nda bir değişim yaşanmadı. Oramiral Ercüment Tatlıoğlu’nun görev süresinin bir yıl uzatılmasına karar verildi.</p>
<p>530 ALBAYIN GÖREV SÜRESİ UZATILDI<br />
24 generalin görev süreleri bir yıl, 530 albayın görev süreleri ise iki yıl süre ile uzatıldı.</p>
<p>İki generalin yaş haddi nedeniyle 1 Eylül’den itibaren, 61 general ve amiralin ise kadrosuzluk nedeniyle 30 Ağustos’tan itibaren emekliliğe sevk edilmesi kararlaştırıldı.</p>
<p>Kaynak : haber7.com</p>
