{"id":52537,"date":"2026-08-24T01:07:57","date_gmt":"2026-08-23T22:07:57","guid":{"rendered":"https:\/\/adanaseshaber.com.tr\/habercim\/wp-content\/uploads\/2026\/08\/images-7-1-1-1.jpg"},"modified":"2026-08-24T01:08:13","modified_gmt":"2026-08-23T22:08:13","slug":"images-7-1-1-2","status":"inherit","type":"attachment","link":"https:\/\/adanaseshaber.com.tr\/habercim\/genel\/milletvekilinin-evinin-icinde\/attachment\/images-7-1-1-2\/","title":{"rendered":"Milletvekilinin Evinin \u0130\u00e7inde"},"author":2,"comment_status":"open","ping_status":"closed","template":"","meta":[],"description":{"rendered":"<p class=\"attachment\"><a href='https:\/\/adanaseshaber.com.tr\/habercim\/wp-content\/uploads\/2026\/08\/images-7-1-1-1.jpg'><img width=\"300\" height=\"168\" src=\"https:\/\/adanaseshaber.com.tr\/habercim\/wp-content\/uploads\/2026\/08\/images-7-1-1-1-300x168.jpg\" class=\"attachment-medium size-medium\" alt=\"\" loading=\"lazy\" srcset=\"https:\/\/adanaseshaber.com.tr\/habercim\/wp-content\/uploads\/2026\/08\/images-7-1-1-1-300x168.jpg 300w, https:\/\/adanaseshaber.com.tr\/habercim\/wp-content\/uploads\/2026\/08\/images-7-1-1-1.jpg 738w\" sizes=\"(max-width: 300px) 100vw, 300px\" \/><\/a><\/p>\n"},"caption":{"rendered":"<p>Vatanda\u015flar resmen aya\u011fa kalkt\u0131 bu geli\u015fme sonras\u0131. Milletvekilinin alt\u0131ndan i\u00e7 \u00e7ama\u015far\u0131 ortaya \u00e7\u0131kar\u0131ld\u0131.. Yolsuzluk soru\u015fturmas\u0131nda evinde y\u00fckl\u00fc miktarda para ve alt\u0131n \u00e7\u0131kar\u0131ld\u0131\u011f\u0131 \u00f6ne s\u00fcr\u00fcld\u00fc. Ayr\u0131nt\u0131lar haberimizde..<\/p>\n<p>devam\u0131 sonraki sayfada\u2026 g\u00f6rsel \u00fczerinden do2\u2019kununuz ge\u00e7ebilirsiniz\u2026<\/p>\n"},"alt_text":"","media_type":"image","mime_type":"image\/jpeg","media_details":{"width":738,"height":414,"file":"2026\/08\/images-7-1-1-1.jpg","sizes":{"medium":{"file":"images-7-1-1-1-300x168.jpg","width":300,"height":168,"mime_type":"image\/jpeg","source_url":"https:\/\/adanaseshaber.com.tr\/habercim\/wp-content\/uploads\/2026\/08\/images-7-1-1-1-300x168.jpg"},"thumbnail":{"file":"images-7-1-1-1-150x150.jpg","width":150,"height":150,"mime_type":"image\/jpeg","source_url":"https:\/\/adanaseshaber.com.tr\/habercim\/wp-content\/uploads\/2026\/08\/images-7-1-1-1-150x150.jpg"},"kucukResim":{"file":"images-7-1-1-1-80x50.jpg","width":80,"height":50,"mime_type":"image\/jpeg","source_url":"https:\/\/adanaseshaber.com.tr\/habercim\/wp-content\/uploads\/2026\/08\/images-7-1-1-1-80x50.jpg"},"sliderResim":{"file":"images-7-1-1-1-670x330.jpg","width":670,"height":330,"mime_type":"image\/jpeg","source_url":"https:\/\/adanaseshaber.com.tr\/habercim\/wp-content\/uploads\/2026\/08\/images-7-1-1-1-670x330.jpg"},"resim1":{"file":"images-7-1-1-1-184x140.jpg","width":184,"height":140,"mime_type":"image\/jpeg","source_url":"https:\/\/adanaseshaber.com.tr\/habercim\/wp-content\/uploads\/2026\/08\/images-7-1-1-1-184x140.jpg"},"resim2":{"file":"images-7-1-1-1-216x103.jpg","width":216,"height":103,"mime_type":"image\/jpeg","source_url":"https:\/\/adanaseshaber.com.tr\/habercim\/wp-content\/uploads\/2026\/08\/images-7-1-1-1-216x103.jpg"},"resim3":{"file":"images-7-1-1-1-145x70.jpg","width":145,"height":70,"mime_type":"image\/jpeg","source_url":"https:\/\/adanaseshaber.com.tr\/habercim\/wp-content\/uploads\/2026\/08\/images-7-1-1-1-145x70.jpg"},"sagSlider":{"file":"images-7-1-1-1-300x150.jpg","width":300,"height":150,"mime_type":"image\/jpeg","source_url":"https:\/\/adanaseshaber.com.tr\/habercim\/wp-content\/uploads\/2026\/08\/images-7-1-1-1-300x150.jpg"},"yeniSlider":{"file":"images-7-1-1-1-500x290.jpg","width":500,"height":290,"mime_type":"image\/jpeg","source_url":"https:\/\/adanaseshaber.com.tr\/habercim\/wp-content\/uploads\/2026\/08\/images-7-1-1-1-500x290.jpg"},"full":{"file":"images-7-1-1-1.jpg","width":738,"height":414,"mime_type":"image\/jpeg","source_url":"https:\/\/adanaseshaber.com.tr\/habercim\/wp-content\/uploads\/2026\/08\/images-7-1-1-1.jpg"}},"image_meta":{"aperture":"0","credit":"","camera":"","caption":"","created_timestamp":"0","copyright":"","focal_length":"0","iso":"0","shutter_speed":"0","title":"","orientation":"0","keywords":[]}},"post":52536,"source_url":"https:\/\/adanaseshaber.com.tr\/habercim\/wp-content\/uploads\/2026\/08\/images-7-1-1-1.jpg","_links":{"self":[{"href":"https:\/\/adanaseshaber.com.tr\/habercim\/wp-json\/wp\/v2\/media\/52537"}],"collection":[{"href":"https:\/\/adanaseshaber.com.tr\/habercim\/wp-json\/wp\/v2\/media"}],"about":[{"href":"https:\/\/adanaseshaber.com.tr\/habercim\/wp-json\/wp\/v2\/types\/attachment"}],"author":[{"embeddable":true,"href":"https:\/\/adanaseshaber.com.tr\/habercim\/wp-json\/wp\/v2\/users\/2"}],"replies":[{"embeddable":true,"href":"https:\/\/adanaseshaber.com.tr\/habercim\/wp-json\/wp\/v2\/comments?post=52537"}]}}

Milletvekilinin Evinin İçinde

<p>Vatandaşlar resmen ayağa kalktı bu gelişme sonrası. Milletvekilinin altından iç çamaşarı ortaya çıkarıldı.. Yolsuzluk soruşturmasında evinde yüklü miktarda para ve altın çıkarıldığı öne sürüldü. Ayrıntılar haberimizde..</p>
<p>devamı sonraki sayfada… görsel üzerinden do2’kununuz geçebilirsiniz…</p>
