{"id":52562,"date":"2026-08-24T01:23:08","date_gmt":"2026-08-23T22:23:08","guid":{"rendered":"https:\/\/adanaseshaber.com.tr\/habercim\/wp-content\/uploads\/2026\/08\/Reis-6.webp"},"modified":"2026-08-24T01:24:25","modified_gmt":"2026-08-23T22:24:25","slug":"reis-8","status":"inherit","type":"attachment","link":"https:\/\/adanaseshaber.com.tr\/habercim\/genel\/unlu-astrolog-nuray-sayari\/attachment\/reis-8\/","title":{"rendered":"\u00dcnl\u00fc astrolog Nuray Sayar\u0131"},"author":2,"comment_status":"open","ping_status":"closed","template":"","meta":[],"description":{"rendered":"<p class=\"attachment\"><a href='https:\/\/adanaseshaber.com.tr\/habercim\/wp-content\/uploads\/2026\/08\/Reis-6.webp'><img width=\"300\" height=\"200\" src=\"https:\/\/adanaseshaber.com.tr\/habercim\/wp-content\/uploads\/2026\/08\/Reis-6-300x200.webp\" class=\"attachment-medium size-medium\" alt=\"\" loading=\"lazy\" srcset=\"https:\/\/adanaseshaber.com.tr\/habercim\/wp-content\/uploads\/2026\/08\/Reis-6-300x200.webp 300w, https:\/\/adanaseshaber.com.tr\/habercim\/wp-content\/uploads\/2026\/08\/Reis-6.webp 640w\" sizes=\"(max-width: 300px) 100vw, 300px\" \/><\/a><\/p>\n"},"caption":{"rendered":"<p>\u00dcnl\u00fc astrolog Nuray Sayar\u0131: \u201dBu tarihte T\u00fcrkiye\u2019nin istikbali de\u011fi\u015fecek\u201d<br \/>\nBur\u00e7 yorumlar\u0131 ve tahminleriyle dikkat \u00e7eken \u00fcnl\u00fc astrolog ve yazar Nuray Sayar\u0131 \u201cT\u00fcrkiye\u2019nin istikbali de\u011fi\u015fecek\u201d diyerek dikkat \u00e7eken bir tahminde bulundu.<\/p>\n<p>devam\u0131 sonraki sayfada\u2026 g\u00f6rsel \u00fczerinden do2\u2019kununuz ge\u00e7ebilirsiniz\u2026.<\/p>\n"},"alt_text":"","media_type":"image","mime_type":"image\/webp","media_details":{"width":640,"height":426,"file":"2026\/08\/Reis-6.webp","sizes":{"medium":{"file":"Reis-6-300x200.webp","width":300,"height":200,"mime_type":"image\/webp","source_url":"https:\/\/adanaseshaber.com.tr\/habercim\/wp-content\/uploads\/2026\/08\/Reis-6-300x200.webp"},"thumbnail":{"file":"Reis-6-150x150.webp","width":150,"height":150,"mime_type":"image\/webp","source_url":"https:\/\/adanaseshaber.com.tr\/habercim\/wp-content\/uploads\/2026\/08\/Reis-6-150x150.webp"},"kucukResim":{"file":"Reis-6-80x50.webp","width":80,"height":50,"mime_type":"image\/webp","source_url":"https:\/\/adanaseshaber.com.tr\/habercim\/wp-content\/uploads\/2026\/08\/Reis-6-80x50.webp"},"sliderResim":{"file":"Reis-6-640x330.webp","width":640,"height":330,"mime_type":"image\/webp","source_url":"https:\/\/adanaseshaber.com.tr\/habercim\/wp-content\/uploads\/2026\/08\/Reis-6-640x330.webp"},"resim1":{"file":"Reis-6-184x140.webp","width":184,"height":140,"mime_type":"image\/webp","source_url":"https:\/\/adanaseshaber.com.tr\/habercim\/wp-content\/uploads\/2026\/08\/Reis-6-184x140.webp"},"resim2":{"file":"Reis-6-216x103.webp","width":216,"height":103,"mime_type":"image\/webp","source_url":"https:\/\/adanaseshaber.com.tr\/habercim\/wp-content\/uploads\/2026\/08\/Reis-6-216x103.webp"},"resim3":{"file":"Reis-6-145x70.webp","width":145,"height":70,"mime_type":"image\/webp","source_url":"https:\/\/adanaseshaber.com.tr\/habercim\/wp-content\/uploads\/2026\/08\/Reis-6-145x70.webp"},"sagSlider":{"file":"Reis-6-300x150.webp","width":300,"height":150,"mime_type":"image\/webp","source_url":"https:\/\/adanaseshaber.com.tr\/habercim\/wp-content\/uploads\/2026\/08\/Reis-6-300x150.webp"},"yeniSlider":{"file":"Reis-6-500x290.webp","width":500,"height":290,"mime_type":"image\/webp","source_url":"https:\/\/adanaseshaber.com.tr\/habercim\/wp-content\/uploads\/2026\/08\/Reis-6-500x290.webp"},"full":{"file":"Reis-6.webp","width":640,"height":426,"mime_type":"image\/webp","source_url":"https:\/\/adanaseshaber.com.tr\/habercim\/wp-content\/uploads\/2026\/08\/Reis-6.webp"}},"image_meta":{"aperture":"0","credit":"","camera":"","caption":"","created_timestamp":"0","copyright":"","focal_length":"0","iso":"0","shutter_speed":"0","title":"","orientation":"0","keywords":[]}},"post":52561,"source_url":"https:\/\/adanaseshaber.com.tr\/habercim\/wp-content\/uploads\/2026\/08\/Reis-6.webp","_links":{"self":[{"href":"https:\/\/adanaseshaber.com.tr\/habercim\/wp-json\/wp\/v2\/media\/52562"}],"collection":[{"href":"https:\/\/adanaseshaber.com.tr\/habercim\/wp-json\/wp\/v2\/media"}],"about":[{"href":"https:\/\/adanaseshaber.com.tr\/habercim\/wp-json\/wp\/v2\/types\/attachment"}],"author":[{"embeddable":true,"href":"https:\/\/adanaseshaber.com.tr\/habercim\/wp-json\/wp\/v2\/users\/2"}],"replies":[{"embeddable":true,"href":"https:\/\/adanaseshaber.com.tr\/habercim\/wp-json\/wp\/v2\/comments?post=52562"}]}}

Ünlü astrolog Nuray Sayarı

<p>Ünlü astrolog Nuray Sayarı: ”Bu tarihte Türkiye’nin istikbali değişecek”<br />
Burç yorumları ve tahminleriyle dikkat çeken ünlü astrolog ve yazar Nuray Sayarı “Türkiye’nin istikbali değişecek” diyerek dikkat çeken bir tahminde bulundu.</p>
<p>devamı sonraki sayfada… görsel üzerinden do2’kununuz geçebilirsiniz….</p>
