{"id":52568,"date":"2026-08-24T20:38:30","date_gmt":"2026-08-24T17:38:30","guid":{"rendered":"https:\/\/adanaseshaber.com.tr\/habercim\/wp-content\/uploads\/2026\/08\/1-15-768x201-343.jpg"},"modified":"2026-08-24T20:42:27","modified_gmt":"2026-08-24T17:42:27","slug":"1-15-768x201-2934","status":"inherit","type":"attachment","link":"https:\/\/adanaseshaber.com.tr\/habercim\/foto-galeri\/son-dakika\/attachment\/1-15-768x201-2934\/","title":{"rendered":"Son Dakika"},"author":2,"comment_status":"open","ping_status":"closed","template":"","meta":[],"description":{"rendered":"<p class=\"attachment\"><a href='https:\/\/adanaseshaber.com.tr\/habercim\/wp-content\/uploads\/2026\/08\/1-15-768x201-343.jpg'><img width=\"300\" height=\"79\" src=\"https:\/\/adanaseshaber.com.tr\/habercim\/wp-content\/uploads\/2026\/08\/1-15-768x201-343-300x79.jpg\" class=\"attachment-medium size-medium\" alt=\"\" loading=\"lazy\" srcset=\"https:\/\/adanaseshaber.com.tr\/habercim\/wp-content\/uploads\/2026\/08\/1-15-768x201-343-300x79.jpg 300w, https:\/\/adanaseshaber.com.tr\/habercim\/wp-content\/uploads\/2026\/08\/1-15-768x201-343.jpg 768w\" sizes=\"(max-width: 300px) 100vw, 300px\" \/><\/a><\/p>\n"},"caption":{"rendered":"<p>Son dakika haberi&#8230; Bal\u0131kesir&#8217;in Alt\u0131eyl\u00fcl il\u00e7esinde, AFAD verilerine g\u00f6re 3.1 b\u00fcy\u00fckl\u00fc\u011f\u00fcnde bir deprem meydana geldi. Sars\u0131nt\u0131n\u0131n yerin 16.89 kilometre derinli\u011finde ger\u00e7ekle\u015fti\u011fi bildirildi.<br \/>\nAfet ve Acil Durum Y\u00f6netimi Ba\u015fkanl\u0131\u011f\u0131&#8217;n\u0131n (AFAD) payla\u015ft\u0131\u011f\u0131 verilere g\u00f6re, Bal\u0131kesir&#8217;in Alt\u0131eyl\u00fcl il\u00e7esinde bug\u00fcn saat 16.06&#8217;da sismik bir hareketlilik kaydedildi.<\/p>\n<p>B\u00fcy\u00fckl\u00fc\u011f\u00fc 3.1 (ML) olarak \u00f6l\u00e7\u00fclen sars\u0131nt\u0131, \u00e7evre il\u00e7elerde de k\u0131sa s\u00fcreli pani\u011fe neden oldu. AFAD&#8217;\u0131n aktard\u0131\u011f\u0131 b\u00f6lgesel bilgilere g\u00f6re sars\u0131nt\u0131, yerin 16.89 kilometre derinli\u011finde ger\u00e7ekle\u015fti.DEPREM MERKEZ \u00dcSS\u00dc<br \/>\nDepremin merkez \u00fcss\u00fcne en yak\u0131n yerle\u015fim merkezinin 0.89 kilometre mesafe ile Halalca oldu\u011fu belirlendi.<\/p>\n<p>Sars\u0131nt\u0131n\u0131n merkez \u00fcss\u00fc ayr\u0131ca 2. G\u00fcndo\u011fan&#8217;a 2.15 kilometre, G\u00fcm\u00fc\u015f\u00e7e\u015fme&#8217;ye ise 2.75 kilometre mesafede yer ald\u0131.<\/p>\n<p>Kaynak : cumhuriyet.com.tr<\/p>\n"},"alt_text":"","media_type":"image","mime_type":"image\/jpeg","media_details":{"width":768,"height":201,"file":"2026\/08\/1-15-768x201-343.jpg","sizes":{"medium":{"file":"1-15-768x201-343-300x79.jpg","width":300,"height":79,"mime_type":"image\/jpeg","source_url":"https:\/\/adanaseshaber.com.tr\/habercim\/wp-content\/uploads\/2026\/08\/1-15-768x201-343-300x79.jpg"},"thumbnail":{"file":"1-15-768x201-343-150x150.jpg","width":150,"height":150,"mime_type":"image\/jpeg","source_url":"https:\/\/adanaseshaber.com.tr\/habercim\/wp-content\/uploads\/2026\/08\/1-15-768x201-343-150x150.jpg"},"kucukResim":{"file":"1-15-768x201-343-80x50.jpg","width":80,"height":50,"mime_type":"image\/jpeg","source_url":"https:\/\/adanaseshaber.com.tr\/habercim\/wp-content\/uploads\/2026\/08\/1-15-768x201-343-80x50.jpg"},"sliderResim":{"file":"1-15-768x201-343-670x201.jpg","width":670,"height":201,"mime_type":"image\/jpeg","source_url":"https:\/\/adanaseshaber.com.tr\/habercim\/wp-content\/uploads\/2026\/08\/1-15-768x201-343-670x201.jpg"},"resim1":{"file":"1-15-768x201-343-184x140.jpg","width":184,"height":140,"mime_type":"image\/jpeg","source_url":"https:\/\/adanaseshaber.com.tr\/habercim\/wp-content\/uploads\/2026\/08\/1-15-768x201-343-184x140.jpg"},"resim2":{"file":"1-15-768x201-343-216x103.jpg","width":216,"height":103,"mime_type":"image\/jpeg","source_url":"https:\/\/adanaseshaber.com.tr\/habercim\/wp-content\/uploads\/2026\/08\/1-15-768x201-343-216x103.jpg"},"resim3":{"file":"1-15-768x201-343-145x70.jpg","width":145,"height":70,"mime_type":"image\/jpeg","source_url":"https:\/\/adanaseshaber.com.tr\/habercim\/wp-content\/uploads\/2026\/08\/1-15-768x201-343-145x70.jpg"},"sagSlider":{"file":"1-15-768x201-343-300x150.jpg","width":300,"height":150,"mime_type":"image\/jpeg","source_url":"https:\/\/adanaseshaber.com.tr\/habercim\/wp-content\/uploads\/2026\/08\/1-15-768x201-343-300x150.jpg"},"yeniSlider":{"file":"1-15-768x201-343-500x201.jpg","width":500,"height":201,"mime_type":"image\/jpeg","source_url":"https:\/\/adanaseshaber.com.tr\/habercim\/wp-content\/uploads\/2026\/08\/1-15-768x201-343-500x201.jpg"},"full":{"file":"1-15-768x201-343.jpg","width":768,"height":201,"mime_type":"image\/jpeg","source_url":"https:\/\/adanaseshaber.com.tr\/habercim\/wp-content\/uploads\/2026\/08\/1-15-768x201-343.jpg"}},"image_meta":{"aperture":"0","credit":"","camera":"","caption":"","created_timestamp":"0","copyright":"","focal_length":"0","iso":"0","shutter_speed":"0","title":"","orientation":"0","keywords":[]}},"post":52566,"source_url":"https:\/\/adanaseshaber.com.tr\/habercim\/wp-content\/uploads\/2026\/08\/1-15-768x201-343.jpg","_links":{"self":[{"href":"https:\/\/adanaseshaber.com.tr\/habercim\/wp-json\/wp\/v2\/media\/52568"}],"collection":[{"href":"https:\/\/adanaseshaber.com.tr\/habercim\/wp-json\/wp\/v2\/media"}],"about":[{"href":"https:\/\/adanaseshaber.com.tr\/habercim\/wp-json\/wp\/v2\/types\/attachment"}],"author":[{"embeddable":true,"href":"https:\/\/adanaseshaber.com.tr\/habercim\/wp-json\/wp\/v2\/users\/2"}],"replies":[{"embeddable":true,"href":"https:\/\/adanaseshaber.com.tr\/habercim\/wp-json\/wp\/v2\/comments?post=52568"}]}}

<p>Son dakika haberi&#8230; Balıkesir&#8217;in Altıeylül ilçesinde, AFAD verilerine göre 3.1 büyüklüğünde bir deprem meydana geldi. Sarsıntının yerin 16.89 kilometre derinliğinde gerçekleştiği bildirildi.<br />
Afet ve Acil Durum Yönetimi Başkanlığı&#8217;nın (AFAD) paylaştığı verilere göre, Balıkesir&#8217;in Altıeylül ilçesinde bugün saat 16.06&#8217;da sismik bir hareketlilik kaydedildi.</p>
<p>Büyüklüğü 3.1 (ML) olarak ölçülen sarsıntı, çevre ilçelerde de kısa süreli paniğe neden oldu. AFAD&#8217;ın aktardığı bölgesel bilgilere göre sarsıntı, yerin 16.89 kilometre derinliğinde gerçekleşti.DEPREM MERKEZ ÜSSÜ<br />
Depremin merkez üssüne en yakın yerleşim merkezinin 0.89 kilometre mesafe ile Halalca olduğu belirlendi.</p>
<p>Sarsıntının merkez üssü ayrıca 2. Gündoğan&#8217;a 2.15 kilometre, Gümüşçeşme&#8217;ye ise 2.75 kilometre mesafede yer aldı.</p>
<p>Kaynak : cumhuriyet.com.tr</p>
