{"id":52675,"date":"2026-08-27T23:21:35","date_gmt":"2026-08-27T20:21:35","guid":{"rendered":"https:\/\/adanaseshaber.com.tr\/habercim\/wp-content\/uploads\/2026\/08\/1-15-768x201-385.jpg"},"modified":"2026-08-27T23:21:59","modified_gmt":"2026-08-27T20:21:59","slug":"1-15-768x201-2976","status":"inherit","type":"attachment","link":"https:\/\/adanaseshaber.com.tr\/habercim\/foto-galeri\/gundem-olan-goruntu\/attachment\/1-15-768x201-2976\/","title":{"rendered":"G\u00fcndem olan g\u00f6r\u00fcnt\u00fc"},"author":2,"comment_status":"open","ping_status":"closed","template":"","meta":[],"description":{"rendered":"<p class=\"attachment\"><a href='https:\/\/adanaseshaber.com.tr\/habercim\/wp-content\/uploads\/2026\/08\/1-15-768x201-385.jpg'><img width=\"300\" height=\"79\" src=\"https:\/\/adanaseshaber.com.tr\/habercim\/wp-content\/uploads\/2026\/08\/1-15-768x201-385-300x79.jpg\" class=\"attachment-medium size-medium\" alt=\"\" loading=\"lazy\" srcset=\"https:\/\/adanaseshaber.com.tr\/habercim\/wp-content\/uploads\/2026\/08\/1-15-768x201-385-300x79.jpg 300w, https:\/\/adanaseshaber.com.tr\/habercim\/wp-content\/uploads\/2026\/08\/1-15-768x201-385.jpg 768w\" sizes=\"(max-width: 300px) 100vw, 300px\" \/><\/a><\/p>\n"},"caption":{"rendered":"<p>YEN\u0130 Parti\u2019den \u00d6zg\u00fcr \u00d6zel\u2019in \u2018abdest\u2019 g\u00f6r\u00fcnt\u00fclerine ili\u015fkin a\u00e7\u0131klama geldi. Yap\u0131lan a\u00e7\u0131klamada g\u00f6r\u00fcnt\u00fclerin 3 Temmuz\u2019da ve cami cemaatinden bir yurtta\u015f taraf\u0131ndan \u00e7ekildi\u011fi duyuruldu.<br \/>\nYEN\u0130 Parti\u2019den \u00d6zg\u00fcr \u00d6zel\u2019in \u2018abdest\u2019 g\u00f6r\u00fcnt\u00fclerine ili\u015fkin a\u00e7\u0131klama geldi. Yap\u0131lan a\u00e7\u0131klamada g\u00f6r\u00fcnt\u00fclerin 3 Temmuz\u2019da ve cami cemaatinden bir yurtta\u015f taraf\u0131ndan \u00e7ekildi\u011fi duyuruldu.<\/p>\n<p>YEN\u0130 Parti Genel Ba\u015fkan\u0131 \u00d6zg\u00fcr \u00d6zel\u2019in abdest al\u0131rken \u00e7ekilen g\u00f6r\u00fcnt\u00fcleri sosyal medyada g\u00fcndem oldu. Partiden yap\u0131lan a\u00e7\u0131klamada g\u00f6r\u00fcnt\u00fclerin 3 Temmuz\u2019da ve cami cemaatinden bir yurtta\u015f taraf\u0131ndan \u00e7ekildi\u011fi duyuruldu.<\/p>\n<p>YEN\u0130 Parti\u2019nin ileti\u015fim hesab\u0131nda yap\u0131lan a\u00e7\u0131klamada \u015fu ifadeler kullan\u0131ld\u0131:<\/p>\n<p>\u201cGenel Ba\u015fkan\u0131m\u0131z \u00d6zg\u00fcr \u00d6zel\u2019in abdest al\u0131rken \u00e7ekilen ve kamuoyuna yans\u0131yan g\u00f6r\u00fcnt\u00fcler, 3 Temmuz 2026 tarihinde Kastamonu program\u0131 s\u0131ras\u0131nda cami cemaatinden bir vatanda\u015f taraf\u0131ndan cep telefonuyla kaydedilmi\u015f ve ayn\u0131 g\u00fcn sosyal medyada payla\u015f\u0131lm\u0131\u015ft\u0131r. S\u00f6z konusu g\u00f6r\u00fcnt\u00fcler, Partimiz taraf\u0131ndan \u00e7ekilmemi\u015f veya payla\u015f\u0131lmam\u0131\u015ft\u0131r.\u201d<\/p>\n<p>Kaynak : Odatv.com<\/p>\n"},"alt_text":"","media_type":"image","mime_type":"image\/jpeg","media_details":{"width":768,"height":201,"file":"2026\/08\/1-15-768x201-385.jpg","sizes":{"medium":{"file":"1-15-768x201-385-300x79.jpg","width":300,"height":79,"mime_type":"image\/jpeg","source_url":"https:\/\/adanaseshaber.com.tr\/habercim\/wp-content\/uploads\/2026\/08\/1-15-768x201-385-300x79.jpg"},"thumbnail":{"file":"1-15-768x201-385-150x150.jpg","width":150,"height":150,"mime_type":"image\/jpeg","source_url":"https:\/\/adanaseshaber.com.tr\/habercim\/wp-content\/uploads\/2026\/08\/1-15-768x201-385-150x150.jpg"},"kucukResim":{"file":"1-15-768x201-385-80x50.jpg","width":80,"height":50,"mime_type":"image\/jpeg","source_url":"https:\/\/adanaseshaber.com.tr\/habercim\/wp-content\/uploads\/2026\/08\/1-15-768x201-385-80x50.jpg"},"sliderResim":{"file":"1-15-768x201-385-670x201.jpg","width":670,"height":201,"mime_type":"image\/jpeg","source_url":"https:\/\/adanaseshaber.com.tr\/habercim\/wp-content\/uploads\/2026\/08\/1-15-768x201-385-670x201.jpg"},"resim1":{"file":"1-15-768x201-385-184x140.jpg","width":184,"height":140,"mime_type":"image\/jpeg","source_url":"https:\/\/adanaseshaber.com.tr\/habercim\/wp-content\/uploads\/2026\/08\/1-15-768x201-385-184x140.jpg"},"resim2":{"file":"1-15-768x201-385-216x103.jpg","width":216,"height":103,"mime_type":"image\/jpeg","source_url":"https:\/\/adanaseshaber.com.tr\/habercim\/wp-content\/uploads\/2026\/08\/1-15-768x201-385-216x103.jpg"},"resim3":{"file":"1-15-768x201-385-145x70.jpg","width":145,"height":70,"mime_type":"image\/jpeg","source_url":"https:\/\/adanaseshaber.com.tr\/habercim\/wp-content\/uploads\/2026\/08\/1-15-768x201-385-145x70.jpg"},"sagSlider":{"file":"1-15-768x201-385-300x150.jpg","width":300,"height":150,"mime_type":"image\/jpeg","source_url":"https:\/\/adanaseshaber.com.tr\/habercim\/wp-content\/uploads\/2026\/08\/1-15-768x201-385-300x150.jpg"},"yeniSlider":{"file":"1-15-768x201-385-500x201.jpg","width":500,"height":201,"mime_type":"image\/jpeg","source_url":"https:\/\/adanaseshaber.com.tr\/habercim\/wp-content\/uploads\/2026\/08\/1-15-768x201-385-500x201.jpg"},"full":{"file":"1-15-768x201-385.jpg","width":768,"height":201,"mime_type":"image\/jpeg","source_url":"https:\/\/adanaseshaber.com.tr\/habercim\/wp-content\/uploads\/2026\/08\/1-15-768x201-385.jpg"}},"image_meta":{"aperture":"0","credit":"","camera":"","caption":"","created_timestamp":"0","copyright":"","focal_length":"0","iso":"0","shutter_speed":"0","title":"","orientation":"0","keywords":[]}},"post":52673,"source_url":"https:\/\/adanaseshaber.com.tr\/habercim\/wp-content\/uploads\/2026\/08\/1-15-768x201-385.jpg","_links":{"self":[{"href":"https:\/\/adanaseshaber.com.tr\/habercim\/wp-json\/wp\/v2\/media\/52675"}],"collection":[{"href":"https:\/\/adanaseshaber.com.tr\/habercim\/wp-json\/wp\/v2\/media"}],"about":[{"href":"https:\/\/adanaseshaber.com.tr\/habercim\/wp-json\/wp\/v2\/types\/attachment"}],"author":[{"embeddable":true,"href":"https:\/\/adanaseshaber.com.tr\/habercim\/wp-json\/wp\/v2\/users\/2"}],"replies":[{"embeddable":true,"href":"https:\/\/adanaseshaber.com.tr\/habercim\/wp-json\/wp\/v2\/comments?post=52675"}]}}

Gündem olan görüntü

<p>YENİ Parti’den Özgür Özel’in ‘abdest’ görüntülerine ilişkin açıklama geldi. Yapılan açıklamada görüntülerin 3 Temmuz’da ve cami cemaatinden bir yurttaş tarafından çekildiği duyuruldu.<br />
YENİ Parti’den Özgür Özel’in ‘abdest’ görüntülerine ilişkin açıklama geldi. Yapılan açıklamada görüntülerin 3 Temmuz’da ve cami cemaatinden bir yurttaş tarafından çekildiği duyuruldu.</p>
<p>YENİ Parti Genel Başkanı Özgür Özel’in abdest alırken çekilen görüntüleri sosyal medyada gündem oldu. Partiden yapılan açıklamada görüntülerin 3 Temmuz’da ve cami cemaatinden bir yurttaş tarafından çekildiği duyuruldu.</p>
<p>YENİ Parti’nin iletişim hesabında yapılan açıklamada şu ifadeler kullanıldı:</p>
<p>“Genel Başkanımız Özgür Özel’in abdest alırken çekilen ve kamuoyuna yansıyan görüntüler, 3 Temmuz 2026 tarihinde Kastamonu programı sırasında cami cemaatinden bir vatandaş tarafından cep telefonuyla kaydedilmiş ve aynı gün sosyal medyada paylaşılmıştır. Söz konusu görüntüler, Partimiz tarafından çekilmemiş veya paylaşılmamıştır.”</p>
<p>Kaynak : Odatv.com</p>
