{"id":52749,"date":"2026-08-29T23:05:22","date_gmt":"2026-08-29T20:05:22","guid":{"rendered":"https:\/\/adanaseshaber.com.tr\/habercim\/wp-content\/uploads\/2026\/08\/6739a5bab272889fdbea12d5.webp"},"modified":"2026-08-29T23:06:05","modified_gmt":"2026-08-29T20:06:05","slug":"6739a5bab272889fdbea12d5","status":"inherit","type":"attachment","link":"https:\/\/adanaseshaber.com.tr\/habercim\/foto-galeri\/17-yasindaki-kizla\/attachment\/6739a5bab272889fdbea12d5\/","title":{"rendered":"17 ya\u015f\u0131ndaki k\u0131zla"},"author":2,"comment_status":"open","ping_status":"closed","template":"","meta":[],"description":{"rendered":"<p class=\"attachment\"><a href='https:\/\/adanaseshaber.com.tr\/habercim\/wp-content\/uploads\/2026\/08\/6739a5bab272889fdbea12d5.webp'><img width=\"300\" height=\"169\" src=\"https:\/\/adanaseshaber.com.tr\/habercim\/wp-content\/uploads\/2026\/08\/6739a5bab272889fdbea12d5-300x169.webp\" class=\"attachment-medium size-medium\" alt=\"\" loading=\"lazy\" srcset=\"https:\/\/adanaseshaber.com.tr\/habercim\/wp-content\/uploads\/2026\/08\/6739a5bab272889fdbea12d5-300x169.webp 300w, https:\/\/adanaseshaber.com.tr\/habercim\/wp-content\/uploads\/2026\/08\/6739a5bab272889fdbea12d5.webp 750w\" sizes=\"(max-width: 300px) 100vw, 300px\" \/><\/a><\/p>\n"},"caption":{"rendered":"<p>17 ya\u015f\u0131ndaki k\u0131zla otele girerken yakaland\u0131, yak\u0131nlar\u0131 polise sald\u0131rd\u0131. O ki\u015finin kim oldu\u011fu a\u00e7\u0131kland\u0131&#8230;<\/p>\n<p>devam\u0131 sonraki sayfada&#8230; g\u00f6rsel \u00fczerinden do2&#8217;kununuz ge\u00e7ebilirsiniz&#8230;<\/p>\n"},"alt_text":"","media_type":"image","mime_type":"image\/webp","media_details":{"width":750,"height":422,"file":"2026\/08\/6739a5bab272889fdbea12d5.webp","sizes":{"medium":{"file":"6739a5bab272889fdbea12d5-300x169.webp","width":300,"height":169,"mime_type":"image\/webp","source_url":"https:\/\/adanaseshaber.com.tr\/habercim\/wp-content\/uploads\/2026\/08\/6739a5bab272889fdbea12d5-300x169.webp"},"thumbnail":{"file":"6739a5bab272889fdbea12d5-150x150.webp","width":150,"height":150,"mime_type":"image\/webp","source_url":"https:\/\/adanaseshaber.com.tr\/habercim\/wp-content\/uploads\/2026\/08\/6739a5bab272889fdbea12d5-150x150.webp"},"kucukResim":{"file":"6739a5bab272889fdbea12d5-80x50.webp","width":80,"height":50,"mime_type":"image\/webp","source_url":"https:\/\/adanaseshaber.com.tr\/habercim\/wp-content\/uploads\/2026\/08\/6739a5bab272889fdbea12d5-80x50.webp"},"sliderResim":{"file":"6739a5bab272889fdbea12d5-670x330.webp","width":670,"height":330,"mime_type":"image\/webp","source_url":"https:\/\/adanaseshaber.com.tr\/habercim\/wp-content\/uploads\/2026\/08\/6739a5bab272889fdbea12d5-670x330.webp"},"resim1":{"file":"6739a5bab272889fdbea12d5-184x140.webp","width":184,"height":140,"mime_type":"image\/webp","source_url":"https:\/\/adanaseshaber.com.tr\/habercim\/wp-content\/uploads\/2026\/08\/6739a5bab272889fdbea12d5-184x140.webp"},"resim2":{"file":"6739a5bab272889fdbea12d5-216x103.webp","width":216,"height":103,"mime_type":"image\/webp","source_url":"https:\/\/adanaseshaber.com.tr\/habercim\/wp-content\/uploads\/2026\/08\/6739a5bab272889fdbea12d5-216x103.webp"},"resim3":{"file":"6739a5bab272889fdbea12d5-145x70.webp","width":145,"height":70,"mime_type":"image\/webp","source_url":"https:\/\/adanaseshaber.com.tr\/habercim\/wp-content\/uploads\/2026\/08\/6739a5bab272889fdbea12d5-145x70.webp"},"sagSlider":{"file":"6739a5bab272889fdbea12d5-300x150.webp","width":300,"height":150,"mime_type":"image\/webp","source_url":"https:\/\/adanaseshaber.com.tr\/habercim\/wp-content\/uploads\/2026\/08\/6739a5bab272889fdbea12d5-300x150.webp"},"yeniSlider":{"file":"6739a5bab272889fdbea12d5-500x290.webp","width":500,"height":290,"mime_type":"image\/webp","source_url":"https:\/\/adanaseshaber.com.tr\/habercim\/wp-content\/uploads\/2026\/08\/6739a5bab272889fdbea12d5-500x290.webp"},"full":{"file":"6739a5bab272889fdbea12d5.webp","width":750,"height":422,"mime_type":"image\/webp","source_url":"https:\/\/adanaseshaber.com.tr\/habercim\/wp-content\/uploads\/2026\/08\/6739a5bab272889fdbea12d5.webp"}},"image_meta":{"aperture":"0","credit":"","camera":"","caption":"","created_timestamp":"0","copyright":"","focal_length":"0","iso":"0","shutter_speed":"0","title":"","orientation":"0","keywords":[]}},"post":52748,"source_url":"https:\/\/adanaseshaber.com.tr\/habercim\/wp-content\/uploads\/2026\/08\/6739a5bab272889fdbea12d5.webp","_links":{"self":[{"href":"https:\/\/adanaseshaber.com.tr\/habercim\/wp-json\/wp\/v2\/media\/52749"}],"collection":[{"href":"https:\/\/adanaseshaber.com.tr\/habercim\/wp-json\/wp\/v2\/media"}],"about":[{"href":"https:\/\/adanaseshaber.com.tr\/habercim\/wp-json\/wp\/v2\/types\/attachment"}],"author":[{"embeddable":true,"href":"https:\/\/adanaseshaber.com.tr\/habercim\/wp-json\/wp\/v2\/users\/2"}],"replies":[{"embeddable":true,"href":"https:\/\/adanaseshaber.com.tr\/habercim\/wp-json\/wp\/v2\/comments?post=52749"}]}}

17 yaşındaki kızla

<p>17 yaşındaki kızla otele girerken yakalandı, yakınları polise saldırdı. O kişinin kim olduğu açıklandı&#8230;</p>
<p>devamı sonraki sayfada&#8230; görsel üzerinden do2&#8217;kununuz geçebilirsiniz&#8230;</p>
