{"id":52754,"date":"2026-08-29T23:16:41","date_gmt":"2026-08-29T20:16:41","guid":{"rendered":"https:\/\/adanaseshaber.com.tr\/habercim\/wp-content\/uploads\/2026\/08\/hava-durumu-2.gif"},"modified":"2026-08-29T23:17:16","modified_gmt":"2026-08-29T20:17:16","slug":"hava-durumu-50","status":"inherit","type":"attachment","link":"https:\/\/adanaseshaber.com.tr\/habercim\/foto-galeri\/cok-kuvvetli-ve-siddetli\/attachment\/hava-durumu-50\/","title":{"rendered":"\u00c7ok kuvvetli ve \u015fiddetli"},"author":2,"comment_status":"open","ping_status":"closed","template":"","meta":[],"description":{"rendered":"<p class=\"attachment\"><a href='https:\/\/adanaseshaber.com.tr\/habercim\/wp-content\/uploads\/2026\/08\/hava-durumu-2.gif'><img width=\"300\" height=\"172\" src=\"https:\/\/adanaseshaber.com.tr\/habercim\/wp-content\/uploads\/2026\/08\/hava-durumu-2-300x172.gif\" class=\"attachment-medium size-medium\" alt=\"\" loading=\"lazy\" \/><\/a><\/p>\n"},"caption":{"rendered":"<p>\u00c7ok kuvvetli ve \u015fiddetli ya\u011f\u0131\u015f geliyor! Meteoroloji saat verdi: 26 ilde sar\u0131 ve turuncu alarm! Sel, su bask\u0131n\u0131 ve r\u00fczgar uyar\u0131s\u0131&#8230;<\/p>\n<p>devam\u0131 sonraki sayfada&#8230; g\u00f6rsel \u00fczerinden do2&#8217;kununuz ge\u00e7ebilirsiniz&#8230;<\/p>\n"},"alt_text":"","media_type":"image","mime_type":"image\/gif","media_details":{"width":696,"height":400,"file":"2026\/08\/hava-durumu-2.gif","sizes":{"medium":{"file":"hava-durumu-2-300x172.gif","width":300,"height":172,"mime_type":"image\/gif","source_url":"https:\/\/adanaseshaber.com.tr\/habercim\/wp-content\/uploads\/2026\/08\/hava-durumu-2-300x172.gif"},"thumbnail":{"file":"hava-durumu-2-150x150.gif","width":150,"height":150,"mime_type":"image\/gif","source_url":"https:\/\/adanaseshaber.com.tr\/habercim\/wp-content\/uploads\/2026\/08\/hava-durumu-2-150x150.gif"},"kucukResim":{"file":"hava-durumu-2-80x50.gif","width":80,"height":50,"mime_type":"image\/gif","source_url":"https:\/\/adanaseshaber.com.tr\/habercim\/wp-content\/uploads\/2026\/08\/hava-durumu-2-80x50.gif"},"sliderResim":{"file":"hava-durumu-2-670x330.gif","width":670,"height":330,"mime_type":"image\/gif","source_url":"https:\/\/adanaseshaber.com.tr\/habercim\/wp-content\/uploads\/2026\/08\/hava-durumu-2-670x330.gif"},"resim1":{"file":"hava-durumu-2-184x140.gif","width":184,"height":140,"mime_type":"image\/gif","source_url":"https:\/\/adanaseshaber.com.tr\/habercim\/wp-content\/uploads\/2026\/08\/hava-durumu-2-184x140.gif"},"resim2":{"file":"hava-durumu-2-216x103.gif","width":216,"height":103,"mime_type":"image\/gif","source_url":"https:\/\/adanaseshaber.com.tr\/habercim\/wp-content\/uploads\/2026\/08\/hava-durumu-2-216x103.gif"},"resim3":{"file":"hava-durumu-2-145x70.gif","width":145,"height":70,"mime_type":"image\/gif","source_url":"https:\/\/adanaseshaber.com.tr\/habercim\/wp-content\/uploads\/2026\/08\/hava-durumu-2-145x70.gif"},"sagSlider":{"file":"hava-durumu-2-300x150.gif","width":300,"height":150,"mime_type":"image\/gif","source_url":"https:\/\/adanaseshaber.com.tr\/habercim\/wp-content\/uploads\/2026\/08\/hava-durumu-2-300x150.gif"},"yeniSlider":{"file":"hava-durumu-2-500x290.gif","width":500,"height":290,"mime_type":"image\/gif","source_url":"https:\/\/adanaseshaber.com.tr\/habercim\/wp-content\/uploads\/2026\/08\/hava-durumu-2-500x290.gif"},"full":{"file":"hava-durumu-2.gif","width":696,"height":400,"mime_type":"image\/gif","source_url":"https:\/\/adanaseshaber.com.tr\/habercim\/wp-content\/uploads\/2026\/08\/hava-durumu-2.gif"}},"image_meta":{"aperture":"0","credit":"","camera":"","caption":"","created_timestamp":"0","copyright":"","focal_length":"0","iso":"0","shutter_speed":"0","title":"","orientation":"0","keywords":[]}},"post":52753,"source_url":"https:\/\/adanaseshaber.com.tr\/habercim\/wp-content\/uploads\/2026\/08\/hava-durumu-2.gif","_links":{"self":[{"href":"https:\/\/adanaseshaber.com.tr\/habercim\/wp-json\/wp\/v2\/media\/52754"}],"collection":[{"href":"https:\/\/adanaseshaber.com.tr\/habercim\/wp-json\/wp\/v2\/media"}],"about":[{"href":"https:\/\/adanaseshaber.com.tr\/habercim\/wp-json\/wp\/v2\/types\/attachment"}],"author":[{"embeddable":true,"href":"https:\/\/adanaseshaber.com.tr\/habercim\/wp-json\/wp\/v2\/users\/2"}],"replies":[{"embeddable":true,"href":"https:\/\/adanaseshaber.com.tr\/habercim\/wp-json\/wp\/v2\/comments?post=52754"}]}}

Çok kuvvetli ve şiddetli

<p>Çok kuvvetli ve şiddetli yağış geliyor! Meteoroloji saat verdi: 26 ilde sarı ve turuncu alarm! Sel, su baskını ve rüzgar uyarısı&#8230;</p>
<p>devamı sonraki sayfada&#8230; görsel üzerinden do2&#8217;kununuz geçebilirsiniz&#8230;</p>
