{"id":52760,"date":"2026-08-30T16:13:22","date_gmt":"2026-08-30T13:13:22","guid":{"rendered":"https:\/\/adanaseshaber.com.tr\/habercim\/wp-content\/uploads\/2026\/08\/1-15-768x201-419.jpg"},"modified":"2026-08-30T16:14:36","modified_gmt":"2026-08-30T13:14:36","slug":"1-15-768x201-3010","status":"inherit","type":"attachment","link":"https:\/\/adanaseshaber.com.tr\/habercim\/foto-galeri\/vatandasa-sinirlenen-ozelin\/attachment\/1-15-768x201-3010\/","title":{"rendered":"Vatanda\u015fa sinirlenen \u00d6zel\u2019in"},"author":2,"comment_status":"open","ping_status":"closed","template":"","meta":[],"description":{"rendered":"<p class=\"attachment\"><a href='https:\/\/adanaseshaber.com.tr\/habercim\/wp-content\/uploads\/2026\/08\/1-15-768x201-419.jpg'><img width=\"300\" height=\"79\" src=\"https:\/\/adanaseshaber.com.tr\/habercim\/wp-content\/uploads\/2026\/08\/1-15-768x201-419-300x79.jpg\" class=\"attachment-medium size-medium\" alt=\"\" loading=\"lazy\" srcset=\"https:\/\/adanaseshaber.com.tr\/habercim\/wp-content\/uploads\/2026\/08\/1-15-768x201-419-300x79.jpg 300w, https:\/\/adanaseshaber.com.tr\/habercim\/wp-content\/uploads\/2026\/08\/1-15-768x201-419.jpg 768w\" sizes=\"(max-width: 300px) 100vw, 300px\" \/><\/a><\/p>\n"},"caption":{"rendered":"<p>Kocaeli&#8217;de \u00e7e\u015fitli ziyaret ve a\u00e7\u0131l\u0131\u015flara kat\u0131lan Yeni Parti Genel Ba\u015fkan\u0131 \u00d6zg\u00fcr \u00d6zel&#8217;in \u0130zmit program\u0131nda gergin anlar ya\u015fand\u0131. Y\u00fcr\u00fcy\u00fc\u015f s\u0131ras\u0131nda vatanda\u015flar\u0131 selamlayan ve foto\u011fraf \u00e7ektiren \u00d6zel, bu s\u0131rada kolunu tutarak kendisini \u00e7eki\u015ftiren bir vatanda\u015f\u0131 azarlad\u0131.<br \/>\nVatanda\u015fa sinirlenen \u00d6zel\u2019in, sert tepki g\u00f6stererek &#8220;Lanet olsun&#8230; Lanet olsun&#8230;&#8221; ifadelerini kulland\u0131\u011f\u0131 g\u00f6r\u00fcld\u00fc. <\/p>\n<p>Kaynak : video.haber7.com<\/p>\n"},"alt_text":"","media_type":"image","mime_type":"image\/jpeg","media_details":{"width":768,"height":201,"file":"2026\/08\/1-15-768x201-419.jpg","sizes":{"medium":{"file":"1-15-768x201-419-300x79.jpg","width":300,"height":79,"mime_type":"image\/jpeg","source_url":"https:\/\/adanaseshaber.com.tr\/habercim\/wp-content\/uploads\/2026\/08\/1-15-768x201-419-300x79.jpg"},"thumbnail":{"file":"1-15-768x201-419-150x150.jpg","width":150,"height":150,"mime_type":"image\/jpeg","source_url":"https:\/\/adanaseshaber.com.tr\/habercim\/wp-content\/uploads\/2026\/08\/1-15-768x201-419-150x150.jpg"},"kucukResim":{"file":"1-15-768x201-419-80x50.jpg","width":80,"height":50,"mime_type":"image\/jpeg","source_url":"https:\/\/adanaseshaber.com.tr\/habercim\/wp-content\/uploads\/2026\/08\/1-15-768x201-419-80x50.jpg"},"sliderResim":{"file":"1-15-768x201-419-670x201.jpg","width":670,"height":201,"mime_type":"image\/jpeg","source_url":"https:\/\/adanaseshaber.com.tr\/habercim\/wp-content\/uploads\/2026\/08\/1-15-768x201-419-670x201.jpg"},"resim1":{"file":"1-15-768x201-419-184x140.jpg","width":184,"height":140,"mime_type":"image\/jpeg","source_url":"https:\/\/adanaseshaber.com.tr\/habercim\/wp-content\/uploads\/2026\/08\/1-15-768x201-419-184x140.jpg"},"resim2":{"file":"1-15-768x201-419-216x103.jpg","width":216,"height":103,"mime_type":"image\/jpeg","source_url":"https:\/\/adanaseshaber.com.tr\/habercim\/wp-content\/uploads\/2026\/08\/1-15-768x201-419-216x103.jpg"},"resim3":{"file":"1-15-768x201-419-145x70.jpg","width":145,"height":70,"mime_type":"image\/jpeg","source_url":"https:\/\/adanaseshaber.com.tr\/habercim\/wp-content\/uploads\/2026\/08\/1-15-768x201-419-145x70.jpg"},"sagSlider":{"file":"1-15-768x201-419-300x150.jpg","width":300,"height":150,"mime_type":"image\/jpeg","source_url":"https:\/\/adanaseshaber.com.tr\/habercim\/wp-content\/uploads\/2026\/08\/1-15-768x201-419-300x150.jpg"},"yeniSlider":{"file":"1-15-768x201-419-500x201.jpg","width":500,"height":201,"mime_type":"image\/jpeg","source_url":"https:\/\/adanaseshaber.com.tr\/habercim\/wp-content\/uploads\/2026\/08\/1-15-768x201-419-500x201.jpg"},"full":{"file":"1-15-768x201-419.jpg","width":768,"height":201,"mime_type":"image\/jpeg","source_url":"https:\/\/adanaseshaber.com.tr\/habercim\/wp-content\/uploads\/2026\/08\/1-15-768x201-419.jpg"}},"image_meta":{"aperture":"0","credit":"","camera":"","caption":"","created_timestamp":"0","copyright":"","focal_length":"0","iso":"0","shutter_speed":"0","title":"","orientation":"0","keywords":[]}},"post":52758,"source_url":"https:\/\/adanaseshaber.com.tr\/habercim\/wp-content\/uploads\/2026\/08\/1-15-768x201-419.jpg","_links":{"self":[{"href":"https:\/\/adanaseshaber.com.tr\/habercim\/wp-json\/wp\/v2\/media\/52760"}],"collection":[{"href":"https:\/\/adanaseshaber.com.tr\/habercim\/wp-json\/wp\/v2\/media"}],"about":[{"href":"https:\/\/adanaseshaber.com.tr\/habercim\/wp-json\/wp\/v2\/types\/attachment"}],"author":[{"embeddable":true,"href":"https:\/\/adanaseshaber.com.tr\/habercim\/wp-json\/wp\/v2\/users\/2"}],"replies":[{"embeddable":true,"href":"https:\/\/adanaseshaber.com.tr\/habercim\/wp-json\/wp\/v2\/comments?post=52760"}]}}

Vatandaşa sinirlenen Özel’in

<p>Kocaeli&#8217;de çeşitli ziyaret ve açılışlara katılan Yeni Parti Genel Başkanı Özgür Özel&#8217;in İzmit programında gergin anlar yaşandı. Yürüyüş sırasında vatandaşları selamlayan ve fotoğraf çektiren Özel, bu sırada kolunu tutarak kendisini çekiştiren bir vatandaşı azarladı.<br />
Vatandaşa sinirlenen Özel’in, sert tepki göstererek &#8220;Lanet olsun&#8230; Lanet olsun&#8230;&#8221; ifadelerini kullandığı görüldü. </p>
<p>Kaynak : video.haber7.com</p>
