{"id":52770,"date":"2026-08-30T22:30:48","date_gmt":"2026-08-30T19:30:48","guid":{"rendered":"https:\/\/adanaseshaber.com.tr\/habercim\/wp-content\/uploads\/2026\/08\/1-15-768x201-423.jpg"},"modified":"2026-08-30T22:32:39","modified_gmt":"2026-08-30T19:32:39","slug":"1-15-768x201-3014","status":"inherit","type":"attachment","link":"https:\/\/adanaseshaber.com.tr\/habercim\/foto-galeri\/guran-ailesinin\/attachment\/1-15-768x201-3014\/","title":{"rendered":"G\u00fcran ailesinin"},"author":2,"comment_status":"open","ping_status":"closed","template":"","meta":[],"description":{"rendered":"<p class=\"attachment\"><a href='https:\/\/adanaseshaber.com.tr\/habercim\/wp-content\/uploads\/2026\/08\/1-15-768x201-423.jpg'><img width=\"300\" height=\"79\" src=\"https:\/\/adanaseshaber.com.tr\/habercim\/wp-content\/uploads\/2026\/08\/1-15-768x201-423-300x79.jpg\" class=\"attachment-medium size-medium\" alt=\"\" loading=\"lazy\" srcset=\"https:\/\/adanaseshaber.com.tr\/habercim\/wp-content\/uploads\/2026\/08\/1-15-768x201-423-300x79.jpg 300w, https:\/\/adanaseshaber.com.tr\/habercim\/wp-content\/uploads\/2026\/08\/1-15-768x201-423.jpg 768w\" sizes=\"(max-width: 300px) 100vw, 300px\" \/><\/a><\/p>\n"},"caption":{"rendered":"<p>Kaybolduktan 19 g\u00fcn sonra cans\u0131z bedeni bulunan Narin G\u00fcran cinayetinin \u00fczerinden 2 y\u0131l ge\u00e7ti.<\/p>\n<p>Amca Salim G\u00fcran, anne Y\u00fcksel G\u00fcran ve a\u011fabey Enes G\u00fcran a\u011f\u0131rla\u015ft\u0131r\u0131lm\u0131\u015f m\u00fcebbet, cesedi ta\u015f\u0131yan kom\u015fular\u0131 Nevzat Bahtiyar ise 17 y\u0131l hapis cezas\u0131 alm\u0131\u015ft\u0131.<\/p>\n<p>Yarg\u0131lamalar\u0131n ard\u0131ndan bug\u00fcn yeni bir geli\u015fme ya\u015fand\u0131. &#8220;FA\u0130L\u0130 ME\u00c7HUL KAPSAMINDA DE\u011eERLEND\u0130R\u0130LS\u0130N&#8221;<br \/>\nG\u00fcran ailesi, cinayetin faili me\u00e7hul kapsam\u0131nda yeniden ele al\u0131nmas\u0131na y\u00f6nelik ba\u015fvuruda bulundu. <\/p>\n<p>Ancak ba\u015fvuru kabul edilmedi. <\/p>\n<p>Cinayetin, ilk derece ve temyiz mercilerince kamuoyuna a\u00e7\u0131k \u015fekilde de\u011ferlendirilerek karara ba\u011fland\u0131\u011f\u0131; dosyan\u0131n faili me\u00e7hul kapsam\u0131nda yeniden de\u011ferlendirilmesini gerektirecek yeni ve somut bir delile ula\u015f\u0131lamad\u0131\u011f\u0131 belirtildi. NE OLMU\u015eTU?<br \/>\nDiyarbak\u0131r&#8217;\u0131n Ba\u011flar il\u00e7esinin Tav\u015fantepe Mahallesi&#8217;nde 21 A\u011fustos 2024&#8217;te kaybolan ve 8 Eyl\u00fcl 2024&#8217;te E\u011fertutmaz Deresi&#8217;nde cans\u0131z bedenine ula\u015f\u0131lan Narin G\u00fcran cinayeti kamuoyunun derinden sarsm\u0131\u015ft\u0131. YARGILAMA S\u00dcREC\u0130<br \/>\nNarin G\u00fcran&#8217;\u0131n \u00f6ld\u00fcr\u00fclmesine ili\u015fkin yarg\u0131lanan tutuklu san\u0131klar anne Y\u00fcksel, a\u011fabey Enes ve amca Salim G\u00fcran&#8217;a i\u015ftirak halinde \u00e7ocu\u011fa kar\u015f\u0131 kasten \u00f6ld\u00fcrme su\u00e7undan a\u011f\u0131rla\u015ft\u0131r\u0131lm\u0131\u015f m\u00fcebbet, Nevzat Bahtiyar&#8217;a ise su\u00e7 delillerini yok etme, gizleme veya de\u011fi\u015ftirme su\u00e7undan 4 y\u0131l 6 ay hapis cezas\u0131 verilmi\u015fti.<\/p>\n<p>Diyarbak\u0131r B\u00f6lge Adliye Mahkemesi 1. Ceza Dairesi, ilk derece mahkemesinin san\u0131klara verdi\u011fi h\u00fckm\u00fc hukuka uygun bulmu\u015ftu.<\/p>\n<p>YARGITAY 1. CEZA DA\u0130RES\u0130 NEVZAT HAKKINDAK\u0130 KARARI BOZMU\u015eTU<\/p>\n<p>Yarg\u0131tay Cumhuriyet Ba\u015fsavc\u0131l\u0131\u011f\u0131 taraf\u0131ndan, Narin G\u00fcran cinayeti davas\u0131nda anne Y\u00fcksel, a\u011fabey Enes ve amca Salim G\u00fcran&#8217;a verilen a\u011f\u0131rla\u015ft\u0131r\u0131lm\u0131\u015f m\u00fcebbet ile Nevzat Bahtiyar&#8217;a verilen 4 y\u0131l 6 ay hapis cezas\u0131n\u0131n onanmas\u0131 istenmi\u015fti. Yarg\u0131tay 1. Ceza Dairesi, tutuklu san\u0131klar anne Y\u00fcksel, a\u011fabey Enes ve amca Salim G\u00fcran&#8217;a verilen a\u011f\u0131rla\u015ft\u0131r\u0131lm\u0131\u015f m\u00fcebbet hapis cezas\u0131n\u0131 onam\u0131\u015f, Nevzat Bahtiyar&#8217;a verilen 4 y\u0131l 6 ay hapis cezas\u0131n\u0131 ise eylemin nitelikli kasten \u00f6ld\u00fcrme su\u00e7una yard\u0131m kapsam\u0131nda de\u011ferlendirilmesi ad\u0131na bozmu\u015ftu.<\/p>\n<p>Yeniden hakim kar\u015f\u0131s\u0131na \u00e7\u0131kan Bahtiyar, nitelikli olarak \u00e7ocu\u011fu kasten \u00f6ld\u00fcrmeye yard\u0131m su\u00e7undan takdiri indirim olmaks\u0131z\u0131n 17 y\u0131l hapis cezas\u0131na \u00e7arpt\u0131r\u0131lm\u0131\u015ft\u0131.<\/p>\n<p>Kaynak : ntv.com.tr<\/p>\n"},"alt_text":"","media_type":"image","mime_type":"image\/jpeg","media_details":{"width":768,"height":201,"file":"2026\/08\/1-15-768x201-423.jpg","sizes":{"medium":{"file":"1-15-768x201-423-300x79.jpg","width":300,"height":79,"mime_type":"image\/jpeg","source_url":"https:\/\/adanaseshaber.com.tr\/habercim\/wp-content\/uploads\/2026\/08\/1-15-768x201-423-300x79.jpg"},"thumbnail":{"file":"1-15-768x201-423-150x150.jpg","width":150,"height":150,"mime_type":"image\/jpeg","source_url":"https:\/\/adanaseshaber.com.tr\/habercim\/wp-content\/uploads\/2026\/08\/1-15-768x201-423-150x150.jpg"},"kucukResim":{"file":"1-15-768x201-423-80x50.jpg","width":80,"height":50,"mime_type":"image\/jpeg","source_url":"https:\/\/adanaseshaber.com.tr\/habercim\/wp-content\/uploads\/2026\/08\/1-15-768x201-423-80x50.jpg"},"sliderResim":{"file":"1-15-768x201-423-670x201.jpg","width":670,"height":201,"mime_type":"image\/jpeg","source_url":"https:\/\/adanaseshaber.com.tr\/habercim\/wp-content\/uploads\/2026\/08\/1-15-768x201-423-670x201.jpg"},"resim1":{"file":"1-15-768x201-423-184x140.jpg","width":184,"height":140,"mime_type":"image\/jpeg","source_url":"https:\/\/adanaseshaber.com.tr\/habercim\/wp-content\/uploads\/2026\/08\/1-15-768x201-423-184x140.jpg"},"resim2":{"file":"1-15-768x201-423-216x103.jpg","width":216,"height":103,"mime_type":"image\/jpeg","source_url":"https:\/\/adanaseshaber.com.tr\/habercim\/wp-content\/uploads\/2026\/08\/1-15-768x201-423-216x103.jpg"},"resim3":{"file":"1-15-768x201-423-145x70.jpg","width":145,"height":70,"mime_type":"image\/jpeg","source_url":"https:\/\/adanaseshaber.com.tr\/habercim\/wp-content\/uploads\/2026\/08\/1-15-768x201-423-145x70.jpg"},"sagSlider":{"file":"1-15-768x201-423-300x150.jpg","width":300,"height":150,"mime_type":"image\/jpeg","source_url":"https:\/\/adanaseshaber.com.tr\/habercim\/wp-content\/uploads\/2026\/08\/1-15-768x201-423-300x150.jpg"},"yeniSlider":{"file":"1-15-768x201-423-500x201.jpg","width":500,"height":201,"mime_type":"image\/jpeg","source_url":"https:\/\/adanaseshaber.com.tr\/habercim\/wp-content\/uploads\/2026\/08\/1-15-768x201-423-500x201.jpg"},"full":{"file":"1-15-768x201-423.jpg","width":768,"height":201,"mime_type":"image\/jpeg","source_url":"https:\/\/adanaseshaber.com.tr\/habercim\/wp-content\/uploads\/2026\/08\/1-15-768x201-423.jpg"}},"image_meta":{"aperture":"0","credit":"","camera":"","caption":"","created_timestamp":"0","copyright":"","focal_length":"0","iso":"0","shutter_speed":"0","title":"","orientation":"0","keywords":[]}},"post":52768,"source_url":"https:\/\/adanaseshaber.com.tr\/habercim\/wp-content\/uploads\/2026\/08\/1-15-768x201-423.jpg","_links":{"self":[{"href":"https:\/\/adanaseshaber.com.tr\/habercim\/wp-json\/wp\/v2\/media\/52770"}],"collection":[{"href":"https:\/\/adanaseshaber.com.tr\/habercim\/wp-json\/wp\/v2\/media"}],"about":[{"href":"https:\/\/adanaseshaber.com.tr\/habercim\/wp-json\/wp\/v2\/types\/attachment"}],"author":[{"embeddable":true,"href":"https:\/\/adanaseshaber.com.tr\/habercim\/wp-json\/wp\/v2\/users\/2"}],"replies":[{"embeddable":true,"href":"https:\/\/adanaseshaber.com.tr\/habercim\/wp-json\/wp\/v2\/comments?post=52770"}]}}

Güran ailesinin

<p>Kaybolduktan 19 gün sonra cansız bedeni bulunan Narin Güran cinayetinin üzerinden 2 yıl geçti.</p>
<p>Amca Salim Güran, anne Yüksel Güran ve ağabey Enes Güran ağırlaştırılmış müebbet, cesedi taşıyan komşuları Nevzat Bahtiyar ise 17 yıl hapis cezası almıştı.</p>
<p>Yargılamaların ardından bugün yeni bir gelişme yaşandı. &#8220;FAİLİ MEÇHUL KAPSAMINDA DEĞERLENDİRİLSİN&#8221;<br />
Güran ailesi, cinayetin faili meçhul kapsamında yeniden ele alınmasına yönelik başvuruda bulundu. </p>
<p>Ancak başvuru kabul edilmedi. </p>
<p>Cinayetin, ilk derece ve temyiz mercilerince kamuoyuna açık şekilde değerlendirilerek karara bağlandığı; dosyanın faili meçhul kapsamında yeniden değerlendirilmesini gerektirecek yeni ve somut bir delile ulaşılamadığı belirtildi. NE OLMUŞTU?<br />
Diyarbakır&#8217;ın Bağlar ilçesinin Tavşantepe Mahallesi&#8217;nde 21 Ağustos 2024&#8217;te kaybolan ve 8 Eylül 2024&#8217;te Eğertutmaz Deresi&#8217;nde cansız bedenine ulaşılan Narin Güran cinayeti kamuoyunun derinden sarsmıştı. YARGILAMA SÜRECİ<br />
Narin Güran&#8217;ın öldürülmesine ilişkin yargılanan tutuklu sanıklar anne Yüksel, ağabey Enes ve amca Salim Güran&#8217;a iştirak halinde çocuğa karşı kasten öldürme suçundan ağırlaştırılmış müebbet, Nevzat Bahtiyar&#8217;a ise suç delillerini yok etme, gizleme veya değiştirme suçundan 4 yıl 6 ay hapis cezası verilmişti.</p>
<p>Diyarbakır Bölge Adliye Mahkemesi 1. Ceza Dairesi, ilk derece mahkemesinin sanıklara verdiği hükmü hukuka uygun bulmuştu.</p>
<p>YARGITAY 1. CEZA DAİRESİ NEVZAT HAKKINDAKİ KARARI BOZMUŞTU</p>
<p>Yargıtay Cumhuriyet Başsavcılığı tarafından, Narin Güran cinayeti davasında anne Yüksel, ağabey Enes ve amca Salim Güran&#8217;a verilen ağırlaştırılmış müebbet ile Nevzat Bahtiyar&#8217;a verilen 4 yıl 6 ay hapis cezasının onanması istenmişti. Yargıtay 1. Ceza Dairesi, tutuklu sanıklar anne Yüksel, ağabey Enes ve amca Salim Güran&#8217;a verilen ağırlaştırılmış müebbet hapis cezasını onamış, Nevzat Bahtiyar&#8217;a verilen 4 yıl 6 ay hapis cezasını ise eylemin nitelikli kasten öldürme suçuna yardım kapsamında değerlendirilmesi adına bozmuştu.</p>
<p>Yeniden hakim karşısına çıkan Bahtiyar, nitelikli olarak çocuğu kasten öldürmeye yardım suçundan takdiri indirim olmaksızın 17 yıl hapis cezasına çarptırılmıştı.</p>
<p>Kaynak : ntv.com.tr</p>
