{"id":52784,"date":"2026-08-31T01:42:53","date_gmt":"2026-08-30T22:42:53","guid":{"rendered":"https:\/\/adanaseshaber.com.tr\/habercim\/wp-content\/uploads\/2026\/08\/ALTIN-4.webp"},"modified":"2026-08-31T01:43:09","modified_gmt":"2026-08-30T22:43:09","slug":"altin-10","status":"inherit","type":"attachment","link":"https:\/\/adanaseshaber.com.tr\/habercim\/foto-galeri\/evin-bereketi-ile\/attachment\/altin-10\/","title":{"rendered":"Evin bereketi ile"},"author":2,"comment_status":"open","ping_status":"closed","template":"","meta":[],"description":{"rendered":"<p class=\"attachment\"><a href='https:\/\/adanaseshaber.com.tr\/habercim\/wp-content\/uploads\/2026\/08\/ALTIN-4.webp'><img width=\"300\" height=\"195\" src=\"https:\/\/adanaseshaber.com.tr\/habercim\/wp-content\/uploads\/2026\/08\/ALTIN-4-300x195.webp\" class=\"attachment-medium size-medium\" alt=\"\" loading=\"lazy\" srcset=\"https:\/\/adanaseshaber.com.tr\/habercim\/wp-content\/uploads\/2026\/08\/ALTIN-4-300x195.webp 300w, https:\/\/adanaseshaber.com.tr\/habercim\/wp-content\/uploads\/2026\/08\/ALTIN-4.webp 768w\" sizes=\"(max-width: 300px) 100vw, 300px\" \/><\/a><\/p>\n"},"caption":{"rendered":"<p>Nihat Hatipo\u011flu, evin bereketini ve r\u0131zk\u0131n\u0131 art\u0131ran davran\u0131\u015flar\u0131 anlat\u0131yor\u2026<br \/>\nBaz\u0131 e\u015fyalar ise evinizde mutlaka olmal\u0131d\u0131r\u2026<\/p>\n<p>devam\u0131 sonraki sayfada\u2026 g\u00f6rsel \u00fczerinden do2\u2019kununuz ge\u00e7ebilirsiniz\u2026<\/p>\n"},"alt_text":"","media_type":"image","mime_type":"image\/webp","media_details":{"width":768,"height":499,"file":"2026\/08\/ALTIN-4.webp","sizes":{"medium":{"file":"ALTIN-4-300x195.webp","width":300,"height":195,"mime_type":"image\/webp","source_url":"https:\/\/adanaseshaber.com.tr\/habercim\/wp-content\/uploads\/2026\/08\/ALTIN-4-300x195.webp"},"thumbnail":{"file":"ALTIN-4-150x150.webp","width":150,"height":150,"mime_type":"image\/webp","source_url":"https:\/\/adanaseshaber.com.tr\/habercim\/wp-content\/uploads\/2026\/08\/ALTIN-4-150x150.webp"},"kucukResim":{"file":"ALTIN-4-80x50.webp","width":80,"height":50,"mime_type":"image\/webp","source_url":"https:\/\/adanaseshaber.com.tr\/habercim\/wp-content\/uploads\/2026\/08\/ALTIN-4-80x50.webp"},"sliderResim":{"file":"ALTIN-4-670x330.webp","width":670,"height":330,"mime_type":"image\/webp","source_url":"https:\/\/adanaseshaber.com.tr\/habercim\/wp-content\/uploads\/2026\/08\/ALTIN-4-670x330.webp"},"resim1":{"file":"ALTIN-4-184x140.webp","width":184,"height":140,"mime_type":"image\/webp","source_url":"https:\/\/adanaseshaber.com.tr\/habercim\/wp-content\/uploads\/2026\/08\/ALTIN-4-184x140.webp"},"resim2":{"file":"ALTIN-4-216x103.webp","width":216,"height":103,"mime_type":"image\/webp","source_url":"https:\/\/adanaseshaber.com.tr\/habercim\/wp-content\/uploads\/2026\/08\/ALTIN-4-216x103.webp"},"resim3":{"file":"ALTIN-4-145x70.webp","width":145,"height":70,"mime_type":"image\/webp","source_url":"https:\/\/adanaseshaber.com.tr\/habercim\/wp-content\/uploads\/2026\/08\/ALTIN-4-145x70.webp"},"sagSlider":{"file":"ALTIN-4-300x150.webp","width":300,"height":150,"mime_type":"image\/webp","source_url":"https:\/\/adanaseshaber.com.tr\/habercim\/wp-content\/uploads\/2026\/08\/ALTIN-4-300x150.webp"},"yeniSlider":{"file":"ALTIN-4-500x290.webp","width":500,"height":290,"mime_type":"image\/webp","source_url":"https:\/\/adanaseshaber.com.tr\/habercim\/wp-content\/uploads\/2026\/08\/ALTIN-4-500x290.webp"},"full":{"file":"ALTIN-4.webp","width":768,"height":499,"mime_type":"image\/webp","source_url":"https:\/\/adanaseshaber.com.tr\/habercim\/wp-content\/uploads\/2026\/08\/ALTIN-4.webp"}},"image_meta":{"aperture":"0","credit":"","camera":"","caption":"","created_timestamp":"0","copyright":"","focal_length":"0","iso":"0","shutter_speed":"0","title":"","orientation":"0","keywords":[]}},"post":52783,"source_url":"https:\/\/adanaseshaber.com.tr\/habercim\/wp-content\/uploads\/2026\/08\/ALTIN-4.webp","_links":{"self":[{"href":"https:\/\/adanaseshaber.com.tr\/habercim\/wp-json\/wp\/v2\/media\/52784"}],"collection":[{"href":"https:\/\/adanaseshaber.com.tr\/habercim\/wp-json\/wp\/v2\/media"}],"about":[{"href":"https:\/\/adanaseshaber.com.tr\/habercim\/wp-json\/wp\/v2\/types\/attachment"}],"author":[{"embeddable":true,"href":"https:\/\/adanaseshaber.com.tr\/habercim\/wp-json\/wp\/v2\/users\/2"}],"replies":[{"embeddable":true,"href":"https:\/\/adanaseshaber.com.tr\/habercim\/wp-json\/wp\/v2\/comments?post=52784"}]}}

<p>Nihat Hatipoğlu, evin bereketini ve rızkını artıran davranışları anlatıyor…<br />
Bazı eşyalar ise evinizde mutlaka olmalıdır…</p>
<p>devamı sonraki sayfada… görsel üzerinden do2’kununuz geçebilirsiniz…</p>
