{"id":52785,"date":"2026-08-31T01:42:56","date_gmt":"2026-08-30T22:42:56","guid":{"rendered":"https:\/\/adanaseshaber.com.tr\/habercim\/wp-content\/uploads\/2026\/08\/1-15-768x201-429.jpg"},"modified":"2026-08-31T01:43:20","modified_gmt":"2026-08-30T22:43:20","slug":"1-15-768x201-3020","status":"inherit","type":"attachment","link":"https:\/\/adanaseshaber.com.tr\/habercim\/foto-galeri\/evin-bereketi-ile\/attachment\/1-15-768x201-3020\/","title":{"rendered":"Evin bereketi ile"},"author":2,"comment_status":"open","ping_status":"closed","template":"","meta":[],"description":{"rendered":"<p class=\"attachment\"><a href='https:\/\/adanaseshaber.com.tr\/habercim\/wp-content\/uploads\/2026\/08\/1-15-768x201-429.jpg'><img width=\"300\" height=\"79\" src=\"https:\/\/adanaseshaber.com.tr\/habercim\/wp-content\/uploads\/2026\/08\/1-15-768x201-429-300x79.jpg\" class=\"attachment-medium size-medium\" alt=\"\" loading=\"lazy\" srcset=\"https:\/\/adanaseshaber.com.tr\/habercim\/wp-content\/uploads\/2026\/08\/1-15-768x201-429-300x79.jpg 300w, https:\/\/adanaseshaber.com.tr\/habercim\/wp-content\/uploads\/2026\/08\/1-15-768x201-429.jpg 768w\" sizes=\"(max-width: 300px) 100vw, 300px\" \/><\/a><\/p>\n"},"caption":{"rendered":"<p>Namaz\u0131 tadili erkan ile k\u0131lmak.<br \/>\nZekat\u0131n\u0131 tam, hatta fazla fazla vermek.<br \/>\nSabah vakti uyan\u0131k olmak.<br \/>\nVak\u0131a suresini okumaya devam etmek.<br \/>\nDuha namaz\u0131na devam etmek.<br \/>\nG\u00fcne\u015f do\u011farken \u201dEuzu Besmele\u201d ve \u201dSalavat\u201d okumak.<br \/>\nNamazlardan sonra okunmas\u0131 s\u00fcnnet olan tesbihata devam etmek.<\/p>\n<p>Kaynak : atv.com.tr<\/p>\n"},"alt_text":"","media_type":"image","mime_type":"image\/jpeg","media_details":{"width":768,"height":201,"file":"2026\/08\/1-15-768x201-429.jpg","sizes":{"medium":{"file":"1-15-768x201-429-300x79.jpg","width":300,"height":79,"mime_type":"image\/jpeg","source_url":"https:\/\/adanaseshaber.com.tr\/habercim\/wp-content\/uploads\/2026\/08\/1-15-768x201-429-300x79.jpg"},"thumbnail":{"file":"1-15-768x201-429-150x150.jpg","width":150,"height":150,"mime_type":"image\/jpeg","source_url":"https:\/\/adanaseshaber.com.tr\/habercim\/wp-content\/uploads\/2026\/08\/1-15-768x201-429-150x150.jpg"},"kucukResim":{"file":"1-15-768x201-429-80x50.jpg","width":80,"height":50,"mime_type":"image\/jpeg","source_url":"https:\/\/adanaseshaber.com.tr\/habercim\/wp-content\/uploads\/2026\/08\/1-15-768x201-429-80x50.jpg"},"sliderResim":{"file":"1-15-768x201-429-670x201.jpg","width":670,"height":201,"mime_type":"image\/jpeg","source_url":"https:\/\/adanaseshaber.com.tr\/habercim\/wp-content\/uploads\/2026\/08\/1-15-768x201-429-670x201.jpg"},"resim1":{"file":"1-15-768x201-429-184x140.jpg","width":184,"height":140,"mime_type":"image\/jpeg","source_url":"https:\/\/adanaseshaber.com.tr\/habercim\/wp-content\/uploads\/2026\/08\/1-15-768x201-429-184x140.jpg"},"resim2":{"file":"1-15-768x201-429-216x103.jpg","width":216,"height":103,"mime_type":"image\/jpeg","source_url":"https:\/\/adanaseshaber.com.tr\/habercim\/wp-content\/uploads\/2026\/08\/1-15-768x201-429-216x103.jpg"},"resim3":{"file":"1-15-768x201-429-145x70.jpg","width":145,"height":70,"mime_type":"image\/jpeg","source_url":"https:\/\/adanaseshaber.com.tr\/habercim\/wp-content\/uploads\/2026\/08\/1-15-768x201-429-145x70.jpg"},"sagSlider":{"file":"1-15-768x201-429-300x150.jpg","width":300,"height":150,"mime_type":"image\/jpeg","source_url":"https:\/\/adanaseshaber.com.tr\/habercim\/wp-content\/uploads\/2026\/08\/1-15-768x201-429-300x150.jpg"},"yeniSlider":{"file":"1-15-768x201-429-500x201.jpg","width":500,"height":201,"mime_type":"image\/jpeg","source_url":"https:\/\/adanaseshaber.com.tr\/habercim\/wp-content\/uploads\/2026\/08\/1-15-768x201-429-500x201.jpg"},"full":{"file":"1-15-768x201-429.jpg","width":768,"height":201,"mime_type":"image\/jpeg","source_url":"https:\/\/adanaseshaber.com.tr\/habercim\/wp-content\/uploads\/2026\/08\/1-15-768x201-429.jpg"}},"image_meta":{"aperture":"0","credit":"","camera":"","caption":"","created_timestamp":"0","copyright":"","focal_length":"0","iso":"0","shutter_speed":"0","title":"","orientation":"0","keywords":[]}},"post":52783,"source_url":"https:\/\/adanaseshaber.com.tr\/habercim\/wp-content\/uploads\/2026\/08\/1-15-768x201-429.jpg","_links":{"self":[{"href":"https:\/\/adanaseshaber.com.tr\/habercim\/wp-json\/wp\/v2\/media\/52785"}],"collection":[{"href":"https:\/\/adanaseshaber.com.tr\/habercim\/wp-json\/wp\/v2\/media"}],"about":[{"href":"https:\/\/adanaseshaber.com.tr\/habercim\/wp-json\/wp\/v2\/types\/attachment"}],"author":[{"embeddable":true,"href":"https:\/\/adanaseshaber.com.tr\/habercim\/wp-json\/wp\/v2\/users\/2"}],"replies":[{"embeddable":true,"href":"https:\/\/adanaseshaber.com.tr\/habercim\/wp-json\/wp\/v2\/comments?post=52785"}]}}

<p>Namazı tadili erkan ile kılmak.<br />
Zekatını tam, hatta fazla fazla vermek.<br />
Sabah vakti uyanık olmak.<br />
Vakıa suresini okumaya devam etmek.<br />
Duha namazına devam etmek.<br />
Güneş doğarken ”Euzu Besmele” ve ”Salavat” okumak.<br />
Namazlardan sonra okunması sünnet olan tesbihata devam etmek.</p>
<p>Kaynak : atv.com.tr</p>
