{"id":52805,"date":"2026-08-31T20:53:53","date_gmt":"2026-08-31T17:53:53","guid":{"rendered":"https:\/\/adanaseshaber.com.tr\/habercim\/wp-content\/uploads\/2026\/08\/1-15-768x201-437.jpg"},"modified":"2026-08-31T20:55:10","modified_gmt":"2026-08-31T17:55:10","slug":"1-15-768x201-3028","status":"inherit","type":"attachment","link":"https:\/\/adanaseshaber.com.tr\/habercim\/foto-galeri\/afad-ilk-veriler\/attachment\/1-15-768x201-3028\/","title":{"rendered":"AFAD ilk veriler"},"author":2,"comment_status":"open","ping_status":"closed","template":"","meta":[],"description":{"rendered":"<p class=\"attachment\"><a href='https:\/\/adanaseshaber.com.tr\/habercim\/wp-content\/uploads\/2026\/08\/1-15-768x201-437.jpg'><img width=\"300\" height=\"79\" src=\"https:\/\/adanaseshaber.com.tr\/habercim\/wp-content\/uploads\/2026\/08\/1-15-768x201-437-300x79.jpg\" class=\"attachment-medium size-medium\" alt=\"\" loading=\"lazy\" srcset=\"https:\/\/adanaseshaber.com.tr\/habercim\/wp-content\/uploads\/2026\/08\/1-15-768x201-437-300x79.jpg 300w, https:\/\/adanaseshaber.com.tr\/habercim\/wp-content\/uploads\/2026\/08\/1-15-768x201-437.jpg 768w\" sizes=\"(max-width: 300px) 100vw, 300px\" \/><\/a><\/p>\n"},"caption":{"rendered":"<p>Kayseri&#8217;nin P\u0131narba\u015f\u0131 il\u00e7esinde 3,4 b\u00fcy\u00fckl\u00fc\u011f\u00fcnde deprem meydana geldi. Afet ve Acil Durum Y\u00f6netimi Ba\u015fkanl\u0131\u011f\u0131 (AFAD), sars\u0131nt\u0131n\u0131n b\u00fcy\u00fckl\u00fc\u011f\u00fcn\u00fc duyurdu.<br \/>\nKayseri&#8217;de deprem meydana geldi. P\u0131narba\u015f\u0131 il\u00e7esinde ya\u015fanan 3,4 b\u00fcy\u00fckl\u00fc\u011f\u00fcndeki deprem k\u0131sa s\u00fcreli pani\u011fe neden oldu.<\/p>\n<p>AFAD VER\u0130LER\u0130 A\u00c7IKLADI<\/p>\n<p>Afet ve Acil Durum Y\u00f6netimi Ba\u015fkanl\u0131\u011f\u0131&#8217;n\u0131n (AFAD) a\u00e7\u0131klad\u0131\u011f\u0131 ilk verilere g\u00f6re, Kayseri&#8217;nin P\u0131narba\u015f\u0131 il\u00e7esinde saat 10.31&#8217;de 3,4 b\u00fcy\u00fckl\u00fc\u011f\u00fcnde deprem kaydedildi. Depremin yerin 14,4 kilometre derinli\u011finde meydana geldi\u011fi bildirildi. Depremin ard\u0131ndan b\u00f6lgede herhangi bir olumsuzluk bildirilmedi. Ekiplerin, olas\u0131 geli\u015fmelere kar\u015f\u0131 b\u00f6lgede incelemelerini s\u00fcrd\u00fcrd\u00fc\u011f\u00fc \u00f6\u011frenildi.<\/p>\n<p>Kaynak : bursadabugun.com<\/p>\n"},"alt_text":"","media_type":"image","mime_type":"image\/jpeg","media_details":{"width":768,"height":201,"file":"2026\/08\/1-15-768x201-437.jpg","sizes":{"medium":{"file":"1-15-768x201-437-300x79.jpg","width":300,"height":79,"mime_type":"image\/jpeg","source_url":"https:\/\/adanaseshaber.com.tr\/habercim\/wp-content\/uploads\/2026\/08\/1-15-768x201-437-300x79.jpg"},"thumbnail":{"file":"1-15-768x201-437-150x150.jpg","width":150,"height":150,"mime_type":"image\/jpeg","source_url":"https:\/\/adanaseshaber.com.tr\/habercim\/wp-content\/uploads\/2026\/08\/1-15-768x201-437-150x150.jpg"},"kucukResim":{"file":"1-15-768x201-437-80x50.jpg","width":80,"height":50,"mime_type":"image\/jpeg","source_url":"https:\/\/adanaseshaber.com.tr\/habercim\/wp-content\/uploads\/2026\/08\/1-15-768x201-437-80x50.jpg"},"sliderResim":{"file":"1-15-768x201-437-670x201.jpg","width":670,"height":201,"mime_type":"image\/jpeg","source_url":"https:\/\/adanaseshaber.com.tr\/habercim\/wp-content\/uploads\/2026\/08\/1-15-768x201-437-670x201.jpg"},"resim1":{"file":"1-15-768x201-437-184x140.jpg","width":184,"height":140,"mime_type":"image\/jpeg","source_url":"https:\/\/adanaseshaber.com.tr\/habercim\/wp-content\/uploads\/2026\/08\/1-15-768x201-437-184x140.jpg"},"resim2":{"file":"1-15-768x201-437-216x103.jpg","width":216,"height":103,"mime_type":"image\/jpeg","source_url":"https:\/\/adanaseshaber.com.tr\/habercim\/wp-content\/uploads\/2026\/08\/1-15-768x201-437-216x103.jpg"},"resim3":{"file":"1-15-768x201-437-145x70.jpg","width":145,"height":70,"mime_type":"image\/jpeg","source_url":"https:\/\/adanaseshaber.com.tr\/habercim\/wp-content\/uploads\/2026\/08\/1-15-768x201-437-145x70.jpg"},"sagSlider":{"file":"1-15-768x201-437-300x150.jpg","width":300,"height":150,"mime_type":"image\/jpeg","source_url":"https:\/\/adanaseshaber.com.tr\/habercim\/wp-content\/uploads\/2026\/08\/1-15-768x201-437-300x150.jpg"},"yeniSlider":{"file":"1-15-768x201-437-500x201.jpg","width":500,"height":201,"mime_type":"image\/jpeg","source_url":"https:\/\/adanaseshaber.com.tr\/habercim\/wp-content\/uploads\/2026\/08\/1-15-768x201-437-500x201.jpg"},"full":{"file":"1-15-768x201-437.jpg","width":768,"height":201,"mime_type":"image\/jpeg","source_url":"https:\/\/adanaseshaber.com.tr\/habercim\/wp-content\/uploads\/2026\/08\/1-15-768x201-437.jpg"}},"image_meta":{"aperture":"0","credit":"","camera":"","caption":"","created_timestamp":"0","copyright":"","focal_length":"0","iso":"0","shutter_speed":"0","title":"","orientation":"0","keywords":[]}},"post":52803,"source_url":"https:\/\/adanaseshaber.com.tr\/habercim\/wp-content\/uploads\/2026\/08\/1-15-768x201-437.jpg","_links":{"self":[{"href":"https:\/\/adanaseshaber.com.tr\/habercim\/wp-json\/wp\/v2\/media\/52805"}],"collection":[{"href":"https:\/\/adanaseshaber.com.tr\/habercim\/wp-json\/wp\/v2\/media"}],"about":[{"href":"https:\/\/adanaseshaber.com.tr\/habercim\/wp-json\/wp\/v2\/types\/attachment"}],"author":[{"embeddable":true,"href":"https:\/\/adanaseshaber.com.tr\/habercim\/wp-json\/wp\/v2\/users\/2"}],"replies":[{"embeddable":true,"href":"https:\/\/adanaseshaber.com.tr\/habercim\/wp-json\/wp\/v2\/comments?post=52805"}]}}

<p>Kayseri&#8217;nin Pınarbaşı ilçesinde 3,4 büyüklüğünde deprem meydana geldi. Afet ve Acil Durum Yönetimi Başkanlığı (AFAD), sarsıntının büyüklüğünü duyurdu.<br />
Kayseri&#8217;de deprem meydana geldi. Pınarbaşı ilçesinde yaşanan 3,4 büyüklüğündeki deprem kısa süreli paniğe neden oldu.</p>
<p>AFAD VERİLERİ AÇIKLADI</p>
<p>Afet ve Acil Durum Yönetimi Başkanlığı&#8217;nın (AFAD) açıkladığı ilk verilere göre, Kayseri&#8217;nin Pınarbaşı ilçesinde saat 10.31&#8217;de 3,4 büyüklüğünde deprem kaydedildi. Depremin yerin 14,4 kilometre derinliğinde meydana geldiği bildirildi. Depremin ardından bölgede herhangi bir olumsuzluk bildirilmedi. Ekiplerin, olası gelişmelere karşı bölgede incelemelerini sürdürdüğü öğrenildi.</p>
<p>Kaynak : bursadabugun.com</p>
