{"id":52809,"date":"2026-09-01T01:31:26","date_gmt":"2026-08-31T22:31:26","guid":{"rendered":"https:\/\/adanaseshaber.com.tr\/habercim\/wp-content\/uploads\/2026\/09\/80-205-768x384-1.webp"},"modified":"2026-09-01T01:31:44","modified_gmt":"2026-08-31T22:31:44","slug":"80-205-768x384-1-279","status":"inherit","type":"attachment","link":"https:\/\/adanaseshaber.com.tr\/habercim\/foto-galeri\/usakta-17-yasinda\/attachment\/80-205-768x384-1-279\/","title":{"rendered":"U\u015fak\u2019ta 17 ya\u015f\u0131nda"},"author":2,"comment_status":"open","ping_status":"closed","template":"","meta":[],"description":{"rendered":"<p class=\"attachment\"><a href='https:\/\/adanaseshaber.com.tr\/habercim\/wp-content\/uploads\/2026\/09\/80-205-768x384-1.webp'><img width=\"300\" height=\"150\" src=\"https:\/\/adanaseshaber.com.tr\/habercim\/wp-content\/uploads\/2026\/09\/80-205-768x384-1-300x150.webp\" class=\"attachment-medium size-medium\" alt=\"\" loading=\"lazy\" srcset=\"https:\/\/adanaseshaber.com.tr\/habercim\/wp-content\/uploads\/2026\/09\/80-205-768x384-1-300x150.webp 300w, https:\/\/adanaseshaber.com.tr\/habercim\/wp-content\/uploads\/2026\/09\/80-205-768x384-1.webp 768w\" sizes=\"(max-width: 300px) 100vw, 300px\" \/><\/a><\/p>\n"},"caption":{"rendered":"<p>U\u015fak\u2019ta 17 ya\u015f\u0131ndaki k\u0131z do\u011fum yapt\u0131 bebe\u011fi \u00e7\u00f6pe att\u0131 U\u015fak ta \u00e7\u00f6pte Yeni Do\u011fmu\u015f Erkek Bebek<br \/>\nG\u00fcvenlik g\u00fc\u00e7leri taraf\u0131ndan y\u00fcr\u00fct\u00fclen soru\u015fturman\u0131n \u00e7ok y\u00f6nl\u00fc olarak s\u00fcrd\u00fc\u011f\u00fc \u00f6\u011frenildi.<\/p>\n<p>devam\u0131 sonraki sayfada\u2026 g\u00f6rsel \u00fczerinden do2\u2019kununuz ge\u00e7ebilirsiniz\u2026<\/p>\n"},"alt_text":"","media_type":"image","mime_type":"image\/webp","media_details":{"width":768,"height":384,"file":"2026\/09\/80-205-768x384-1.webp","sizes":{"medium":{"file":"80-205-768x384-1-300x150.webp","width":300,"height":150,"mime_type":"image\/webp","source_url":"https:\/\/adanaseshaber.com.tr\/habercim\/wp-content\/uploads\/2026\/09\/80-205-768x384-1-300x150.webp"},"thumbnail":{"file":"80-205-768x384-1-150x150.webp","width":150,"height":150,"mime_type":"image\/webp","source_url":"https:\/\/adanaseshaber.com.tr\/habercim\/wp-content\/uploads\/2026\/09\/80-205-768x384-1-150x150.webp"},"kucukResim":{"file":"80-205-768x384-1-80x50.webp","width":80,"height":50,"mime_type":"image\/webp","source_url":"https:\/\/adanaseshaber.com.tr\/habercim\/wp-content\/uploads\/2026\/09\/80-205-768x384-1-80x50.webp"},"sliderResim":{"file":"80-205-768x384-1-670x330.webp","width":670,"height":330,"mime_type":"image\/webp","source_url":"https:\/\/adanaseshaber.com.tr\/habercim\/wp-content\/uploads\/2026\/09\/80-205-768x384-1-670x330.webp"},"resim1":{"file":"80-205-768x384-1-184x140.webp","width":184,"height":140,"mime_type":"image\/webp","source_url":"https:\/\/adanaseshaber.com.tr\/habercim\/wp-content\/uploads\/2026\/09\/80-205-768x384-1-184x140.webp"},"resim2":{"file":"80-205-768x384-1-216x103.webp","width":216,"height":103,"mime_type":"image\/webp","source_url":"https:\/\/adanaseshaber.com.tr\/habercim\/wp-content\/uploads\/2026\/09\/80-205-768x384-1-216x103.webp"},"resim3":{"file":"80-205-768x384-1-145x70.webp","width":145,"height":70,"mime_type":"image\/webp","source_url":"https:\/\/adanaseshaber.com.tr\/habercim\/wp-content\/uploads\/2026\/09\/80-205-768x384-1-145x70.webp"},"sagSlider":{"file":"80-205-768x384-1-300x150.webp","width":300,"height":150,"mime_type":"image\/webp","source_url":"https:\/\/adanaseshaber.com.tr\/habercim\/wp-content\/uploads\/2026\/09\/80-205-768x384-1-300x150.webp"},"yeniSlider":{"file":"80-205-768x384-1-500x290.webp","width":500,"height":290,"mime_type":"image\/webp","source_url":"https:\/\/adanaseshaber.com.tr\/habercim\/wp-content\/uploads\/2026\/09\/80-205-768x384-1-500x290.webp"},"full":{"file":"80-205-768x384-1.webp","width":768,"height":384,"mime_type":"image\/webp","source_url":"https:\/\/adanaseshaber.com.tr\/habercim\/wp-content\/uploads\/2026\/09\/80-205-768x384-1.webp"}},"image_meta":{"aperture":"0","credit":"","camera":"","caption":"","created_timestamp":"0","copyright":"","focal_length":"0","iso":"0","shutter_speed":"0","title":"","orientation":"0","keywords":[]}},"post":52808,"source_url":"https:\/\/adanaseshaber.com.tr\/habercim\/wp-content\/uploads\/2026\/09\/80-205-768x384-1.webp","_links":{"self":[{"href":"https:\/\/adanaseshaber.com.tr\/habercim\/wp-json\/wp\/v2\/media\/52809"}],"collection":[{"href":"https:\/\/adanaseshaber.com.tr\/habercim\/wp-json\/wp\/v2\/media"}],"about":[{"href":"https:\/\/adanaseshaber.com.tr\/habercim\/wp-json\/wp\/v2\/types\/attachment"}],"author":[{"embeddable":true,"href":"https:\/\/adanaseshaber.com.tr\/habercim\/wp-json\/wp\/v2\/users\/2"}],"replies":[{"embeddable":true,"href":"https:\/\/adanaseshaber.com.tr\/habercim\/wp-json\/wp\/v2\/comments?post=52809"}]}}

Uşak’ta 17 yaşında

<p>Uşak’ta 17 yaşındaki kız doğum yaptı bebeği çöpe attı Uşak ta çöpte Yeni Doğmuş Erkek Bebek<br />
Güvenlik güçleri tarafından yürütülen soruşturmanın çok yönlü olarak sürdüğü öğrenildi.</p>
<p>devamı sonraki sayfada… görsel üzerinden do2’kununuz geçebilirsiniz…</p>
