{"id":52814,"date":"2026-09-01T01:35:02","date_gmt":"2026-08-31T22:35:02","guid":{"rendered":"https:\/\/adanaseshaber.com.tr\/habercim\/wp-content\/uploads\/2026\/09\/images.png"},"modified":"2026-09-01T01:35:47","modified_gmt":"2026-08-31T22:35:47","slug":"images-39","status":"inherit","type":"attachment","link":"https:\/\/adanaseshaber.com.tr\/habercim\/genel\/muglanin-fethiye-ilcesi\/attachment\/images-39\/","title":{"rendered":"Mu\u011fla&#8217;n\u0131n Fethiye il\u00e7esi"},"author":2,"comment_status":"open","ping_status":"closed","template":"","meta":[],"description":{"rendered":"<p class=\"attachment\"><a href='https:\/\/adanaseshaber.com.tr\/habercim\/wp-content\/uploads\/2026\/09\/images.png'><img width=\"250\" height=\"164\" src=\"https:\/\/adanaseshaber.com.tr\/habercim\/wp-content\/uploads\/2026\/09\/images.png\" class=\"attachment-medium size-medium\" alt=\"\" loading=\"lazy\" \/><\/a><\/p>\n"},"caption":{"rendered":"<p>Mu\u011fla&#8217;n\u0131n Fethiye il\u00e7esi meydana gelen olayda \u00f6l\u00fc ve yaral\u0131lar var. Ekipler olay yerinden bildiriyor&#8230;<\/p>\n<p>devam\u0131 sonraki sayfada&#8230; g\u00f6rsel \u00fczerinden do2&#8217;kununuz ge\u00e7ebilirsiniz..<\/p>\n"},"alt_text":"","media_type":"image","mime_type":"image\/png","media_details":{"width":250,"height":164,"file":"2026\/09\/images.png","sizes":{"thumbnail":{"file":"images-150x150.png","width":150,"height":150,"mime_type":"image\/png","source_url":"https:\/\/adanaseshaber.com.tr\/habercim\/wp-content\/uploads\/2026\/09\/images-150x150.png"},"kucukResim":{"file":"images-80x50.png","width":80,"height":50,"mime_type":"image\/png","source_url":"https:\/\/adanaseshaber.com.tr\/habercim\/wp-content\/uploads\/2026\/09\/images-80x50.png"},"resim1":{"file":"images-184x140.png","width":184,"height":140,"mime_type":"image\/png","source_url":"https:\/\/adanaseshaber.com.tr\/habercim\/wp-content\/uploads\/2026\/09\/images-184x140.png"},"resim2":{"file":"images-216x103.png","width":216,"height":103,"mime_type":"image\/png","source_url":"https:\/\/adanaseshaber.com.tr\/habercim\/wp-content\/uploads\/2026\/09\/images-216x103.png"},"resim3":{"file":"images-145x70.png","width":145,"height":70,"mime_type":"image\/png","source_url":"https:\/\/adanaseshaber.com.tr\/habercim\/wp-content\/uploads\/2026\/09\/images-145x70.png"},"sagSlider":{"file":"images-250x150.png","width":250,"height":150,"mime_type":"image\/png","source_url":"https:\/\/adanaseshaber.com.tr\/habercim\/wp-content\/uploads\/2026\/09\/images-250x150.png"},"full":{"file":"images.png","width":250,"height":164,"mime_type":"image\/png","source_url":"https:\/\/adanaseshaber.com.tr\/habercim\/wp-content\/uploads\/2026\/09\/images.png"}},"image_meta":{"aperture":"0","credit":"","camera":"","caption":"","created_timestamp":"0","copyright":"","focal_length":"0","iso":"0","shutter_speed":"0","title":"","orientation":"0","keywords":[]}},"post":52813,"source_url":"https:\/\/adanaseshaber.com.tr\/habercim\/wp-content\/uploads\/2026\/09\/images.png","_links":{"self":[{"href":"https:\/\/adanaseshaber.com.tr\/habercim\/wp-json\/wp\/v2\/media\/52814"}],"collection":[{"href":"https:\/\/adanaseshaber.com.tr\/habercim\/wp-json\/wp\/v2\/media"}],"about":[{"href":"https:\/\/adanaseshaber.com.tr\/habercim\/wp-json\/wp\/v2\/types\/attachment"}],"author":[{"embeddable":true,"href":"https:\/\/adanaseshaber.com.tr\/habercim\/wp-json\/wp\/v2\/users\/2"}],"replies":[{"embeddable":true,"href":"https:\/\/adanaseshaber.com.tr\/habercim\/wp-json\/wp\/v2\/comments?post=52814"}]}}

Muğla&#8217;nın Fethiye ilçesi

<p>Muğla&#8217;nın Fethiye ilçesi meydana gelen olayda ölü ve yaralılar var. Ekipler olay yerinden bildiriyor&#8230;</p>
<p>devamı sonraki sayfada&#8230; görsel üzerinden do2&#8217;kununuz geçebilirsiniz..</p>
