{"id":52815,"date":"2026-09-01T01:35:06","date_gmt":"2026-08-31T22:35:06","guid":{"rendered":"https:\/\/adanaseshaber.com.tr\/habercim\/wp-content\/uploads\/2026\/09\/1-15-768x201-3.jpg"},"modified":"2026-09-01T01:36:25","modified_gmt":"2026-08-31T22:36:25","slug":"1-15-768x201-3032","status":"inherit","type":"attachment","link":"https:\/\/adanaseshaber.com.tr\/habercim\/genel\/muglanin-fethiye-ilcesi\/attachment\/1-15-768x201-3032\/","title":{"rendered":"Mu\u011fla&#8217;n\u0131n Fethiye il\u00e7esi"},"author":2,"comment_status":"open","ping_status":"closed","template":"","meta":[],"description":{"rendered":"<p class=\"attachment\"><a href='https:\/\/adanaseshaber.com.tr\/habercim\/wp-content\/uploads\/2026\/09\/1-15-768x201-3.jpg'><img width=\"300\" height=\"79\" src=\"https:\/\/adanaseshaber.com.tr\/habercim\/wp-content\/uploads\/2026\/09\/1-15-768x201-3-300x79.jpg\" class=\"attachment-medium size-medium\" alt=\"\" loading=\"lazy\" srcset=\"https:\/\/adanaseshaber.com.tr\/habercim\/wp-content\/uploads\/2026\/09\/1-15-768x201-3-300x79.jpg 300w, https:\/\/adanaseshaber.com.tr\/habercim\/wp-content\/uploads\/2026\/09\/1-15-768x201-3.jpg 768w\" sizes=\"(max-width: 300px) 100vw, 300px\" \/><\/a><\/p>\n"},"caption":{"rendered":"<p>Mu\u011fla&#8217;n\u0131n Fethiye il\u00e7esindeki Babada\u011f&#8217;dan tandem atlay\u0131\u015f\u0131 yapt\u0131ktan k\u0131sa s\u00fcre sonra kayal\u0131klara d\u00fc\u015fen yama\u00e7 para\u015f\u00fct\u00fc pilotu Ali K\u0131d\u0131l ile yan\u0131ndaki \u00c7in uyruklu turist Xiangrui Meng hayat\u0131n\u0131 kaybetti.<br \/>\nYama\u00e7 para\u015f\u00fct\u00fc pilotu Ali K\u0131d\u0131l ve \u00c7in uyruklu turist Xiangrui Meng, sabah saatlerinde \u00d6l\u00fcdeniz Mahallesi&#8217;ndeki Babada\u011f&#8217;\u0131n 1900 metre pistinden tandem u\u00e7u\u015f i\u00e7in havaland\u0131.<br \/>\nPara\u015f\u00fct, havaland\u0131ktan k\u0131sa s\u00fcre sonra hen\u00fcz belirlenemeyen nedenle kayal\u0131k ve sarp b\u00f6lgeye d\u00fc\u015ft\u00fc.<\/p>\n<p>Kazay\u0131 g\u00f6ren di\u011fer yama\u00e7 para\u015f\u00fct\u00fc pilotlar\u0131n\u0131n ihbar\u0131 \u00fczerine b\u00f6lgeye UMKE ile Jandarma Arama Kurtarma (JAK) ekipleri sevk edildi.<\/p>\n<p>Sarp ve kayal\u0131k arazi nedeniyle ekipler, kazazedelere ula\u015fmak i\u00e7in yakla\u015f\u0131k 10 saat s\u00fcren \u00e7al\u0131\u015fma y\u00fcr\u00fctt\u00fc. Operasyona helikopterle de destek sa\u011fland\u0131.<\/p>\n<p>Ekipler, zorlu \u00e7al\u0131\u015fman\u0131n ard\u0131ndan kayal\u0131k b\u00f6lgede iki ki\u015finin cans\u0131z bedenine ula\u015ft\u0131.<\/p>\n<p>Cenazeler, bulunduklar\u0131 b\u00f6lgeden al\u0131narak helikopterle Fethiye Devlet Hastanesi morguna kald\u0131r\u0131ld\u0131.<\/p>\n<p>Kaynak : trthaber.com<\/p>\n"},"alt_text":"","media_type":"image","mime_type":"image\/jpeg","media_details":{"width":768,"height":201,"file":"2026\/09\/1-15-768x201-3.jpg","sizes":{"medium":{"file":"1-15-768x201-3-300x79.jpg","width":300,"height":79,"mime_type":"image\/jpeg","source_url":"https:\/\/adanaseshaber.com.tr\/habercim\/wp-content\/uploads\/2026\/09\/1-15-768x201-3-300x79.jpg"},"thumbnail":{"file":"1-15-768x201-3-150x150.jpg","width":150,"height":150,"mime_type":"image\/jpeg","source_url":"https:\/\/adanaseshaber.com.tr\/habercim\/wp-content\/uploads\/2026\/09\/1-15-768x201-3-150x150.jpg"},"kucukResim":{"file":"1-15-768x201-3-80x50.jpg","width":80,"height":50,"mime_type":"image\/jpeg","source_url":"https:\/\/adanaseshaber.com.tr\/habercim\/wp-content\/uploads\/2026\/09\/1-15-768x201-3-80x50.jpg"},"sliderResim":{"file":"1-15-768x201-3-670x201.jpg","width":670,"height":201,"mime_type":"image\/jpeg","source_url":"https:\/\/adanaseshaber.com.tr\/habercim\/wp-content\/uploads\/2026\/09\/1-15-768x201-3-670x201.jpg"},"resim1":{"file":"1-15-768x201-3-184x140.jpg","width":184,"height":140,"mime_type":"image\/jpeg","source_url":"https:\/\/adanaseshaber.com.tr\/habercim\/wp-content\/uploads\/2026\/09\/1-15-768x201-3-184x140.jpg"},"resim2":{"file":"1-15-768x201-3-216x103.jpg","width":216,"height":103,"mime_type":"image\/jpeg","source_url":"https:\/\/adanaseshaber.com.tr\/habercim\/wp-content\/uploads\/2026\/09\/1-15-768x201-3-216x103.jpg"},"resim3":{"file":"1-15-768x201-3-145x70.jpg","width":145,"height":70,"mime_type":"image\/jpeg","source_url":"https:\/\/adanaseshaber.com.tr\/habercim\/wp-content\/uploads\/2026\/09\/1-15-768x201-3-145x70.jpg"},"sagSlider":{"file":"1-15-768x201-3-300x150.jpg","width":300,"height":150,"mime_type":"image\/jpeg","source_url":"https:\/\/adanaseshaber.com.tr\/habercim\/wp-content\/uploads\/2026\/09\/1-15-768x201-3-300x150.jpg"},"yeniSlider":{"file":"1-15-768x201-3-500x201.jpg","width":500,"height":201,"mime_type":"image\/jpeg","source_url":"https:\/\/adanaseshaber.com.tr\/habercim\/wp-content\/uploads\/2026\/09\/1-15-768x201-3-500x201.jpg"},"full":{"file":"1-15-768x201-3.jpg","width":768,"height":201,"mime_type":"image\/jpeg","source_url":"https:\/\/adanaseshaber.com.tr\/habercim\/wp-content\/uploads\/2026\/09\/1-15-768x201-3.jpg"}},"image_meta":{"aperture":"0","credit":"","camera":"","caption":"","created_timestamp":"0","copyright":"","focal_length":"0","iso":"0","shutter_speed":"0","title":"","orientation":"0","keywords":[]}},"post":52813,"source_url":"https:\/\/adanaseshaber.com.tr\/habercim\/wp-content\/uploads\/2026\/09\/1-15-768x201-3.jpg","_links":{"self":[{"href":"https:\/\/adanaseshaber.com.tr\/habercim\/wp-json\/wp\/v2\/media\/52815"}],"collection":[{"href":"https:\/\/adanaseshaber.com.tr\/habercim\/wp-json\/wp\/v2\/media"}],"about":[{"href":"https:\/\/adanaseshaber.com.tr\/habercim\/wp-json\/wp\/v2\/types\/attachment"}],"author":[{"embeddable":true,"href":"https:\/\/adanaseshaber.com.tr\/habercim\/wp-json\/wp\/v2\/users\/2"}],"replies":[{"embeddable":true,"href":"https:\/\/adanaseshaber.com.tr\/habercim\/wp-json\/wp\/v2\/comments?post=52815"}]}}

Muğla&#8217;nın Fethiye ilçesi

<p>Muğla&#8217;nın Fethiye ilçesindeki Babadağ&#8217;dan tandem atlayışı yaptıktan kısa süre sonra kayalıklara düşen yamaç paraşütü pilotu Ali Kıdıl ile yanındaki Çin uyruklu turist Xiangrui Meng hayatını kaybetti.<br />
Yamaç paraşütü pilotu Ali Kıdıl ve Çin uyruklu turist Xiangrui Meng, sabah saatlerinde Ölüdeniz Mahallesi&#8217;ndeki Babadağ&#8217;ın 1900 metre pistinden tandem uçuş için havalandı.<br />
Paraşüt, havalandıktan kısa süre sonra henüz belirlenemeyen nedenle kayalık ve sarp bölgeye düştü.</p>
<p>Kazayı gören diğer yamaç paraşütü pilotlarının ihbarı üzerine bölgeye UMKE ile Jandarma Arama Kurtarma (JAK) ekipleri sevk edildi.</p>
<p>Sarp ve kayalık arazi nedeniyle ekipler, kazazedelere ulaşmak için yaklaşık 10 saat süren çalışma yürüttü. Operasyona helikopterle de destek sağlandı.</p>
<p>Ekipler, zorlu çalışmanın ardından kayalık bölgede iki kişinin cansız bedenine ulaştı.</p>
<p>Cenazeler, bulundukları bölgeden alınarak helikopterle Fethiye Devlet Hastanesi morguna kaldırıldı.</p>
<p>Kaynak : trthaber.com</p>
