{"id":52845,"date":"2026-09-01T18:40:14","date_gmt":"2026-09-01T15:40:14","guid":{"rendered":"https:\/\/adanaseshaber.com.tr\/habercim\/wp-content\/uploads\/2026\/09\/1-15-768x201-15.jpg"},"modified":"2026-09-01T18:43:27","modified_gmt":"2026-09-01T15:43:27","slug":"1-15-768x201-3044","status":"inherit","type":"attachment","link":"https:\/\/adanaseshaber.com.tr\/habercim\/foto-galeri\/afad-verileri\/attachment\/1-15-768x201-3044\/","title":{"rendered":"AFAD verileri"},"author":2,"comment_status":"open","ping_status":"closed","template":"","meta":[],"description":{"rendered":"<p class=\"attachment\"><a href='https:\/\/adanaseshaber.com.tr\/habercim\/wp-content\/uploads\/2026\/09\/1-15-768x201-15.jpg'><img width=\"300\" height=\"79\" src=\"https:\/\/adanaseshaber.com.tr\/habercim\/wp-content\/uploads\/2026\/09\/1-15-768x201-15-300x79.jpg\" class=\"attachment-medium size-medium\" alt=\"\" loading=\"lazy\" srcset=\"https:\/\/adanaseshaber.com.tr\/habercim\/wp-content\/uploads\/2026\/09\/1-15-768x201-15-300x79.jpg 300w, https:\/\/adanaseshaber.com.tr\/habercim\/wp-content\/uploads\/2026\/09\/1-15-768x201-15.jpg 768w\" sizes=\"(max-width: 300px) 100vw, 300px\" \/><\/a><\/p>\n"},"caption":{"rendered":"<p>AFAD verilerine g\u00f6re, Ege Denizi&#8217;nde \u0130zmir&#8217;in Karaburun a\u00e7\u0131klar\u0131nda 3.7 b\u00fcy\u00fckl\u00fc\u011f\u00fcnde bir deprem meydana geldi.<br \/>\n\u0130zmir&#8217;de Deprem! Ege Denizi&#8217;nde 3.7 B\u00fcy\u00fckl\u00fc\u011f\u00fcnde Sars\u0131nt\u0131<\/p>\n<p>Afet ve Acil Durum Y\u00f6netimi Ba\u015fkanl\u0131\u011f\u0131 (AFAD) Deprem Dairesi&#8217;nin verilerine g\u00f6re, Ege Denizi&#8217;nde \u0130zmir&#8217;in Karaburun a\u00e7\u0131klar\u0131nda saat 21.33&#8217;te bir deprem kaydedildi.<\/p>\n<p>Yerin 43.4 kilometre derinli\u011finde meydana gelen depremin b\u00fcy\u00fckl\u00fc\u011f\u00fc 3.7 (Ml) olarak \u00f6l\u00e7\u00fcld\u00fc. Merkez \u00fcss\u00fcn\u00fcn Karaburun&#8217;a yakla\u015f\u0131k 55.37 kilometre mesafede oldu\u011fu bildirildi. Sars\u0131nt\u0131 sonras\u0131nda ilk belirlemelere g\u00f6re herhangi bir olumsuzluk ya\u015fanmad\u0131. <\/p>\n<p>Kaynak : yeniasir.com.tr<\/p>\n"},"alt_text":"","media_type":"image","mime_type":"image\/jpeg","media_details":{"width":768,"height":201,"file":"2026\/09\/1-15-768x201-15.jpg","sizes":{"medium":{"file":"1-15-768x201-15-300x79.jpg","width":300,"height":79,"mime_type":"image\/jpeg","source_url":"https:\/\/adanaseshaber.com.tr\/habercim\/wp-content\/uploads\/2026\/09\/1-15-768x201-15-300x79.jpg"},"thumbnail":{"file":"1-15-768x201-15-150x150.jpg","width":150,"height":150,"mime_type":"image\/jpeg","source_url":"https:\/\/adanaseshaber.com.tr\/habercim\/wp-content\/uploads\/2026\/09\/1-15-768x201-15-150x150.jpg"},"kucukResim":{"file":"1-15-768x201-15-80x50.jpg","width":80,"height":50,"mime_type":"image\/jpeg","source_url":"https:\/\/adanaseshaber.com.tr\/habercim\/wp-content\/uploads\/2026\/09\/1-15-768x201-15-80x50.jpg"},"sliderResim":{"file":"1-15-768x201-15-670x201.jpg","width":670,"height":201,"mime_type":"image\/jpeg","source_url":"https:\/\/adanaseshaber.com.tr\/habercim\/wp-content\/uploads\/2026\/09\/1-15-768x201-15-670x201.jpg"},"resim1":{"file":"1-15-768x201-15-184x140.jpg","width":184,"height":140,"mime_type":"image\/jpeg","source_url":"https:\/\/adanaseshaber.com.tr\/habercim\/wp-content\/uploads\/2026\/09\/1-15-768x201-15-184x140.jpg"},"resim2":{"file":"1-15-768x201-15-216x103.jpg","width":216,"height":103,"mime_type":"image\/jpeg","source_url":"https:\/\/adanaseshaber.com.tr\/habercim\/wp-content\/uploads\/2026\/09\/1-15-768x201-15-216x103.jpg"},"resim3":{"file":"1-15-768x201-15-145x70.jpg","width":145,"height":70,"mime_type":"image\/jpeg","source_url":"https:\/\/adanaseshaber.com.tr\/habercim\/wp-content\/uploads\/2026\/09\/1-15-768x201-15-145x70.jpg"},"sagSlider":{"file":"1-15-768x201-15-300x150.jpg","width":300,"height":150,"mime_type":"image\/jpeg","source_url":"https:\/\/adanaseshaber.com.tr\/habercim\/wp-content\/uploads\/2026\/09\/1-15-768x201-15-300x150.jpg"},"yeniSlider":{"file":"1-15-768x201-15-500x201.jpg","width":500,"height":201,"mime_type":"image\/jpeg","source_url":"https:\/\/adanaseshaber.com.tr\/habercim\/wp-content\/uploads\/2026\/09\/1-15-768x201-15-500x201.jpg"},"full":{"file":"1-15-768x201-15.jpg","width":768,"height":201,"mime_type":"image\/jpeg","source_url":"https:\/\/adanaseshaber.com.tr\/habercim\/wp-content\/uploads\/2026\/09\/1-15-768x201-15.jpg"}},"image_meta":{"aperture":"0","credit":"","camera":"","caption":"","created_timestamp":"0","copyright":"","focal_length":"0","iso":"0","shutter_speed":"0","title":"","orientation":"0","keywords":[]}},"post":52843,"source_url":"https:\/\/adanaseshaber.com.tr\/habercim\/wp-content\/uploads\/2026\/09\/1-15-768x201-15.jpg","_links":{"self":[{"href":"https:\/\/adanaseshaber.com.tr\/habercim\/wp-json\/wp\/v2\/media\/52845"}],"collection":[{"href":"https:\/\/adanaseshaber.com.tr\/habercim\/wp-json\/wp\/v2\/media"}],"about":[{"href":"https:\/\/adanaseshaber.com.tr\/habercim\/wp-json\/wp\/v2\/types\/attachment"}],"author":[{"embeddable":true,"href":"https:\/\/adanaseshaber.com.tr\/habercim\/wp-json\/wp\/v2\/users\/2"}],"replies":[{"embeddable":true,"href":"https:\/\/adanaseshaber.com.tr\/habercim\/wp-json\/wp\/v2\/comments?post=52845"}]}}

<p>AFAD verilerine göre, Ege Denizi&#8217;nde İzmir&#8217;in Karaburun açıklarında 3.7 büyüklüğünde bir deprem meydana geldi.<br />
İzmir&#8217;de Deprem! Ege Denizi&#8217;nde 3.7 Büyüklüğünde Sarsıntı</p>
<p>Afet ve Acil Durum Yönetimi Başkanlığı (AFAD) Deprem Dairesi&#8217;nin verilerine göre, Ege Denizi&#8217;nde İzmir&#8217;in Karaburun açıklarında saat 21.33&#8217;te bir deprem kaydedildi.</p>
<p>Yerin 43.4 kilometre derinliğinde meydana gelen depremin büyüklüğü 3.7 (Ml) olarak ölçüldü. Merkez üssünün Karaburun&#8217;a yaklaşık 55.37 kilometre mesafede olduğu bildirildi. Sarsıntı sonrasında ilk belirlemelere göre herhangi bir olumsuzluk yaşanmadı. </p>
<p>Kaynak : yeniasir.com.tr</p>
