{"id":52849,"date":"2026-09-01T23:10:35","date_gmt":"2026-09-01T20:10:35","guid":{"rendered":"https:\/\/adanaseshaber.com.tr\/habercim\/wp-content\/uploads\/2026\/09\/images-6-1.jpg"},"modified":"2026-09-01T23:10:57","modified_gmt":"2026-09-01T20:10:57","slug":"images-6-43","status":"inherit","type":"attachment","link":"https:\/\/adanaseshaber.com.tr\/habercim\/foto-galeri\/istanbul-icin-duyurdu\/attachment\/images-6-43\/","title":{"rendered":"\u0130stanbul i\u00e7in duyurdu"},"author":2,"comment_status":"open","ping_status":"closed","template":"","meta":[],"description":{"rendered":"<p class=\"attachment\"><a href='https:\/\/adanaseshaber.com.tr\/habercim\/wp-content\/uploads\/2026\/09\/images-6-1.jpg'><img width=\"300\" height=\"226\" src=\"https:\/\/adanaseshaber.com.tr\/habercim\/wp-content\/uploads\/2026\/09\/images-6-1-300x226.jpg\" class=\"attachment-medium size-medium\" alt=\"\" loading=\"lazy\" srcset=\"https:\/\/adanaseshaber.com.tr\/habercim\/wp-content\/uploads\/2026\/09\/images-6-1-300x226.jpg 300w, https:\/\/adanaseshaber.com.tr\/habercim\/wp-content\/uploads\/2026\/09\/images-6-1-184x140.jpg 184w, https:\/\/adanaseshaber.com.tr\/habercim\/wp-content\/uploads\/2026\/09\/images-6-1.jpg 515w\" sizes=\"(max-width: 300px) 100vw, 300px\" \/><\/a><\/p>\n"},"caption":{"rendered":"<p>2025 senesi itibariyle \u0130stanbul\u2019da meydana gelen 6.2 b\u00fcy\u00fckl\u00fc\u011f\u00fcndeki son deprem, \u015fehirdeki milyonlarca insan\u0131 derinden sarst\u0131 ve \u201c\u0130stanbul\u2019da deprem riski en y\u00fcksek il\u00e7eler hangileri?\u201d sorusunu tekrar g\u00fcndeme ta\u015f\u0131d\u0131.<\/p>\n<p>devam\u0131 sonraki sayfada\u2026 g\u00f6rsel \u00fczerinden do2\u2019kununuz ge\u00e7ebilirsiniz\u2026<\/p>\n"},"alt_text":"","media_type":"image","mime_type":"image\/jpeg","media_details":{"width":515,"height":388,"file":"2026\/09\/images-6-1.jpg","sizes":{"medium":{"file":"images-6-1-300x226.jpg","width":300,"height":226,"mime_type":"image\/jpeg","source_url":"https:\/\/adanaseshaber.com.tr\/habercim\/wp-content\/uploads\/2026\/09\/images-6-1-300x226.jpg"},"thumbnail":{"file":"images-6-1-150x150.jpg","width":150,"height":150,"mime_type":"image\/jpeg","source_url":"https:\/\/adanaseshaber.com.tr\/habercim\/wp-content\/uploads\/2026\/09\/images-6-1-150x150.jpg"},"kucukResim":{"file":"images-6-1-80x50.jpg","width":80,"height":50,"mime_type":"image\/jpeg","source_url":"https:\/\/adanaseshaber.com.tr\/habercim\/wp-content\/uploads\/2026\/09\/images-6-1-80x50.jpg"},"sliderResim":{"file":"images-6-1-515x330.jpg","width":515,"height":330,"mime_type":"image\/jpeg","source_url":"https:\/\/adanaseshaber.com.tr\/habercim\/wp-content\/uploads\/2026\/09\/images-6-1-515x330.jpg"},"resim1":{"file":"images-6-1-184x140.jpg","width":184,"height":140,"mime_type":"image\/jpeg","source_url":"https:\/\/adanaseshaber.com.tr\/habercim\/wp-content\/uploads\/2026\/09\/images-6-1-184x140.jpg"},"resim2":{"file":"images-6-1-216x103.jpg","width":216,"height":103,"mime_type":"image\/jpeg","source_url":"https:\/\/adanaseshaber.com.tr\/habercim\/wp-content\/uploads\/2026\/09\/images-6-1-216x103.jpg"},"resim3":{"file":"images-6-1-145x70.jpg","width":145,"height":70,"mime_type":"image\/jpeg","source_url":"https:\/\/adanaseshaber.com.tr\/habercim\/wp-content\/uploads\/2026\/09\/images-6-1-145x70.jpg"},"sagSlider":{"file":"images-6-1-300x150.jpg","width":300,"height":150,"mime_type":"image\/jpeg","source_url":"https:\/\/adanaseshaber.com.tr\/habercim\/wp-content\/uploads\/2026\/09\/images-6-1-300x150.jpg"},"yeniSlider":{"file":"images-6-1-500x290.jpg","width":500,"height":290,"mime_type":"image\/jpeg","source_url":"https:\/\/adanaseshaber.com.tr\/habercim\/wp-content\/uploads\/2026\/09\/images-6-1-500x290.jpg"},"full":{"file":"images-6-1.jpg","width":515,"height":388,"mime_type":"image\/jpeg","source_url":"https:\/\/adanaseshaber.com.tr\/habercim\/wp-content\/uploads\/2026\/09\/images-6-1.jpg"}},"image_meta":{"aperture":"0","credit":"","camera":"","caption":"","created_timestamp":"0","copyright":"","focal_length":"0","iso":"0","shutter_speed":"0","title":"","orientation":"0","keywords":[]}},"post":52848,"source_url":"https:\/\/adanaseshaber.com.tr\/habercim\/wp-content\/uploads\/2026\/09\/images-6-1.jpg","_links":{"self":[{"href":"https:\/\/adanaseshaber.com.tr\/habercim\/wp-json\/wp\/v2\/media\/52849"}],"collection":[{"href":"https:\/\/adanaseshaber.com.tr\/habercim\/wp-json\/wp\/v2\/media"}],"about":[{"href":"https:\/\/adanaseshaber.com.tr\/habercim\/wp-json\/wp\/v2\/types\/attachment"}],"author":[{"embeddable":true,"href":"https:\/\/adanaseshaber.com.tr\/habercim\/wp-json\/wp\/v2\/users\/2"}],"replies":[{"embeddable":true,"href":"https:\/\/adanaseshaber.com.tr\/habercim\/wp-json\/wp\/v2\/comments?post=52849"}]}}

İstanbul için duyurdu

<p>2025 senesi itibariyle İstanbul’da meydana gelen 6.2 büyüklüğündeki son deprem, şehirdeki milyonlarca insanı derinden sarstı ve “İstanbul’da deprem riski en yüksek ilçeler hangileri?” sorusunu tekrar gündeme taşıdı.</p>
<p>devamı sonraki sayfada… görsel üzerinden do2’kununuz geçebilirsiniz…</p>
