{"id":52864,"date":"2026-09-01T23:21:40","date_gmt":"2026-09-01T20:21:40","guid":{"rendered":"https:\/\/adanaseshaber.com.tr\/habercim\/wp-content\/uploads\/2026\/09\/PARA.webp"},"modified":"2026-09-01T23:22:09","modified_gmt":"2026-09-01T20:22:09","slug":"para-239","status":"inherit","type":"attachment","link":"https:\/\/adanaseshaber.com.tr\/habercim\/foto-galeri\/emeklilere-verilecek-destek\/attachment\/para-239\/","title":{"rendered":"Emeklilere verilecek destek"},"author":2,"comment_status":"open","ping_status":"closed","template":"","meta":[],"description":{"rendered":"<p class=\"attachment\"><a href='https:\/\/adanaseshaber.com.tr\/habercim\/wp-content\/uploads\/2026\/09\/PARA.webp'><img width=\"300\" height=\"150\" src=\"https:\/\/adanaseshaber.com.tr\/habercim\/wp-content\/uploads\/2026\/09\/PARA-300x150.webp\" class=\"attachment-medium size-medium\" alt=\"\" loading=\"lazy\" srcset=\"https:\/\/adanaseshaber.com.tr\/habercim\/wp-content\/uploads\/2026\/09\/PARA-300x150.webp 300w, https:\/\/adanaseshaber.com.tr\/habercim\/wp-content\/uploads\/2026\/09\/PARA.webp 768w\" sizes=\"(max-width: 300px) 100vw, 300px\" \/><\/a><\/p>\n"},"caption":{"rendered":"<p>Emeklilerin y\u00fcz\u00fc g\u00fclecek: Emeklilere verilecek destek paketi resmiyet kazan\u0131yor. . Emeklilere y\u00f6nelik destekler art\u0131k resmiyet kazan\u0131yor. Son g\u00fcnlerde emeklilerin ya\u015fam standartlar\u0131n\u0131 iyile\u015ftirmeye y\u00f6nelik olarak yap\u0131lan \u00e7al\u0131\u015fmalar\u0131n ard\u0131ndan, iktidar taraf\u0131ndan emeklilere y\u00f6nelik yeni destek paketi detaylar\u0131 netle\u015fti.<\/p>\n<p>devam\u0131 sonraki sayfada\u2026<\/p>\n"},"alt_text":"","media_type":"image","mime_type":"image\/webp","media_details":{"width":768,"height":384,"file":"2026\/09\/PARA.webp","sizes":{"medium":{"file":"PARA-300x150.webp","width":300,"height":150,"mime_type":"image\/webp","source_url":"https:\/\/adanaseshaber.com.tr\/habercim\/wp-content\/uploads\/2026\/09\/PARA-300x150.webp"},"thumbnail":{"file":"PARA-150x150.webp","width":150,"height":150,"mime_type":"image\/webp","source_url":"https:\/\/adanaseshaber.com.tr\/habercim\/wp-content\/uploads\/2026\/09\/PARA-150x150.webp"},"kucukResim":{"file":"PARA-80x50.webp","width":80,"height":50,"mime_type":"image\/webp","source_url":"https:\/\/adanaseshaber.com.tr\/habercim\/wp-content\/uploads\/2026\/09\/PARA-80x50.webp"},"sliderResim":{"file":"PARA-670x330.webp","width":670,"height":330,"mime_type":"image\/webp","source_url":"https:\/\/adanaseshaber.com.tr\/habercim\/wp-content\/uploads\/2026\/09\/PARA-670x330.webp"},"resim1":{"file":"PARA-184x140.webp","width":184,"height":140,"mime_type":"image\/webp","source_url":"https:\/\/adanaseshaber.com.tr\/habercim\/wp-content\/uploads\/2026\/09\/PARA-184x140.webp"},"resim2":{"file":"PARA-216x103.webp","width":216,"height":103,"mime_type":"image\/webp","source_url":"https:\/\/adanaseshaber.com.tr\/habercim\/wp-content\/uploads\/2026\/09\/PARA-216x103.webp"},"resim3":{"file":"PARA-145x70.webp","width":145,"height":70,"mime_type":"image\/webp","source_url":"https:\/\/adanaseshaber.com.tr\/habercim\/wp-content\/uploads\/2026\/09\/PARA-145x70.webp"},"sagSlider":{"file":"PARA-300x150.webp","width":300,"height":150,"mime_type":"image\/webp","source_url":"https:\/\/adanaseshaber.com.tr\/habercim\/wp-content\/uploads\/2026\/09\/PARA-300x150.webp"},"yeniSlider":{"file":"PARA-500x290.webp","width":500,"height":290,"mime_type":"image\/webp","source_url":"https:\/\/adanaseshaber.com.tr\/habercim\/wp-content\/uploads\/2026\/09\/PARA-500x290.webp"},"full":{"file":"PARA.webp","width":768,"height":384,"mime_type":"image\/webp","source_url":"https:\/\/adanaseshaber.com.tr\/habercim\/wp-content\/uploads\/2026\/09\/PARA.webp"}},"image_meta":{"aperture":"0","credit":"","camera":"","caption":"","created_timestamp":"0","copyright":"","focal_length":"0","iso":"0","shutter_speed":"0","title":"","orientation":"0","keywords":[]}},"post":52863,"source_url":"https:\/\/adanaseshaber.com.tr\/habercim\/wp-content\/uploads\/2026\/09\/PARA.webp","_links":{"self":[{"href":"https:\/\/adanaseshaber.com.tr\/habercim\/wp-json\/wp\/v2\/media\/52864"}],"collection":[{"href":"https:\/\/adanaseshaber.com.tr\/habercim\/wp-json\/wp\/v2\/media"}],"about":[{"href":"https:\/\/adanaseshaber.com.tr\/habercim\/wp-json\/wp\/v2\/types\/attachment"}],"author":[{"embeddable":true,"href":"https:\/\/adanaseshaber.com.tr\/habercim\/wp-json\/wp\/v2\/users\/2"}],"replies":[{"embeddable":true,"href":"https:\/\/adanaseshaber.com.tr\/habercim\/wp-json\/wp\/v2\/comments?post=52864"}]}}

<p>Emeklilerin yüzü gülecek: Emeklilere verilecek destek paketi resmiyet kazanıyor. . Emeklilere yönelik destekler artık resmiyet kazanıyor. Son günlerde emeklilerin yaşam standartlarını iyileştirmeye yönelik olarak yapılan çalışmaların ardından, iktidar tarafından emeklilere yönelik yeni destek paketi detayları netleşti.</p>
<p>devamı sonraki sayfada…</p>
