{"id":52881,"date":"2026-09-03T02:15:36","date_gmt":"2026-09-02T23:15:36","guid":{"rendered":"https:\/\/adanaseshaber.com.tr\/habercim\/wp-content\/uploads\/2026\/09\/1-15-768x201-29.jpg"},"modified":"2026-09-03T02:17:05","modified_gmt":"2026-09-02T23:17:05","slug":"1-15-768x201-3058","status":"inherit","type":"attachment","link":"https:\/\/adanaseshaber.com.tr\/habercim\/foto-galeri\/13e-yukseldi\/attachment\/1-15-768x201-3058\/","title":{"rendered":"13&#8217;e y\u00fckseldi."},"author":2,"comment_status":"open","ping_status":"closed","template":"","meta":[],"description":{"rendered":"<p class=\"attachment\"><a href='https:\/\/adanaseshaber.com.tr\/habercim\/wp-content\/uploads\/2026\/09\/1-15-768x201-29.jpg'><img width=\"300\" height=\"79\" src=\"https:\/\/adanaseshaber.com.tr\/habercim\/wp-content\/uploads\/2026\/09\/1-15-768x201-29-300x79.jpg\" class=\"attachment-medium size-medium\" alt=\"\" loading=\"lazy\" srcset=\"https:\/\/adanaseshaber.com.tr\/habercim\/wp-content\/uploads\/2026\/09\/1-15-768x201-29-300x79.jpg 300w, https:\/\/adanaseshaber.com.tr\/habercim\/wp-content\/uploads\/2026\/09\/1-15-768x201-29.jpg 768w\" sizes=\"(max-width: 300px) 100vw, 300px\" \/><\/a><\/p>\n"},"caption":{"rendered":"<p>Y\u0131ld\u0131zeli il\u00e7esine ba\u011fl\u0131 Belcik k\u00f6y\u00fcnde ya\u015fayan ve \u00e7ift\u00e7ilik yapan 2 \u00e7ocuk babas\u0131 Aziz Kaya&#8217;ya kene tutundu.<\/p>\n<p>Kaya, bir s\u00fcre sonra rahats\u0131zlan\u0131nca yak\u0131nlar\u0131 taraf\u0131ndan Y\u0131ld\u0131zeli Devlet Hastanesi&#8217;ne kald\u0131r\u0131ld\u0131.<\/p>\n<p>Buradan Sivas Cumhuriyet \u00dcniversitesi Sa\u011fl\u0131k Hizmetleri Uygulama ve Ara\u015ft\u0131rma Hastanesi&#8217;ne sevk edilen ve KKKA hastal\u0131\u011f\u0131 \u015f\u00fcphesiyle Anestezi Yo\u011fun Bak\u0131m Servisi&#8217;nde tedavi alt\u0131na al\u0131nan Kaya, m\u00fcdahalelere ra\u011fmen kurtar\u0131lamad\u0131.<\/p>\n<p>Yak\u0131nlar\u0131 taraf\u0131ndan teslim al\u0131nan Kaya&#8217;n\u0131n cenazesinin, Belcik k\u00f6y\u00fcnde topra\u011fa verilece\u011fi \u00f6\u011frenildi.<\/p>\n<p>\u00d6te yandan, Sivas&#8217;ta bu y\u0131l keneden \u00f6lenlerin say\u0131s\u0131 13&#8217;e y\u00fckseldi.<\/p>\n"},"alt_text":"","media_type":"image","mime_type":"image\/jpeg","media_details":{"width":768,"height":201,"file":"2026\/09\/1-15-768x201-29.jpg","sizes":{"medium":{"file":"1-15-768x201-29-300x79.jpg","width":300,"height":79,"mime_type":"image\/jpeg","source_url":"https:\/\/adanaseshaber.com.tr\/habercim\/wp-content\/uploads\/2026\/09\/1-15-768x201-29-300x79.jpg"},"thumbnail":{"file":"1-15-768x201-29-150x150.jpg","width":150,"height":150,"mime_type":"image\/jpeg","source_url":"https:\/\/adanaseshaber.com.tr\/habercim\/wp-content\/uploads\/2026\/09\/1-15-768x201-29-150x150.jpg"},"kucukResim":{"file":"1-15-768x201-29-80x50.jpg","width":80,"height":50,"mime_type":"image\/jpeg","source_url":"https:\/\/adanaseshaber.com.tr\/habercim\/wp-content\/uploads\/2026\/09\/1-15-768x201-29-80x50.jpg"},"sliderResim":{"file":"1-15-768x201-29-670x201.jpg","width":670,"height":201,"mime_type":"image\/jpeg","source_url":"https:\/\/adanaseshaber.com.tr\/habercim\/wp-content\/uploads\/2026\/09\/1-15-768x201-29-670x201.jpg"},"resim1":{"file":"1-15-768x201-29-184x140.jpg","width":184,"height":140,"mime_type":"image\/jpeg","source_url":"https:\/\/adanaseshaber.com.tr\/habercim\/wp-content\/uploads\/2026\/09\/1-15-768x201-29-184x140.jpg"},"resim2":{"file":"1-15-768x201-29-216x103.jpg","width":216,"height":103,"mime_type":"image\/jpeg","source_url":"https:\/\/adanaseshaber.com.tr\/habercim\/wp-content\/uploads\/2026\/09\/1-15-768x201-29-216x103.jpg"},"resim3":{"file":"1-15-768x201-29-145x70.jpg","width":145,"height":70,"mime_type":"image\/jpeg","source_url":"https:\/\/adanaseshaber.com.tr\/habercim\/wp-content\/uploads\/2026\/09\/1-15-768x201-29-145x70.jpg"},"sagSlider":{"file":"1-15-768x201-29-300x150.jpg","width":300,"height":150,"mime_type":"image\/jpeg","source_url":"https:\/\/adanaseshaber.com.tr\/habercim\/wp-content\/uploads\/2026\/09\/1-15-768x201-29-300x150.jpg"},"yeniSlider":{"file":"1-15-768x201-29-500x201.jpg","width":500,"height":201,"mime_type":"image\/jpeg","source_url":"https:\/\/adanaseshaber.com.tr\/habercim\/wp-content\/uploads\/2026\/09\/1-15-768x201-29-500x201.jpg"},"full":{"file":"1-15-768x201-29.jpg","width":768,"height":201,"mime_type":"image\/jpeg","source_url":"https:\/\/adanaseshaber.com.tr\/habercim\/wp-content\/uploads\/2026\/09\/1-15-768x201-29.jpg"}},"image_meta":{"aperture":"0","credit":"","camera":"","caption":"","created_timestamp":"0","copyright":"","focal_length":"0","iso":"0","shutter_speed":"0","title":"","orientation":"0","keywords":[]}},"post":52879,"source_url":"https:\/\/adanaseshaber.com.tr\/habercim\/wp-content\/uploads\/2026\/09\/1-15-768x201-29.jpg","_links":{"self":[{"href":"https:\/\/adanaseshaber.com.tr\/habercim\/wp-json\/wp\/v2\/media\/52881"}],"collection":[{"href":"https:\/\/adanaseshaber.com.tr\/habercim\/wp-json\/wp\/v2\/media"}],"about":[{"href":"https:\/\/adanaseshaber.com.tr\/habercim\/wp-json\/wp\/v2\/types\/attachment"}],"author":[{"embeddable":true,"href":"https:\/\/adanaseshaber.com.tr\/habercim\/wp-json\/wp\/v2\/users\/2"}],"replies":[{"embeddable":true,"href":"https:\/\/adanaseshaber.com.tr\/habercim\/wp-json\/wp\/v2\/comments?post=52881"}]}}

13&#8217;e yükseldi.

<p>Yıldızeli ilçesine bağlı Belcik köyünde yaşayan ve çiftçilik yapan 2 çocuk babası Aziz Kaya&#8217;ya kene tutundu.</p>
<p>Kaya, bir süre sonra rahatsızlanınca yakınları tarafından Yıldızeli Devlet Hastanesi&#8217;ne kaldırıldı.</p>
<p>Buradan Sivas Cumhuriyet Üniversitesi Sağlık Hizmetleri Uygulama ve Araştırma Hastanesi&#8217;ne sevk edilen ve KKKA hastalığı şüphesiyle Anestezi Yoğun Bakım Servisi&#8217;nde tedavi altına alınan Kaya, müdahalelere rağmen kurtarılamadı.</p>
<p>Yakınları tarafından teslim alınan Kaya&#8217;nın cenazesinin, Belcik köyünde toprağa verileceği öğrenildi.</p>
<p>Öte yandan, Sivas&#8217;ta bu yıl keneden ölenlerin sayısı 13&#8217;e yükseldi.</p>
