{"id":52885,"date":"2026-09-03T02:19:58","date_gmt":"2026-09-02T23:19:58","guid":{"rendered":"https:\/\/adanaseshaber.com.tr\/habercim\/wp-content\/uploads\/2026\/09\/baskomutan-recep-tayyip-erdogan_2109888.jpg"},"modified":"2026-09-03T02:21:30","modified_gmt":"2026-09-02T23:21:30","slug":"baskomutan-recep-tayyip-erdogan_2109888-24","status":"inherit","type":"attachment","link":"https:\/\/adanaseshaber.com.tr\/habercim\/genel\/israil-medyasi\/attachment\/baskomutan-recep-tayyip-erdogan_2109888-24\/","title":{"rendered":"\u0130srail medyas\u0131"},"author":2,"comment_status":"open","ping_status":"closed","template":"","meta":[],"description":{"rendered":"<p class=\"attachment\"><a href='https:\/\/adanaseshaber.com.tr\/habercim\/wp-content\/uploads\/2026\/09\/baskomutan-recep-tayyip-erdogan_2109888.jpg'><img width=\"300\" height=\"187\" src=\"https:\/\/adanaseshaber.com.tr\/habercim\/wp-content\/uploads\/2026\/09\/baskomutan-recep-tayyip-erdogan_2109888-300x187.jpg\" class=\"attachment-medium size-medium\" alt=\"\" loading=\"lazy\" srcset=\"https:\/\/adanaseshaber.com.tr\/habercim\/wp-content\/uploads\/2026\/09\/baskomutan-recep-tayyip-erdogan_2109888-300x187.jpg 300w, https:\/\/adanaseshaber.com.tr\/habercim\/wp-content\/uploads\/2026\/09\/baskomutan-recep-tayyip-erdogan_2109888-80x50.jpg 80w, https:\/\/adanaseshaber.com.tr\/habercim\/wp-content\/uploads\/2026\/09\/baskomutan-recep-tayyip-erdogan_2109888.jpg 485w\" sizes=\"(max-width: 300px) 100vw, 300px\" \/><\/a><\/p>\n"},"caption":{"rendered":"<p>\u0130srail bas\u0131n\u0131na konu\u015fan eski Ulusal G\u00fcvenlik Dan\u0131\u015fman\u0131 Meir Ben-Shabbat, Suriye&#8217;deki yeni y\u00f6netim ve T\u00fcrkiye&#8217;nin b\u00f6lgedeki artan etkisine dair \u00e7arp\u0131c\u0131 uyar\u0131larda bulunarak, Ba\u015fkan Erdo\u011fan hakk\u0131nda a\u00e7\u0131klamalarda bulundu&#8230;.<\/p>\n<p>devam\u0131 sonraki sayfada&#8230;. g\u00f6rsel ile beraber do2&#8217;kununuz ge\u00e7ebilirsiniz&#8230;.<\/p>\n"},"alt_text":"","media_type":"image","mime_type":"image\/jpeg","media_details":{"width":485,"height":303,"file":"2026\/09\/baskomutan-recep-tayyip-erdogan_2109888.jpg","sizes":{"medium":{"file":"baskomutan-recep-tayyip-erdogan_2109888-300x187.jpg","width":300,"height":187,"mime_type":"image\/jpeg","source_url":"https:\/\/adanaseshaber.com.tr\/habercim\/wp-content\/uploads\/2026\/09\/baskomutan-recep-tayyip-erdogan_2109888-300x187.jpg"},"thumbnail":{"file":"baskomutan-recep-tayyip-erdogan_2109888-150x150.jpg","width":150,"height":150,"mime_type":"image\/jpeg","source_url":"https:\/\/adanaseshaber.com.tr\/habercim\/wp-content\/uploads\/2026\/09\/baskomutan-recep-tayyip-erdogan_2109888-150x150.jpg"},"kucukResim":{"file":"baskomutan-recep-tayyip-erdogan_2109888-80x50.jpg","width":80,"height":50,"mime_type":"image\/jpeg","source_url":"https:\/\/adanaseshaber.com.tr\/habercim\/wp-content\/uploads\/2026\/09\/baskomutan-recep-tayyip-erdogan_2109888-80x50.jpg"},"resim1":{"file":"baskomutan-recep-tayyip-erdogan_2109888-184x140.jpg","width":184,"height":140,"mime_type":"image\/jpeg","source_url":"https:\/\/adanaseshaber.com.tr\/habercim\/wp-content\/uploads\/2026\/09\/baskomutan-recep-tayyip-erdogan_2109888-184x140.jpg"},"resim2":{"file":"baskomutan-recep-tayyip-erdogan_2109888-216x103.jpg","width":216,"height":103,"mime_type":"image\/jpeg","source_url":"https:\/\/adanaseshaber.com.tr\/habercim\/wp-content\/uploads\/2026\/09\/baskomutan-recep-tayyip-erdogan_2109888-216x103.jpg"},"resim3":{"file":"baskomutan-recep-tayyip-erdogan_2109888-145x70.jpg","width":145,"height":70,"mime_type":"image\/jpeg","source_url":"https:\/\/adanaseshaber.com.tr\/habercim\/wp-content\/uploads\/2026\/09\/baskomutan-recep-tayyip-erdogan_2109888-145x70.jpg"},"sagSlider":{"file":"baskomutan-recep-tayyip-erdogan_2109888-300x150.jpg","width":300,"height":150,"mime_type":"image\/jpeg","source_url":"https:\/\/adanaseshaber.com.tr\/habercim\/wp-content\/uploads\/2026\/09\/baskomutan-recep-tayyip-erdogan_2109888-300x150.jpg"},"yeniSlider":{"file":"baskomutan-recep-tayyip-erdogan_2109888-485x290.jpg","width":485,"height":290,"mime_type":"image\/jpeg","source_url":"https:\/\/adanaseshaber.com.tr\/habercim\/wp-content\/uploads\/2026\/09\/baskomutan-recep-tayyip-erdogan_2109888-485x290.jpg"},"full":{"file":"baskomutan-recep-tayyip-erdogan_2109888.jpg","width":485,"height":303,"mime_type":"image\/jpeg","source_url":"https:\/\/adanaseshaber.com.tr\/habercim\/wp-content\/uploads\/2026\/09\/baskomutan-recep-tayyip-erdogan_2109888.jpg"}},"image_meta":{"aperture":"0","credit":"","camera":"","caption":"","created_timestamp":"0","copyright":"","focal_length":"0","iso":"0","shutter_speed":"0","title":"","orientation":"0","keywords":[]}},"post":52884,"source_url":"https:\/\/adanaseshaber.com.tr\/habercim\/wp-content\/uploads\/2026\/09\/baskomutan-recep-tayyip-erdogan_2109888.jpg","_links":{"self":[{"href":"https:\/\/adanaseshaber.com.tr\/habercim\/wp-json\/wp\/v2\/media\/52885"}],"collection":[{"href":"https:\/\/adanaseshaber.com.tr\/habercim\/wp-json\/wp\/v2\/media"}],"about":[{"href":"https:\/\/adanaseshaber.com.tr\/habercim\/wp-json\/wp\/v2\/types\/attachment"}],"author":[{"embeddable":true,"href":"https:\/\/adanaseshaber.com.tr\/habercim\/wp-json\/wp\/v2\/users\/2"}],"replies":[{"embeddable":true,"href":"https:\/\/adanaseshaber.com.tr\/habercim\/wp-json\/wp\/v2\/comments?post=52885"}]}}

İsrail medyası

<p>İsrail basınına konuşan eski Ulusal Güvenlik Danışmanı Meir Ben-Shabbat, Suriye&#8217;deki yeni yönetim ve Türkiye&#8217;nin bölgedeki artan etkisine dair çarpıcı uyarılarda bulunarak, Başkan Erdoğan hakkında açıklamalarda bulundu&#8230;.</p>
<p>devamı sonraki sayfada&#8230;. görsel ile beraber do2&#8217;kununuz geçebilirsiniz&#8230;.</p>
