{"id":52886,"date":"2026-09-03T02:20:02","date_gmt":"2026-09-02T23:20:02","guid":{"rendered":"https:\/\/adanaseshaber.com.tr\/habercim\/wp-content\/uploads\/2026\/09\/1-15-768x201-31.jpg"},"modified":"2026-09-03T02:22:21","modified_gmt":"2026-09-02T23:22:21","slug":"1-15-768x201-3060","status":"inherit","type":"attachment","link":"https:\/\/adanaseshaber.com.tr\/habercim\/genel\/israil-medyasi\/attachment\/1-15-768x201-3060\/","title":{"rendered":"\u0130srail medyas\u0131"},"author":2,"comment_status":"open","ping_status":"closed","template":"","meta":[],"description":{"rendered":"<p class=\"attachment\"><a href='https:\/\/adanaseshaber.com.tr\/habercim\/wp-content\/uploads\/2026\/09\/1-15-768x201-31.jpg'><img width=\"300\" height=\"79\" src=\"https:\/\/adanaseshaber.com.tr\/habercim\/wp-content\/uploads\/2026\/09\/1-15-768x201-31-300x79.jpg\" class=\"attachment-medium size-medium\" alt=\"\" loading=\"lazy\" srcset=\"https:\/\/adanaseshaber.com.tr\/habercim\/wp-content\/uploads\/2026\/09\/1-15-768x201-31-300x79.jpg 300w, https:\/\/adanaseshaber.com.tr\/habercim\/wp-content\/uploads\/2026\/09\/1-15-768x201-31.jpg 768w\" sizes=\"(max-width: 300px) 100vw, 300px\" \/><\/a><\/p>\n"},"caption":{"rendered":"<p>srail bas\u0131n\u0131na konu\u015fan eski Ulusal G\u00fcvenlik Dan\u0131\u015fman\u0131 Meir Ben-Shabbat, Suriye&#8217;deki yeni y\u00f6netim ve T\u00fcrkiye&#8217;nin b\u00f6lgedeki artan etkisine dair \u00e7arp\u0131c\u0131 uyar\u0131larda bulunarak, stratejik bir \u00e7at\u0131\u015fma potansiyelinin artt\u0131\u011f\u0131n\u0131 iddia etti. \u0130srail medyas\u0131, Erdo\u011fan i\u00e7in s\u0131radaki b\u00fcy\u00fck tehdit dedi: \u201cYeni bir eksen kuruyor\u201d<br \/>\nSTRATEJ\u0130K \u00c7ATI\u015eMA POTANS\u0130YEL\u0130 ARTIYOR<br \/>\nBen-Shabbat, T\u00fcrkiye&#8217;nin Suriye&#8217;de ve Orta Do\u011fu&#8217;da geni\u015fleyen n\u00fcfuzuna da de\u011findi. Ankara&#8217;n\u0131n, \u0130ran&#8217;\u0131n b\u0131rakt\u0131\u011f\u0131 bo\u015flu\u011fu doldurarak b\u00f6lgesel bir g\u00fcce d\u00f6n\u00fc\u015ft\u00fc\u011f\u00fcn\u00fc belirten analist, bu durumun \u0130srail ile do\u011frudan bir s\u00fcrt\u00fc\u015fmeye yol a\u00e7abilece\u011fini iddia ederek \u015fu ifadeleri kulland\u0131: &#8220;T\u00fcrkiye, Orta Do\u011fu&#8217;daki de\u011fi\u015fimleri ve k\u00fcresel d\u00fczenin in\u015fas\u0131ndaki rekabeti, lider bir b\u00f6lgesel g\u00fc\u00e7 olmak i\u00e7in kullan\u0131yor. Bu s\u00fcre\u00e7, \u0130srail ile stratejik s\u00fcrt\u00fc\u015fme ve \u00e7at\u0131\u015fma potansiyelini art\u0131r\u0131yor. Esad rejiminin \u00e7\u00f6k\u00fc\u015f\u00fc ve \u0130ran&#8217;\u0131n \u00e7ekilmesiyle T\u00fcrkiye, Suriye&#8217;de bask\u0131n akt\u00f6r haline geldi. Yeni Suriye Ordusu&#8217;nun e\u011fitilmesi ve altyap\u0131 projeleriyle Ankara b\u00f6lgedeki hakimiyetini derinle\u015ftiriyor.&#8221; T\u00fcm bu iddialara ra\u011fmen T\u00fcrkiye ile \u0130ran&#8217;\u0131n birbiriyle k\u0131yaslanamayaca\u011f\u0131n\u0131, her iki \u00fclkenin kendine has \u00f6zellikleri ve farkl\u0131 m\u00fccadele y\u00f6ntemleri oldu\u011funu belirten Ben-Shabbat, \u0130srail&#8217;in bar\u0131\u015f aray\u0131\u015f\u0131ndan vazge\u00e7memesi ancak g\u00fcvenli\u011fini de hi\u00e7bir d\u0131\u015f akt\u00f6r\u00fcn eline teslim etmemesi gerekti\u011fini s\u00f6zlerine ekledi.<\/p>\n"},"alt_text":"","media_type":"image","mime_type":"image\/jpeg","media_details":{"width":768,"height":201,"file":"2026\/09\/1-15-768x201-31.jpg","sizes":{"medium":{"file":"1-15-768x201-31-300x79.jpg","width":300,"height":79,"mime_type":"image\/jpeg","source_url":"https:\/\/adanaseshaber.com.tr\/habercim\/wp-content\/uploads\/2026\/09\/1-15-768x201-31-300x79.jpg"},"thumbnail":{"file":"1-15-768x201-31-150x150.jpg","width":150,"height":150,"mime_type":"image\/jpeg","source_url":"https:\/\/adanaseshaber.com.tr\/habercim\/wp-content\/uploads\/2026\/09\/1-15-768x201-31-150x150.jpg"},"kucukResim":{"file":"1-15-768x201-31-80x50.jpg","width":80,"height":50,"mime_type":"image\/jpeg","source_url":"https:\/\/adanaseshaber.com.tr\/habercim\/wp-content\/uploads\/2026\/09\/1-15-768x201-31-80x50.jpg"},"sliderResim":{"file":"1-15-768x201-31-670x201.jpg","width":670,"height":201,"mime_type":"image\/jpeg","source_url":"https:\/\/adanaseshaber.com.tr\/habercim\/wp-content\/uploads\/2026\/09\/1-15-768x201-31-670x201.jpg"},"resim1":{"file":"1-15-768x201-31-184x140.jpg","width":184,"height":140,"mime_type":"image\/jpeg","source_url":"https:\/\/adanaseshaber.com.tr\/habercim\/wp-content\/uploads\/2026\/09\/1-15-768x201-31-184x140.jpg"},"resim2":{"file":"1-15-768x201-31-216x103.jpg","width":216,"height":103,"mime_type":"image\/jpeg","source_url":"https:\/\/adanaseshaber.com.tr\/habercim\/wp-content\/uploads\/2026\/09\/1-15-768x201-31-216x103.jpg"},"resim3":{"file":"1-15-768x201-31-145x70.jpg","width":145,"height":70,"mime_type":"image\/jpeg","source_url":"https:\/\/adanaseshaber.com.tr\/habercim\/wp-content\/uploads\/2026\/09\/1-15-768x201-31-145x70.jpg"},"sagSlider":{"file":"1-15-768x201-31-300x150.jpg","width":300,"height":150,"mime_type":"image\/jpeg","source_url":"https:\/\/adanaseshaber.com.tr\/habercim\/wp-content\/uploads\/2026\/09\/1-15-768x201-31-300x150.jpg"},"yeniSlider":{"file":"1-15-768x201-31-500x201.jpg","width":500,"height":201,"mime_type":"image\/jpeg","source_url":"https:\/\/adanaseshaber.com.tr\/habercim\/wp-content\/uploads\/2026\/09\/1-15-768x201-31-500x201.jpg"},"full":{"file":"1-15-768x201-31.jpg","width":768,"height":201,"mime_type":"image\/jpeg","source_url":"https:\/\/adanaseshaber.com.tr\/habercim\/wp-content\/uploads\/2026\/09\/1-15-768x201-31.jpg"}},"image_meta":{"aperture":"0","credit":"","camera":"","caption":"","created_timestamp":"0","copyright":"","focal_length":"0","iso":"0","shutter_speed":"0","title":"","orientation":"0","keywords":[]}},"post":52884,"source_url":"https:\/\/adanaseshaber.com.tr\/habercim\/wp-content\/uploads\/2026\/09\/1-15-768x201-31.jpg","_links":{"self":[{"href":"https:\/\/adanaseshaber.com.tr\/habercim\/wp-json\/wp\/v2\/media\/52886"}],"collection":[{"href":"https:\/\/adanaseshaber.com.tr\/habercim\/wp-json\/wp\/v2\/media"}],"about":[{"href":"https:\/\/adanaseshaber.com.tr\/habercim\/wp-json\/wp\/v2\/types\/attachment"}],"author":[{"embeddable":true,"href":"https:\/\/adanaseshaber.com.tr\/habercim\/wp-json\/wp\/v2\/users\/2"}],"replies":[{"embeddable":true,"href":"https:\/\/adanaseshaber.com.tr\/habercim\/wp-json\/wp\/v2\/comments?post=52886"}]}}

İsrail medyası

<p>srail basınına konuşan eski Ulusal Güvenlik Danışmanı Meir Ben-Shabbat, Suriye&#8217;deki yeni yönetim ve Türkiye&#8217;nin bölgedeki artan etkisine dair çarpıcı uyarılarda bulunarak, stratejik bir çatışma potansiyelinin arttığını iddia etti. İsrail medyası, Erdoğan için sıradaki büyük tehdit dedi: “Yeni bir eksen kuruyor”<br />
STRATEJİK ÇATIŞMA POTANSİYELİ ARTIYOR<br />
Ben-Shabbat, Türkiye&#8217;nin Suriye&#8217;de ve Orta Doğu&#8217;da genişleyen nüfuzuna da değindi. Ankara&#8217;nın, İran&#8217;ın bıraktığı boşluğu doldurarak bölgesel bir güce dönüştüğünü belirten analist, bu durumun İsrail ile doğrudan bir sürtüşmeye yol açabileceğini iddia ederek şu ifadeleri kullandı: &#8220;Türkiye, Orta Doğu&#8217;daki değişimleri ve küresel düzenin inşasındaki rekabeti, lider bir bölgesel güç olmak için kullanıyor. Bu süreç, İsrail ile stratejik sürtüşme ve çatışma potansiyelini artırıyor. Esad rejiminin çöküşü ve İran&#8217;ın çekilmesiyle Türkiye, Suriye&#8217;de baskın aktör haline geldi. Yeni Suriye Ordusu&#8217;nun eğitilmesi ve altyapı projeleriyle Ankara bölgedeki hakimiyetini derinleştiriyor.&#8221; Tüm bu iddialara rağmen Türkiye ile İran&#8217;ın birbiriyle kıyaslanamayacağını, her iki ülkenin kendine has özellikleri ve farklı mücadele yöntemleri olduğunu belirten Ben-Shabbat, İsrail&#8217;in barış arayışından vazgeçmemesi ancak güvenliğini de hiçbir dış aktörün eline teslim etmemesi gerektiğini sözlerine ekledi.</p>
