{"id":52891,"date":"2026-09-03T02:33:55","date_gmt":"2026-09-02T23:33:55","guid":{"rendered":"https:\/\/adanaseshaber.com.tr\/habercim\/wp-content\/uploads\/2026\/09\/1-15-768x201-33.jpg"},"modified":"2026-09-03T02:35:56","modified_gmt":"2026-09-02T23:35:56","slug":"1-15-768x201-3062","status":"inherit","type":"attachment","link":"https:\/\/adanaseshaber.com.tr\/habercim\/foto-galeri\/saatlerce-sular-akmayacak\/attachment\/1-15-768x201-3062\/","title":{"rendered":"SAATLERCE SULAR AKMAYACAK"},"author":2,"comment_status":"open","ping_status":"closed","template":"","meta":[],"description":{"rendered":"<p class=\"attachment\"><a href='https:\/\/adanaseshaber.com.tr\/habercim\/wp-content\/uploads\/2026\/09\/1-15-768x201-33.jpg'><img width=\"300\" height=\"79\" src=\"https:\/\/adanaseshaber.com.tr\/habercim\/wp-content\/uploads\/2026\/09\/1-15-768x201-33-300x79.jpg\" class=\"attachment-medium size-medium\" alt=\"\" loading=\"lazy\" srcset=\"https:\/\/adanaseshaber.com.tr\/habercim\/wp-content\/uploads\/2026\/09\/1-15-768x201-33-300x79.jpg 300w, https:\/\/adanaseshaber.com.tr\/habercim\/wp-content\/uploads\/2026\/09\/1-15-768x201-33.jpg 768w\" sizes=\"(max-width: 300px) 100vw, 300px\" \/><\/a><\/p>\n"},"caption":{"rendered":"<p>BAYINDIR HACI BE\u015e\u0130R, YEN\u0130CE02.09.2026 saat 16:45 ile 18:45 aras\u0131nda yakla\u015f\u0131k 2 saat su kesintisi olacakt\u0131r.<\/p>\n<p>BORNOVA KAZIMD\u0130R\u0130K02.09.2026 saat 16:25 ile 17:25 aras\u0131nda yakla\u015f\u0131k 1 saat su kesintisi olacakt\u0131r.<br \/>\nBORNOVA ERZENE, EVKA 302.09.2026 saat 15:45 ile 17:45 aras\u0131nda yakla\u015f\u0131k 2 saat su kesintisi olacakt\u0131r.<\/p>\n<p>BORNOVA \u00c7AMKULE, MERKEZ02.09.2026 saat 15:24 ile 17:24 aras\u0131nda yakla\u015f\u0131k 2 saat su kesintisi olacakt\u0131r.<br \/>\nBUCA \u0130N\u00d6N\u00dc02.09.2026 saat 12:29 ile 16:00 aras\u0131nda yakla\u015f\u0131k 4 saat su kesintisi olacakt\u0131r.<\/p>\n<p>KARABA\u011eLAR BARI\u015e, BOZYAKA, G\u00dcNALTAY, K\u0130BAR, SEVG\u013002.09.2026 saat 16:25 ile 18:25 aras\u0131nda yakla\u015f\u0131k 2 saat su kesintisi olacakt\u0131r.<br \/>\nKARABA\u011eLAR GAZ\u0130, \u00d6ZG\u00dcR, UZUNDERE, YURDO\u011eLU, Y\u00dcZBA\u015eI \u015eERAFETT\u0130N02.09.2026 saat 15:35 ile 18:35 aras\u0131nda yakla\u015f\u0131k 3 saat su kesintisi olacakt\u0131r.<\/p>\n<p>KARABURUN TEPEBOZ02.09.2026 saat 14:00 ile 18:00 aras\u0131nda yakla\u015f\u0131k 4 saat su kesintisi olacakt\u0131r.<br \/>\nKONAK \u00c7INARTEPE, M\u0130LLET02.09.2026 saat 15:52 ile 17:52 aras\u0131nda yakla\u015f\u0131k 2 saat su kesintisi olacakt\u0131r.<\/p>\n<p>KONAK AZ\u0130Z\u0130YE, HASAN \u00d6ZDEM\u0130R, \u0130MAR\u0130YE, VEZ\u0130RA\u011eA, 1.KADR\u0130YE, 19 MAYIS, 2.KADR\u0130YE02.09.2026 saat 15:16 ile 17:16 aras\u0131nda yakla\u015f\u0131k 2 saat su kesintisi olacakt\u0131r.<br \/>\nMENEMEN G\u00d6LC\u00dcK, IRMAK, \u0130NC\u0130RL\u0130 PINAR, YE\u015e\u0130L PINAR02.09.2026 saat 14:30 ile 16:30 aras\u0131nda yakla\u015f\u0131k 2 saat su kesintisi olacakt\u0131r.<\/p>\n<p>MENEMEN 29 EK\u0130M, 9 EYL\u00dcL02.09.2026 saat 11:55 ile 17:30 aras\u0131nda yakla\u015f\u0131k 6 saat su kesintisi olacakt\u0131r.<br \/>\n\u00d6DEM\u0130\u015e DEM\u0130RC\u0130L\u013002.09.2026 saat 10:01 ile 17:00 aras\u0131nda yakla\u015f\u0131k 7 saat su kesintisi olacakt\u0131r.<\/p>\n<p>Kaynak : yeniasir.com.tr<\/p>\n"},"alt_text":"","media_type":"image","mime_type":"image\/jpeg","media_details":{"width":768,"height":201,"file":"2026\/09\/1-15-768x201-33.jpg","sizes":{"medium":{"file":"1-15-768x201-33-300x79.jpg","width":300,"height":79,"mime_type":"image\/jpeg","source_url":"https:\/\/adanaseshaber.com.tr\/habercim\/wp-content\/uploads\/2026\/09\/1-15-768x201-33-300x79.jpg"},"thumbnail":{"file":"1-15-768x201-33-150x150.jpg","width":150,"height":150,"mime_type":"image\/jpeg","source_url":"https:\/\/adanaseshaber.com.tr\/habercim\/wp-content\/uploads\/2026\/09\/1-15-768x201-33-150x150.jpg"},"kucukResim":{"file":"1-15-768x201-33-80x50.jpg","width":80,"height":50,"mime_type":"image\/jpeg","source_url":"https:\/\/adanaseshaber.com.tr\/habercim\/wp-content\/uploads\/2026\/09\/1-15-768x201-33-80x50.jpg"},"sliderResim":{"file":"1-15-768x201-33-670x201.jpg","width":670,"height":201,"mime_type":"image\/jpeg","source_url":"https:\/\/adanaseshaber.com.tr\/habercim\/wp-content\/uploads\/2026\/09\/1-15-768x201-33-670x201.jpg"},"resim1":{"file":"1-15-768x201-33-184x140.jpg","width":184,"height":140,"mime_type":"image\/jpeg","source_url":"https:\/\/adanaseshaber.com.tr\/habercim\/wp-content\/uploads\/2026\/09\/1-15-768x201-33-184x140.jpg"},"resim2":{"file":"1-15-768x201-33-216x103.jpg","width":216,"height":103,"mime_type":"image\/jpeg","source_url":"https:\/\/adanaseshaber.com.tr\/habercim\/wp-content\/uploads\/2026\/09\/1-15-768x201-33-216x103.jpg"},"resim3":{"file":"1-15-768x201-33-145x70.jpg","width":145,"height":70,"mime_type":"image\/jpeg","source_url":"https:\/\/adanaseshaber.com.tr\/habercim\/wp-content\/uploads\/2026\/09\/1-15-768x201-33-145x70.jpg"},"sagSlider":{"file":"1-15-768x201-33-300x150.jpg","width":300,"height":150,"mime_type":"image\/jpeg","source_url":"https:\/\/adanaseshaber.com.tr\/habercim\/wp-content\/uploads\/2026\/09\/1-15-768x201-33-300x150.jpg"},"yeniSlider":{"file":"1-15-768x201-33-500x201.jpg","width":500,"height":201,"mime_type":"image\/jpeg","source_url":"https:\/\/adanaseshaber.com.tr\/habercim\/wp-content\/uploads\/2026\/09\/1-15-768x201-33-500x201.jpg"},"full":{"file":"1-15-768x201-33.jpg","width":768,"height":201,"mime_type":"image\/jpeg","source_url":"https:\/\/adanaseshaber.com.tr\/habercim\/wp-content\/uploads\/2026\/09\/1-15-768x201-33.jpg"}},"image_meta":{"aperture":"0","credit":"","camera":"","caption":"","created_timestamp":"0","copyright":"","focal_length":"0","iso":"0","shutter_speed":"0","title":"","orientation":"0","keywords":[]}},"post":52889,"source_url":"https:\/\/adanaseshaber.com.tr\/habercim\/wp-content\/uploads\/2026\/09\/1-15-768x201-33.jpg","_links":{"self":[{"href":"https:\/\/adanaseshaber.com.tr\/habercim\/wp-json\/wp\/v2\/media\/52891"}],"collection":[{"href":"https:\/\/adanaseshaber.com.tr\/habercim\/wp-json\/wp\/v2\/media"}],"about":[{"href":"https:\/\/adanaseshaber.com.tr\/habercim\/wp-json\/wp\/v2\/types\/attachment"}],"author":[{"embeddable":true,"href":"https:\/\/adanaseshaber.com.tr\/habercim\/wp-json\/wp\/v2\/users\/2"}],"replies":[{"embeddable":true,"href":"https:\/\/adanaseshaber.com.tr\/habercim\/wp-json\/wp\/v2\/comments?post=52891"}]}}

<p>BAYINDIR HACI BEŞİR, YENİCE02.09.2026 saat 16:45 ile 18:45 arasında yaklaşık 2 saat su kesintisi olacaktır.</p>
<p>BORNOVA KAZIMDİRİK02.09.2026 saat 16:25 ile 17:25 arasında yaklaşık 1 saat su kesintisi olacaktır.<br />
BORNOVA ERZENE, EVKA 302.09.2026 saat 15:45 ile 17:45 arasında yaklaşık 2 saat su kesintisi olacaktır.</p>
<p>BORNOVA ÇAMKULE, MERKEZ02.09.2026 saat 15:24 ile 17:24 arasında yaklaşık 2 saat su kesintisi olacaktır.<br />
BUCA İNÖNÜ02.09.2026 saat 12:29 ile 16:00 arasında yaklaşık 4 saat su kesintisi olacaktır.</p>
<p>KARABAĞLAR BARIŞ, BOZYAKA, GÜNALTAY, KİBAR, SEVGİ02.09.2026 saat 16:25 ile 18:25 arasında yaklaşık 2 saat su kesintisi olacaktır.<br />
KARABAĞLAR GAZİ, ÖZGÜR, UZUNDERE, YURDOĞLU, YÜZBAŞI ŞERAFETTİN02.09.2026 saat 15:35 ile 18:35 arasında yaklaşık 3 saat su kesintisi olacaktır.</p>
<p>KARABURUN TEPEBOZ02.09.2026 saat 14:00 ile 18:00 arasında yaklaşık 4 saat su kesintisi olacaktır.<br />
KONAK ÇINARTEPE, MİLLET02.09.2026 saat 15:52 ile 17:52 arasında yaklaşık 2 saat su kesintisi olacaktır.</p>
<p>KONAK AZİZİYE, HASAN ÖZDEMİR, İMARİYE, VEZİRAĞA, 1.KADRİYE, 19 MAYIS, 2.KADRİYE02.09.2026 saat 15:16 ile 17:16 arasında yaklaşık 2 saat su kesintisi olacaktır.<br />
MENEMEN GÖLCÜK, IRMAK, İNCİRLİ PINAR, YEŞİL PINAR02.09.2026 saat 14:30 ile 16:30 arasında yaklaşık 2 saat su kesintisi olacaktır.</p>
<p>MENEMEN 29 EKİM, 9 EYLÜL02.09.2026 saat 11:55 ile 17:30 arasında yaklaşık 6 saat su kesintisi olacaktır.<br />
ÖDEMİŞ DEMİRCİLİ02.09.2026 saat 10:01 ile 17:00 arasında yaklaşık 7 saat su kesintisi olacaktır.</p>
<p>Kaynak : yeniasir.com.tr</p>
