{"id":52910,"date":"2026-09-03T18:34:02","date_gmt":"2026-09-03T15:34:02","guid":{"rendered":"https:\/\/adanaseshaber.com.tr\/habercim\/wp-content\/uploads\/2026\/09\/images-8-1.jpg"},"modified":"2026-09-03T18:34:57","modified_gmt":"2026-09-03T15:34:57","slug":"images-8-35","status":"inherit","type":"attachment","link":"https:\/\/adanaseshaber.com.tr\/habercim\/foto-galeri\/amedspor-aciklamasi\/attachment\/images-8-35\/","title":{"rendered":"Amedspor a\u00e7\u0131klamas\u0131"},"author":2,"comment_status":"open","ping_status":"closed","template":"","meta":[],"description":{"rendered":"<p class=\"attachment\"><a href='https:\/\/adanaseshaber.com.tr\/habercim\/wp-content\/uploads\/2026\/09\/images-8-1.jpg'><img width=\"300\" height=\"168\" src=\"https:\/\/adanaseshaber.com.tr\/habercim\/wp-content\/uploads\/2026\/09\/images-8-1-300x168.jpg\" class=\"attachment-medium size-medium\" alt=\"\" loading=\"lazy\" srcset=\"https:\/\/adanaseshaber.com.tr\/habercim\/wp-content\/uploads\/2026\/09\/images-8-1-300x168.jpg 300w, https:\/\/adanaseshaber.com.tr\/habercim\/wp-content\/uploads\/2026\/09\/images-8-1.jpg 739w\" sizes=\"(max-width: 300px) 100vw, 300px\" \/><\/a><\/p>\n"},"caption":{"rendered":"<p>Son dakika&#8230; Bah\u00e7eli&#8217;den dikkat \u00e7eken Amedspor a\u00e7\u0131klamas\u0131<br \/>\nO s\u00f6zleri g\u00fcndem oldu&#8230;.<\/p>\n<p>devam\u0131 sonraki sayfada&#8230;. g\u00f6rsel \u00fczerinden ge\u00e7ebilirsiniz. do2&#8217;kununuz&#8230;<\/p>\n"},"alt_text":"","media_type":"image","mime_type":"image\/jpeg","media_details":{"width":739,"height":415,"file":"2026\/09\/images-8-1.jpg","sizes":{"medium":{"file":"images-8-1-300x168.jpg","width":300,"height":168,"mime_type":"image\/jpeg","source_url":"https:\/\/adanaseshaber.com.tr\/habercim\/wp-content\/uploads\/2026\/09\/images-8-1-300x168.jpg"},"thumbnail":{"file":"images-8-1-150x150.jpg","width":150,"height":150,"mime_type":"image\/jpeg","source_url":"https:\/\/adanaseshaber.com.tr\/habercim\/wp-content\/uploads\/2026\/09\/images-8-1-150x150.jpg"},"kucukResim":{"file":"images-8-1-80x50.jpg","width":80,"height":50,"mime_type":"image\/jpeg","source_url":"https:\/\/adanaseshaber.com.tr\/habercim\/wp-content\/uploads\/2026\/09\/images-8-1-80x50.jpg"},"sliderResim":{"file":"images-8-1-670x330.jpg","width":670,"height":330,"mime_type":"image\/jpeg","source_url":"https:\/\/adanaseshaber.com.tr\/habercim\/wp-content\/uploads\/2026\/09\/images-8-1-670x330.jpg"},"resim1":{"file":"images-8-1-184x140.jpg","width":184,"height":140,"mime_type":"image\/jpeg","source_url":"https:\/\/adanaseshaber.com.tr\/habercim\/wp-content\/uploads\/2026\/09\/images-8-1-184x140.jpg"},"resim2":{"file":"images-8-1-216x103.jpg","width":216,"height":103,"mime_type":"image\/jpeg","source_url":"https:\/\/adanaseshaber.com.tr\/habercim\/wp-content\/uploads\/2026\/09\/images-8-1-216x103.jpg"},"resim3":{"file":"images-8-1-145x70.jpg","width":145,"height":70,"mime_type":"image\/jpeg","source_url":"https:\/\/adanaseshaber.com.tr\/habercim\/wp-content\/uploads\/2026\/09\/images-8-1-145x70.jpg"},"sagSlider":{"file":"images-8-1-300x150.jpg","width":300,"height":150,"mime_type":"image\/jpeg","source_url":"https:\/\/adanaseshaber.com.tr\/habercim\/wp-content\/uploads\/2026\/09\/images-8-1-300x150.jpg"},"yeniSlider":{"file":"images-8-1-500x290.jpg","width":500,"height":290,"mime_type":"image\/jpeg","source_url":"https:\/\/adanaseshaber.com.tr\/habercim\/wp-content\/uploads\/2026\/09\/images-8-1-500x290.jpg"},"full":{"file":"images-8-1.jpg","width":739,"height":415,"mime_type":"image\/jpeg","source_url":"https:\/\/adanaseshaber.com.tr\/habercim\/wp-content\/uploads\/2026\/09\/images-8-1.jpg"}},"image_meta":{"aperture":"0","credit":"","camera":"","caption":"","created_timestamp":"0","copyright":"","focal_length":"0","iso":"0","shutter_speed":"0","title":"","orientation":"0","keywords":[]}},"post":52909,"source_url":"https:\/\/adanaseshaber.com.tr\/habercim\/wp-content\/uploads\/2026\/09\/images-8-1.jpg","_links":{"self":[{"href":"https:\/\/adanaseshaber.com.tr\/habercim\/wp-json\/wp\/v2\/media\/52910"}],"collection":[{"href":"https:\/\/adanaseshaber.com.tr\/habercim\/wp-json\/wp\/v2\/media"}],"about":[{"href":"https:\/\/adanaseshaber.com.tr\/habercim\/wp-json\/wp\/v2\/types\/attachment"}],"author":[{"embeddable":true,"href":"https:\/\/adanaseshaber.com.tr\/habercim\/wp-json\/wp\/v2\/users\/2"}],"replies":[{"embeddable":true,"href":"https:\/\/adanaseshaber.com.tr\/habercim\/wp-json\/wp\/v2\/comments?post=52910"}]}}

Amedspor açıklaması

<p>Son dakika&#8230; Bahçeli&#8217;den dikkat çeken Amedspor açıklaması<br />
O sözleri gündem oldu&#8230;.</p>
<p>devamı sonraki sayfada&#8230;. görsel üzerinden geçebilirsiniz. do2&#8217;kununuz&#8230;</p>
