{"id":52920,"date":"2026-09-04T01:50:06","date_gmt":"2026-09-03T22:50:06","guid":{"rendered":"https:\/\/adanaseshaber.com.tr\/habercim\/wp-content\/uploads\/2026\/09\/images-6-2.jpg"},"modified":"2026-09-04T01:50:36","modified_gmt":"2026-09-03T22:50:36","slug":"images-6-44","status":"inherit","type":"attachment","link":"https:\/\/adanaseshaber.com.tr\/habercim\/foto-galeri\/yeniden-uyardi\/attachment\/images-6-44\/","title":{"rendered":"Yeniden uyard\u0131"},"author":2,"comment_status":"open","ping_status":"closed","template":"","meta":[],"description":{"rendered":"<p class=\"attachment\"><a href='https:\/\/adanaseshaber.com.tr\/habercim\/wp-content\/uploads\/2026\/09\/images-6-2.jpg'><img width=\"300\" height=\"226\" src=\"https:\/\/adanaseshaber.com.tr\/habercim\/wp-content\/uploads\/2026\/09\/images-6-2-300x226.jpg\" class=\"attachment-medium size-medium\" alt=\"\" loading=\"lazy\" srcset=\"https:\/\/adanaseshaber.com.tr\/habercim\/wp-content\/uploads\/2026\/09\/images-6-2-300x226.jpg 300w, https:\/\/adanaseshaber.com.tr\/habercim\/wp-content\/uploads\/2026\/09\/images-6-2-184x140.jpg 184w, https:\/\/adanaseshaber.com.tr\/habercim\/wp-content\/uploads\/2026\/09\/images-6-2.jpg 515w\" sizes=\"(max-width: 300px) 100vw, 300px\" \/><\/a><\/p>\n"},"caption":{"rendered":"<p>\u015eener \u00dc\u015f\u00fcmezsoy \u2018bir deprem g\u00f6r\u00fcn\u00fcyor\u2019 deyip tek tek b\u00f6lgeleri saym\u0131\u015ft\u0131! Aylar \u00f6nceki konu\u015fmas\u0131 sosyal medyay\u0131 sallad\u0131! Depremi aylar \u00f6nceden bildi. Yeni b\u00f6lgeleri \u015fimdi a\u00e7\u0131klad\u0131\u2026<\/p>\n<p>devam\u0131 sonraki sayfadad\u0131r\u2026 g\u00f6rsel \u00fczerinden do2\u2019kununuz ge\u00e7ebilirsiniz\u2026<\/p>\n"},"alt_text":"","media_type":"image","mime_type":"image\/jpeg","media_details":{"width":515,"height":388,"file":"2026\/09\/images-6-2.jpg","sizes":{"medium":{"file":"images-6-2-300x226.jpg","width":300,"height":226,"mime_type":"image\/jpeg","source_url":"https:\/\/adanaseshaber.com.tr\/habercim\/wp-content\/uploads\/2026\/09\/images-6-2-300x226.jpg"},"thumbnail":{"file":"images-6-2-150x150.jpg","width":150,"height":150,"mime_type":"image\/jpeg","source_url":"https:\/\/adanaseshaber.com.tr\/habercim\/wp-content\/uploads\/2026\/09\/images-6-2-150x150.jpg"},"kucukResim":{"file":"images-6-2-80x50.jpg","width":80,"height":50,"mime_type":"image\/jpeg","source_url":"https:\/\/adanaseshaber.com.tr\/habercim\/wp-content\/uploads\/2026\/09\/images-6-2-80x50.jpg"},"sliderResim":{"file":"images-6-2-515x330.jpg","width":515,"height":330,"mime_type":"image\/jpeg","source_url":"https:\/\/adanaseshaber.com.tr\/habercim\/wp-content\/uploads\/2026\/09\/images-6-2-515x330.jpg"},"resim1":{"file":"images-6-2-184x140.jpg","width":184,"height":140,"mime_type":"image\/jpeg","source_url":"https:\/\/adanaseshaber.com.tr\/habercim\/wp-content\/uploads\/2026\/09\/images-6-2-184x140.jpg"},"resim2":{"file":"images-6-2-216x103.jpg","width":216,"height":103,"mime_type":"image\/jpeg","source_url":"https:\/\/adanaseshaber.com.tr\/habercim\/wp-content\/uploads\/2026\/09\/images-6-2-216x103.jpg"},"resim3":{"file":"images-6-2-145x70.jpg","width":145,"height":70,"mime_type":"image\/jpeg","source_url":"https:\/\/adanaseshaber.com.tr\/habercim\/wp-content\/uploads\/2026\/09\/images-6-2-145x70.jpg"},"sagSlider":{"file":"images-6-2-300x150.jpg","width":300,"height":150,"mime_type":"image\/jpeg","source_url":"https:\/\/adanaseshaber.com.tr\/habercim\/wp-content\/uploads\/2026\/09\/images-6-2-300x150.jpg"},"yeniSlider":{"file":"images-6-2-500x290.jpg","width":500,"height":290,"mime_type":"image\/jpeg","source_url":"https:\/\/adanaseshaber.com.tr\/habercim\/wp-content\/uploads\/2026\/09\/images-6-2-500x290.jpg"},"full":{"file":"images-6-2.jpg","width":515,"height":388,"mime_type":"image\/jpeg","source_url":"https:\/\/adanaseshaber.com.tr\/habercim\/wp-content\/uploads\/2026\/09\/images-6-2.jpg"}},"image_meta":{"aperture":"0","credit":"","camera":"","caption":"","created_timestamp":"0","copyright":"","focal_length":"0","iso":"0","shutter_speed":"0","title":"","orientation":"0","keywords":[]}},"post":52919,"source_url":"https:\/\/adanaseshaber.com.tr\/habercim\/wp-content\/uploads\/2026\/09\/images-6-2.jpg","_links":{"self":[{"href":"https:\/\/adanaseshaber.com.tr\/habercim\/wp-json\/wp\/v2\/media\/52920"}],"collection":[{"href":"https:\/\/adanaseshaber.com.tr\/habercim\/wp-json\/wp\/v2\/media"}],"about":[{"href":"https:\/\/adanaseshaber.com.tr\/habercim\/wp-json\/wp\/v2\/types\/attachment"}],"author":[{"embeddable":true,"href":"https:\/\/adanaseshaber.com.tr\/habercim\/wp-json\/wp\/v2\/users\/2"}],"replies":[{"embeddable":true,"href":"https:\/\/adanaseshaber.com.tr\/habercim\/wp-json\/wp\/v2\/comments?post=52920"}]}}

Yeniden uyardı

<p>Şener Üşümezsoy ‘bir deprem görünüyor’ deyip tek tek bölgeleri saymıştı! Aylar önceki konuşması sosyal medyayı salladı! Depremi aylar önceden bildi. Yeni bölgeleri şimdi açıkladı…</p>
<p>devamı sonraki sayfadadır… görsel üzerinden do2’kununuz geçebilirsiniz…</p>
