{"id":52946,"date":"2026-09-04T02:20:12","date_gmt":"2026-09-03T23:20:12","guid":{"rendered":"https:\/\/adanaseshaber.com.tr\/habercim\/wp-content\/uploads\/2026\/09\/1-15-768x201-55.jpg"},"modified":"2026-09-04T02:21:52","modified_gmt":"2026-09-03T23:21:52","slug":"1-15-768x201-3084","status":"inherit","type":"attachment","link":"https:\/\/adanaseshaber.com.tr\/habercim\/genel\/guncel-artis\/attachment\/1-15-768x201-3084\/","title":{"rendered":"G\u00fcncel Art\u0131\u015f"},"author":2,"comment_status":"open","ping_status":"closed","template":"","meta":[],"description":{"rendered":"<p class=\"attachment\"><a href='https:\/\/adanaseshaber.com.tr\/habercim\/wp-content\/uploads\/2026\/09\/1-15-768x201-55.jpg'><img width=\"300\" height=\"79\" src=\"https:\/\/adanaseshaber.com.tr\/habercim\/wp-content\/uploads\/2026\/09\/1-15-768x201-55-300x79.jpg\" class=\"attachment-medium size-medium\" alt=\"\" loading=\"lazy\" srcset=\"https:\/\/adanaseshaber.com.tr\/habercim\/wp-content\/uploads\/2026\/09\/1-15-768x201-55-300x79.jpg 300w, https:\/\/adanaseshaber.com.tr\/habercim\/wp-content\/uploads\/2026\/09\/1-15-768x201-55.jpg 768w\" sizes=\"(max-width: 300px) 100vw, 300px\" \/><\/a><\/p>\n"},"caption":{"rendered":"<p>MOTOR\u0130NE NE KADAR ZAM GELECEK?<br \/>\nSekt\u00f6r kaynaklar\u0131ndan edinilen bilgilere g\u00f6re motorinin litre fiyat\u0131na 8,24 TL zam yap\u0131lmas\u0131 \u00f6ng\u00f6r\u00fcl\u00fcyor. Fiyat art\u0131\u015f\u0131n\u0131n 3 Eyl\u00fcl Per\u015fembe&#8217;yi 4 Eyl\u00fcl Cuma&#8217;ya ba\u011flayan gece pompaya yans\u0131mas\u0131 tahmin ediliyor. Beklenen 8,24 TL&#8217;lik zam, motorinin litre fiyat\u0131nda tek gecede yakla\u015f\u0131k y\u00fczde 10&#8217;luk art\u0131\u015f anlam\u0131na geliyor.<\/p>\n<p>Zamm\u0131n ard\u0131ndan motorinin litre fiyat\u0131n\u0131n \u0130stanbul Avrupa Yakas\u0131&#8217;nda 89,38 TL, Ankara&#8217;da 90,73 TL, \u0130zmir&#8217;de ise 90,71 TL seviyesine y\u00fckselmesi bekleniyor.<br \/>\nG\u00dcNCEL AKARYAKIT F\u0130YATLARI KA\u00c7 TL?<br \/>\n\u0130STANBUL AVRUPA YAKASI<\/p>\n<p>Benzin: 74.35 TL<\/p>\n<p>Motorin: 81.07 TL<\/p>\n<p>LPG: 33.79 TL<\/p>\n<p>\u0130STANBUL ANADOLU YAKASI <\/p>\n<p>Benzin: 74.21 TL<\/p>\n<p>Motorin: 80.93 TL<\/p>\n<p>LPG: 33.19 TL<\/p>\n<p>ANKARA<\/p>\n<p>Benzin: 75.33 TL<\/p>\n<p>Motorin: 82.19 TL<\/p>\n<p>LPG: 33.89 TL<\/p>\n<p>\u0130ZM\u0130R<\/p>\n<p>Benzin: 75.62 TL<\/p>\n<p>Motorin: 82.46 TL<\/p>\n<p>LPG: 33.79 TL<\/p>\n<p>Kaynak : cumhuriyet.com.tr<\/p>\n"},"alt_text":"","media_type":"image","mime_type":"image\/jpeg","media_details":{"width":768,"height":201,"file":"2026\/09\/1-15-768x201-55.jpg","sizes":{"medium":{"file":"1-15-768x201-55-300x79.jpg","width":300,"height":79,"mime_type":"image\/jpeg","source_url":"https:\/\/adanaseshaber.com.tr\/habercim\/wp-content\/uploads\/2026\/09\/1-15-768x201-55-300x79.jpg"},"thumbnail":{"file":"1-15-768x201-55-150x150.jpg","width":150,"height":150,"mime_type":"image\/jpeg","source_url":"https:\/\/adanaseshaber.com.tr\/habercim\/wp-content\/uploads\/2026\/09\/1-15-768x201-55-150x150.jpg"},"kucukResim":{"file":"1-15-768x201-55-80x50.jpg","width":80,"height":50,"mime_type":"image\/jpeg","source_url":"https:\/\/adanaseshaber.com.tr\/habercim\/wp-content\/uploads\/2026\/09\/1-15-768x201-55-80x50.jpg"},"sliderResim":{"file":"1-15-768x201-55-670x201.jpg","width":670,"height":201,"mime_type":"image\/jpeg","source_url":"https:\/\/adanaseshaber.com.tr\/habercim\/wp-content\/uploads\/2026\/09\/1-15-768x201-55-670x201.jpg"},"resim1":{"file":"1-15-768x201-55-184x140.jpg","width":184,"height":140,"mime_type":"image\/jpeg","source_url":"https:\/\/adanaseshaber.com.tr\/habercim\/wp-content\/uploads\/2026\/09\/1-15-768x201-55-184x140.jpg"},"resim2":{"file":"1-15-768x201-55-216x103.jpg","width":216,"height":103,"mime_type":"image\/jpeg","source_url":"https:\/\/adanaseshaber.com.tr\/habercim\/wp-content\/uploads\/2026\/09\/1-15-768x201-55-216x103.jpg"},"resim3":{"file":"1-15-768x201-55-145x70.jpg","width":145,"height":70,"mime_type":"image\/jpeg","source_url":"https:\/\/adanaseshaber.com.tr\/habercim\/wp-content\/uploads\/2026\/09\/1-15-768x201-55-145x70.jpg"},"sagSlider":{"file":"1-15-768x201-55-300x150.jpg","width":300,"height":150,"mime_type":"image\/jpeg","source_url":"https:\/\/adanaseshaber.com.tr\/habercim\/wp-content\/uploads\/2026\/09\/1-15-768x201-55-300x150.jpg"},"yeniSlider":{"file":"1-15-768x201-55-500x201.jpg","width":500,"height":201,"mime_type":"image\/jpeg","source_url":"https:\/\/adanaseshaber.com.tr\/habercim\/wp-content\/uploads\/2026\/09\/1-15-768x201-55-500x201.jpg"},"full":{"file":"1-15-768x201-55.jpg","width":768,"height":201,"mime_type":"image\/jpeg","source_url":"https:\/\/adanaseshaber.com.tr\/habercim\/wp-content\/uploads\/2026\/09\/1-15-768x201-55.jpg"}},"image_meta":{"aperture":"0","credit":"","camera":"","caption":"","created_timestamp":"0","copyright":"","focal_length":"0","iso":"0","shutter_speed":"0","title":"","orientation":"0","keywords":[]}},"post":52944,"source_url":"https:\/\/adanaseshaber.com.tr\/habercim\/wp-content\/uploads\/2026\/09\/1-15-768x201-55.jpg","_links":{"self":[{"href":"https:\/\/adanaseshaber.com.tr\/habercim\/wp-json\/wp\/v2\/media\/52946"}],"collection":[{"href":"https:\/\/adanaseshaber.com.tr\/habercim\/wp-json\/wp\/v2\/media"}],"about":[{"href":"https:\/\/adanaseshaber.com.tr\/habercim\/wp-json\/wp\/v2\/types\/attachment"}],"author":[{"embeddable":true,"href":"https:\/\/adanaseshaber.com.tr\/habercim\/wp-json\/wp\/v2\/users\/2"}],"replies":[{"embeddable":true,"href":"https:\/\/adanaseshaber.com.tr\/habercim\/wp-json\/wp\/v2\/comments?post=52946"}]}}

Güncel Artış

<p>MOTORİNE NE KADAR ZAM GELECEK?<br />
Sektör kaynaklarından edinilen bilgilere göre motorinin litre fiyatına 8,24 TL zam yapılması öngörülüyor. Fiyat artışının 3 Eylül Perşembe&#8217;yi 4 Eylül Cuma&#8217;ya bağlayan gece pompaya yansıması tahmin ediliyor. Beklenen 8,24 TL&#8217;lik zam, motorinin litre fiyatında tek gecede yaklaşık yüzde 10&#8217;luk artış anlamına geliyor.</p>
<p>Zammın ardından motorinin litre fiyatının İstanbul Avrupa Yakası&#8217;nda 89,38 TL, Ankara&#8217;da 90,73 TL, İzmir&#8217;de ise 90,71 TL seviyesine yükselmesi bekleniyor.<br />
GÜNCEL AKARYAKIT FİYATLARI KAÇ TL?<br />
İSTANBUL AVRUPA YAKASI</p>
<p>Benzin: 74.35 TL</p>
<p>Motorin: 81.07 TL</p>
<p>LPG: 33.79 TL</p>
<p>İSTANBUL ANADOLU YAKASI </p>
<p>Benzin: 74.21 TL</p>
<p>Motorin: 80.93 TL</p>
<p>LPG: 33.19 TL</p>
<p>ANKARA</p>
<p>Benzin: 75.33 TL</p>
<p>Motorin: 82.19 TL</p>
<p>LPG: 33.89 TL</p>
<p>İZMİR</p>
<p>Benzin: 75.62 TL</p>
<p>Motorin: 82.46 TL</p>
<p>LPG: 33.79 TL</p>
<p>Kaynak : cumhuriyet.com.tr</p>
