{"id":52956,"date":"2026-09-04T22:22:32","date_gmt":"2026-09-04T19:22:32","guid":{"rendered":"https:\/\/adanaseshaber.com.tr\/habercim\/wp-content\/uploads\/2026\/09\/1-15-768x201-59.jpg"},"modified":"2026-09-04T22:23:48","modified_gmt":"2026-09-04T19:23:48","slug":"1-15-768x201-3088","status":"inherit","type":"attachment","link":"https:\/\/adanaseshaber.com.tr\/habercim\/foto-galeri\/izmirde-feci-kaza\/attachment\/1-15-768x201-3088\/","title":{"rendered":"\u0130zmir\u2019de feci kaza"},"author":2,"comment_status":"open","ping_status":"closed","template":"","meta":[],"description":{"rendered":"<p class=\"attachment\"><a href='https:\/\/adanaseshaber.com.tr\/habercim\/wp-content\/uploads\/2026\/09\/1-15-768x201-59.jpg'><img width=\"300\" height=\"79\" src=\"https:\/\/adanaseshaber.com.tr\/habercim\/wp-content\/uploads\/2026\/09\/1-15-768x201-59-300x79.jpg\" class=\"attachment-medium size-medium\" alt=\"\" loading=\"lazy\" srcset=\"https:\/\/adanaseshaber.com.tr\/habercim\/wp-content\/uploads\/2026\/09\/1-15-768x201-59-300x79.jpg 300w, https:\/\/adanaseshaber.com.tr\/habercim\/wp-content\/uploads\/2026\/09\/1-15-768x201-59.jpg 768w\" sizes=\"(max-width: 300px) 100vw, 300px\" \/><\/a><\/p>\n"},"caption":{"rendered":"<p>\u0130zmir\u2019de feci kaza! \u00c7arp\u0131\u015fan otob\u00fcs ve otomobil \u015farampole devrildi: 2 \u00f6l\u00fc<br \/>\n\u0130zmir\u2019in Menderes il\u00e7esinde otob\u00fcs ile otomobilin \u00e7arp\u0131\u015fmas\u0131 sonras\u0131 ya\u015fanan feci kazada iki ara\u00e7 da yoldan \u00e7\u0131karak \u015farampole devrildi. B\u00f6lgeye \u00e7ok say\u0131da ekip sevk edilirken, olay yerinden ac\u0131 haber geldi.<br \/>\nEdinilen bilgiye g\u00f6re, kaza, G\u00fcm\u00fcld\u00fcr Mahallesi yak\u0131nlar\u0131nda meydana geldi. S\u00fcr\u00fcc\u00fclerinin kimlikleri ve plakalar\u0131 hen\u00fcz \u00f6\u011frenilemeyen otob\u00fcs ile otomobilin \u00e7arp\u0131\u015fmas\u0131n\u0131n ard\u0131ndan her iki ara\u00e7 da yoldan \u00e7\u0131karak \u015farampole devrildi.<br \/>\n\u00c7evredeki vatanda\u015flar\u0131n ihbar\u0131 \u00fczerine b\u00f6lgeye h\u0131zla AFAD, itfaiye, sa\u011fl\u0131k ve jandarma ekipleri sevk edildi. Olay yerine intikal eden sa\u011fl\u0131k ekiplerince yap\u0131lan ilk incelemede, otomobilde bulunan 2 ki\u015finin hayat\u0131n\u0131 kaybetti\u011fi belirlendi. Kazada yaralanan otob\u00fcs s\u00fcr\u00fcc\u00fcs\u00fc ise sa\u011fl\u0131k ekiplerinin olay yerindeki m\u00fcdahalesinin ard\u0131ndan ambulansla hastaneye kald\u0131r\u0131ld\u0131.<br \/>\nKazan\u0131n ard\u0131ndan \u015farampole devrilen otob\u00fcs ve otomobilin vin\u00e7 yard\u0131m\u0131yla bulunduklar\u0131 yerden \u00e7\u0131kar\u0131lmas\u0131 i\u00e7in ekiplerce \u00e7al\u0131\u015fma ba\u015flat\u0131ld\u0131. Meydana gelen feci kazayla ilgili jandarma ekipleri taraf\u0131ndan inceleme s\u00fcrd\u00fcr\u00fcl\u00fcyor.<\/p>\n<p>Kaynak : milliyet.com.tr<\/p>\n"},"alt_text":"","media_type":"image","mime_type":"image\/jpeg","media_details":{"width":768,"height":201,"file":"2026\/09\/1-15-768x201-59.jpg","sizes":{"medium":{"file":"1-15-768x201-59-300x79.jpg","width":300,"height":79,"mime_type":"image\/jpeg","source_url":"https:\/\/adanaseshaber.com.tr\/habercim\/wp-content\/uploads\/2026\/09\/1-15-768x201-59-300x79.jpg"},"thumbnail":{"file":"1-15-768x201-59-150x150.jpg","width":150,"height":150,"mime_type":"image\/jpeg","source_url":"https:\/\/adanaseshaber.com.tr\/habercim\/wp-content\/uploads\/2026\/09\/1-15-768x201-59-150x150.jpg"},"kucukResim":{"file":"1-15-768x201-59-80x50.jpg","width":80,"height":50,"mime_type":"image\/jpeg","source_url":"https:\/\/adanaseshaber.com.tr\/habercim\/wp-content\/uploads\/2026\/09\/1-15-768x201-59-80x50.jpg"},"sliderResim":{"file":"1-15-768x201-59-670x201.jpg","width":670,"height":201,"mime_type":"image\/jpeg","source_url":"https:\/\/adanaseshaber.com.tr\/habercim\/wp-content\/uploads\/2026\/09\/1-15-768x201-59-670x201.jpg"},"resim1":{"file":"1-15-768x201-59-184x140.jpg","width":184,"height":140,"mime_type":"image\/jpeg","source_url":"https:\/\/adanaseshaber.com.tr\/habercim\/wp-content\/uploads\/2026\/09\/1-15-768x201-59-184x140.jpg"},"resim2":{"file":"1-15-768x201-59-216x103.jpg","width":216,"height":103,"mime_type":"image\/jpeg","source_url":"https:\/\/adanaseshaber.com.tr\/habercim\/wp-content\/uploads\/2026\/09\/1-15-768x201-59-216x103.jpg"},"resim3":{"file":"1-15-768x201-59-145x70.jpg","width":145,"height":70,"mime_type":"image\/jpeg","source_url":"https:\/\/adanaseshaber.com.tr\/habercim\/wp-content\/uploads\/2026\/09\/1-15-768x201-59-145x70.jpg"},"sagSlider":{"file":"1-15-768x201-59-300x150.jpg","width":300,"height":150,"mime_type":"image\/jpeg","source_url":"https:\/\/adanaseshaber.com.tr\/habercim\/wp-content\/uploads\/2026\/09\/1-15-768x201-59-300x150.jpg"},"yeniSlider":{"file":"1-15-768x201-59-500x201.jpg","width":500,"height":201,"mime_type":"image\/jpeg","source_url":"https:\/\/adanaseshaber.com.tr\/habercim\/wp-content\/uploads\/2026\/09\/1-15-768x201-59-500x201.jpg"},"full":{"file":"1-15-768x201-59.jpg","width":768,"height":201,"mime_type":"image\/jpeg","source_url":"https:\/\/adanaseshaber.com.tr\/habercim\/wp-content\/uploads\/2026\/09\/1-15-768x201-59.jpg"}},"image_meta":{"aperture":"0","credit":"","camera":"","caption":"","created_timestamp":"0","copyright":"","focal_length":"0","iso":"0","shutter_speed":"0","title":"","orientation":"0","keywords":[]}},"post":52954,"source_url":"https:\/\/adanaseshaber.com.tr\/habercim\/wp-content\/uploads\/2026\/09\/1-15-768x201-59.jpg","_links":{"self":[{"href":"https:\/\/adanaseshaber.com.tr\/habercim\/wp-json\/wp\/v2\/media\/52956"}],"collection":[{"href":"https:\/\/adanaseshaber.com.tr\/habercim\/wp-json\/wp\/v2\/media"}],"about":[{"href":"https:\/\/adanaseshaber.com.tr\/habercim\/wp-json\/wp\/v2\/types\/attachment"}],"author":[{"embeddable":true,"href":"https:\/\/adanaseshaber.com.tr\/habercim\/wp-json\/wp\/v2\/users\/2"}],"replies":[{"embeddable":true,"href":"https:\/\/adanaseshaber.com.tr\/habercim\/wp-json\/wp\/v2\/comments?post=52956"}]}}

İzmir’de feci kaza

<p>İzmir’de feci kaza! Çarpışan otobüs ve otomobil şarampole devrildi: 2 ölü<br />
İzmir’in Menderes ilçesinde otobüs ile otomobilin çarpışması sonrası yaşanan feci kazada iki araç da yoldan çıkarak şarampole devrildi. Bölgeye çok sayıda ekip sevk edilirken, olay yerinden acı haber geldi.<br />
Edinilen bilgiye göre, kaza, Gümüldür Mahallesi yakınlarında meydana geldi. Sürücülerinin kimlikleri ve plakaları henüz öğrenilemeyen otobüs ile otomobilin çarpışmasının ardından her iki araç da yoldan çıkarak şarampole devrildi.<br />
Çevredeki vatandaşların ihbarı üzerine bölgeye hızla AFAD, itfaiye, sağlık ve jandarma ekipleri sevk edildi. Olay yerine intikal eden sağlık ekiplerince yapılan ilk incelemede, otomobilde bulunan 2 kişinin hayatını kaybettiği belirlendi. Kazada yaralanan otobüs sürücüsü ise sağlık ekiplerinin olay yerindeki müdahalesinin ardından ambulansla hastaneye kaldırıldı.<br />
Kazanın ardından şarampole devrilen otobüs ve otomobilin vinç yardımıyla bulundukları yerden çıkarılması için ekiplerce çalışma başlatıldı. Meydana gelen feci kazayla ilgili jandarma ekipleri tarafından inceleme sürdürülüyor.</p>
<p>Kaynak : milliyet.com.tr</p>
