{"id":52961,"date":"2026-09-04T22:26:17","date_gmt":"2026-09-04T19:26:17","guid":{"rendered":"https:\/\/adanaseshaber.com.tr\/habercim\/wp-content\/uploads\/2026\/09\/1-15-768x201-61.jpg"},"modified":"2026-09-04T22:27:50","modified_gmt":"2026-09-04T19:27:50","slug":"1-15-768x201-3090","status":"inherit","type":"attachment","link":"https:\/\/adanaseshaber.com.tr\/habercim\/foto-galeri\/unlu-sanatci-2\/attachment\/1-15-768x201-3090\/","title":{"rendered":"\u00dcnl\u00fc sanat\u00e7\u0131"},"author":2,"comment_status":"open","ping_status":"closed","template":"","meta":[],"description":{"rendered":"<p class=\"attachment\"><a href='https:\/\/adanaseshaber.com.tr\/habercim\/wp-content\/uploads\/2026\/09\/1-15-768x201-61.jpg'><img width=\"300\" height=\"79\" src=\"https:\/\/adanaseshaber.com.tr\/habercim\/wp-content\/uploads\/2026\/09\/1-15-768x201-61-300x79.jpg\" class=\"attachment-medium size-medium\" alt=\"\" loading=\"lazy\" srcset=\"https:\/\/adanaseshaber.com.tr\/habercim\/wp-content\/uploads\/2026\/09\/1-15-768x201-61-300x79.jpg 300w, https:\/\/adanaseshaber.com.tr\/habercim\/wp-content\/uploads\/2026\/09\/1-15-768x201-61.jpg 768w\" sizes=\"(max-width: 300px) 100vw, 300px\" \/><\/a><\/p>\n"},"caption":{"rendered":"<p>1960\u2019l\u0131 y\u0131llar\u0131n unutulmaz isimlerinden Mehmet Taneri, 87 ya\u015f\u0131nda hayat\u0131n\u0131 kaybetti. T\u00fcrk pop m\u00fczi\u011finin erken d\u00f6nemine damga vuran sanat\u00e7\u0131n\u0131n vefat haberi sanat camias\u0131n\u0131 yasa bo\u011fdu.<br \/>\nAc\u0131 haberi duyuran Ali Kocatepe, Taneri ile y\u0131llara dayanan dostluklar\u0131n\u0131 \u015fu s\u00f6zlerle anlatt\u0131: \u201c1960\u2019lar\u0131n sonlar\u0131nda tan\u0131\u015fm\u0131\u015ft\u0131k Mehmet Taneri ile. 60 ve 70\u2019lerin \u00fcnl\u00fc pop m\u00fczik sanat\u00e7\u0131lar\u0131m\u0131zdand\u0131. 90\u2019lar\u0131n ba\u015flar\u0131nda Sultank\u00f6y\u2019de kom\u015fu olduk. \u0130ki aile \u00e7ok yak\u0131nd\u0131k. Vefat haberini ald\u0131k. Ba\u015f\u0131m\u0131z sa\u011f olsun.\u201d<\/p>\n<p>Ayn\u0131 zamanda Kaya \u00c7ilingiro\u011flu\u2019nun day\u0131s\u0131 olan Taneri\u2019nin cenaze program\u0131 da belli oldu.<\/p>\n<p>\u00dcnl\u00fc isim, yar\u0131n \u00f6\u011fle vakti Zincirlikuyu Camii\u2019nde k\u0131l\u0131nacak cenaze namaz\u0131n\u0131n ard\u0131ndan son yolculu\u011funa u\u011furlanacak.<\/p>\n"},"alt_text":"","media_type":"image","mime_type":"image\/jpeg","media_details":{"width":768,"height":201,"file":"2026\/09\/1-15-768x201-61.jpg","sizes":{"medium":{"file":"1-15-768x201-61-300x79.jpg","width":300,"height":79,"mime_type":"image\/jpeg","source_url":"https:\/\/adanaseshaber.com.tr\/habercim\/wp-content\/uploads\/2026\/09\/1-15-768x201-61-300x79.jpg"},"thumbnail":{"file":"1-15-768x201-61-150x150.jpg","width":150,"height":150,"mime_type":"image\/jpeg","source_url":"https:\/\/adanaseshaber.com.tr\/habercim\/wp-content\/uploads\/2026\/09\/1-15-768x201-61-150x150.jpg"},"kucukResim":{"file":"1-15-768x201-61-80x50.jpg","width":80,"height":50,"mime_type":"image\/jpeg","source_url":"https:\/\/adanaseshaber.com.tr\/habercim\/wp-content\/uploads\/2026\/09\/1-15-768x201-61-80x50.jpg"},"sliderResim":{"file":"1-15-768x201-61-670x201.jpg","width":670,"height":201,"mime_type":"image\/jpeg","source_url":"https:\/\/adanaseshaber.com.tr\/habercim\/wp-content\/uploads\/2026\/09\/1-15-768x201-61-670x201.jpg"},"resim1":{"file":"1-15-768x201-61-184x140.jpg","width":184,"height":140,"mime_type":"image\/jpeg","source_url":"https:\/\/adanaseshaber.com.tr\/habercim\/wp-content\/uploads\/2026\/09\/1-15-768x201-61-184x140.jpg"},"resim2":{"file":"1-15-768x201-61-216x103.jpg","width":216,"height":103,"mime_type":"image\/jpeg","source_url":"https:\/\/adanaseshaber.com.tr\/habercim\/wp-content\/uploads\/2026\/09\/1-15-768x201-61-216x103.jpg"},"resim3":{"file":"1-15-768x201-61-145x70.jpg","width":145,"height":70,"mime_type":"image\/jpeg","source_url":"https:\/\/adanaseshaber.com.tr\/habercim\/wp-content\/uploads\/2026\/09\/1-15-768x201-61-145x70.jpg"},"sagSlider":{"file":"1-15-768x201-61-300x150.jpg","width":300,"height":150,"mime_type":"image\/jpeg","source_url":"https:\/\/adanaseshaber.com.tr\/habercim\/wp-content\/uploads\/2026\/09\/1-15-768x201-61-300x150.jpg"},"yeniSlider":{"file":"1-15-768x201-61-500x201.jpg","width":500,"height":201,"mime_type":"image\/jpeg","source_url":"https:\/\/adanaseshaber.com.tr\/habercim\/wp-content\/uploads\/2026\/09\/1-15-768x201-61-500x201.jpg"},"full":{"file":"1-15-768x201-61.jpg","width":768,"height":201,"mime_type":"image\/jpeg","source_url":"https:\/\/adanaseshaber.com.tr\/habercim\/wp-content\/uploads\/2026\/09\/1-15-768x201-61.jpg"}},"image_meta":{"aperture":"0","credit":"","camera":"","caption":"","created_timestamp":"0","copyright":"","focal_length":"0","iso":"0","shutter_speed":"0","title":"","orientation":"0","keywords":[]}},"post":52959,"source_url":"https:\/\/adanaseshaber.com.tr\/habercim\/wp-content\/uploads\/2026\/09\/1-15-768x201-61.jpg","_links":{"self":[{"href":"https:\/\/adanaseshaber.com.tr\/habercim\/wp-json\/wp\/v2\/media\/52961"}],"collection":[{"href":"https:\/\/adanaseshaber.com.tr\/habercim\/wp-json\/wp\/v2\/media"}],"about":[{"href":"https:\/\/adanaseshaber.com.tr\/habercim\/wp-json\/wp\/v2\/types\/attachment"}],"author":[{"embeddable":true,"href":"https:\/\/adanaseshaber.com.tr\/habercim\/wp-json\/wp\/v2\/users\/2"}],"replies":[{"embeddable":true,"href":"https:\/\/adanaseshaber.com.tr\/habercim\/wp-json\/wp\/v2\/comments?post=52961"}]}}

Ünlü sanatçı

<p>1960’lı yılların unutulmaz isimlerinden Mehmet Taneri, 87 yaşında hayatını kaybetti. Türk pop müziğinin erken dönemine damga vuran sanatçının vefat haberi sanat camiasını yasa boğdu.<br />
Acı haberi duyuran Ali Kocatepe, Taneri ile yıllara dayanan dostluklarını şu sözlerle anlattı: “1960’ların sonlarında tanışmıştık Mehmet Taneri ile. 60 ve 70’lerin ünlü pop müzik sanatçılarımızdandı. 90’ların başlarında Sultanköy’de komşu olduk. İki aile çok yakındık. Vefat haberini aldık. Başımız sağ olsun.”</p>
<p>Aynı zamanda Kaya Çilingiroğlu’nun dayısı olan Taneri’nin cenaze programı da belli oldu.</p>
<p>Ünlü isim, yarın öğle vakti Zincirlikuyu Camii’nde kılınacak cenaze namazının ardından son yolculuğuna uğurlanacak.</p>
