{"id":52965,"date":"2026-09-04T22:30:54","date_gmt":"2026-09-04T19:30:54","guid":{"rendered":"https:\/\/adanaseshaber.com.tr\/habercim\/wp-content\/uploads\/2026\/09\/images-6-1-6-1.jpg"},"modified":"2026-09-04T22:31:13","modified_gmt":"2026-09-04T19:31:13","slug":"images-6-1-6-1-6","status":"inherit","type":"attachment","link":"https:\/\/adanaseshaber.com.tr\/habercim\/genel\/necmettin-erbakanin-iran-hakkinda\/attachment\/images-6-1-6-1-6\/","title":{"rendered":"Necmettin Erbakan\u2019\u0131n \u0130ran hakk\u0131nda"},"author":2,"comment_status":"open","ping_status":"closed","template":"","meta":[],"description":{"rendered":"<p class=\"attachment\"><a href='https:\/\/adanaseshaber.com.tr\/habercim\/wp-content\/uploads\/2026\/09\/images-6-1-6-1.jpg'><img width=\"292\" height=\"172\" src=\"https:\/\/adanaseshaber.com.tr\/habercim\/wp-content\/uploads\/2026\/09\/images-6-1-6-1.jpg\" class=\"attachment-medium size-medium\" alt=\"\" loading=\"lazy\" \/><\/a><\/p>\n"},"caption":{"rendered":"<p>Necmettin Erbakan\u2019\u0131n \u0130ran hakk\u0131nda y\u0131llar \u00f6nce yapt\u0131\u011f\u0131 a\u00e7\u0131klama yeniden g\u00fcndeme geldi. Anlatt\u0131klar\u0131 bir bir ya\u015fan\u0131yor. Erbakan ne anlatm\u0131\u015ft\u0131 ve ger\u00e7ekle\u015fen bu a\u00e7\u0131klamalarda neler ve sonucunda ne olacak\u2026<\/p>\n<p>devam\u0131 sonraki sayfada\u2026 g\u00f6rsel \u00fczerinden do2\u2019kununuz ge\u00e7ebilirsiniz\u2026<\/p>\n"},"alt_text":"","media_type":"image","mime_type":"image\/jpeg","media_details":{"width":292,"height":172,"file":"2026\/09\/images-6-1-6-1.jpg","sizes":{"thumbnail":{"file":"images-6-1-6-1-150x150.jpg","width":150,"height":150,"mime_type":"image\/jpeg","source_url":"https:\/\/adanaseshaber.com.tr\/habercim\/wp-content\/uploads\/2026\/09\/images-6-1-6-1-150x150.jpg"},"kucukResim":{"file":"images-6-1-6-1-80x50.jpg","width":80,"height":50,"mime_type":"image\/jpeg","source_url":"https:\/\/adanaseshaber.com.tr\/habercim\/wp-content\/uploads\/2026\/09\/images-6-1-6-1-80x50.jpg"},"resim1":{"file":"images-6-1-6-1-184x140.jpg","width":184,"height":140,"mime_type":"image\/jpeg","source_url":"https:\/\/adanaseshaber.com.tr\/habercim\/wp-content\/uploads\/2026\/09\/images-6-1-6-1-184x140.jpg"},"resim2":{"file":"images-6-1-6-1-216x103.jpg","width":216,"height":103,"mime_type":"image\/jpeg","source_url":"https:\/\/adanaseshaber.com.tr\/habercim\/wp-content\/uploads\/2026\/09\/images-6-1-6-1-216x103.jpg"},"resim3":{"file":"images-6-1-6-1-145x70.jpg","width":145,"height":70,"mime_type":"image\/jpeg","source_url":"https:\/\/adanaseshaber.com.tr\/habercim\/wp-content\/uploads\/2026\/09\/images-6-1-6-1-145x70.jpg"},"sagSlider":{"file":"images-6-1-6-1-292x150.jpg","width":292,"height":150,"mime_type":"image\/jpeg","source_url":"https:\/\/adanaseshaber.com.tr\/habercim\/wp-content\/uploads\/2026\/09\/images-6-1-6-1-292x150.jpg"},"full":{"file":"images-6-1-6-1.jpg","width":292,"height":172,"mime_type":"image\/jpeg","source_url":"https:\/\/adanaseshaber.com.tr\/habercim\/wp-content\/uploads\/2026\/09\/images-6-1-6-1.jpg"}},"image_meta":{"aperture":"0","credit":"","camera":"","caption":"","created_timestamp":"0","copyright":"","focal_length":"0","iso":"0","shutter_speed":"0","title":"","orientation":"0","keywords":[]}},"post":52964,"source_url":"https:\/\/adanaseshaber.com.tr\/habercim\/wp-content\/uploads\/2026\/09\/images-6-1-6-1.jpg","_links":{"self":[{"href":"https:\/\/adanaseshaber.com.tr\/habercim\/wp-json\/wp\/v2\/media\/52965"}],"collection":[{"href":"https:\/\/adanaseshaber.com.tr\/habercim\/wp-json\/wp\/v2\/media"}],"about":[{"href":"https:\/\/adanaseshaber.com.tr\/habercim\/wp-json\/wp\/v2\/types\/attachment"}],"author":[{"embeddable":true,"href":"https:\/\/adanaseshaber.com.tr\/habercim\/wp-json\/wp\/v2\/users\/2"}],"replies":[{"embeddable":true,"href":"https:\/\/adanaseshaber.com.tr\/habercim\/wp-json\/wp\/v2\/comments?post=52965"}]}}

Necmettin Erbakan’ın İran hakkında

<p>Necmettin Erbakan’ın İran hakkında yıllar önce yaptığı açıklama yeniden gündeme geldi. Anlattıkları bir bir yaşanıyor. Erbakan ne anlatmıştı ve gerçekleşen bu açıklamalarda neler ve sonucunda ne olacak…</p>
<p>devamı sonraki sayfada… görsel üzerinden do2’kununuz geçebilirsiniz…</p>
