{"id":52986,"date":"2026-09-05T18:35:59","date_gmt":"2026-09-05T15:35:59","guid":{"rendered":"https:\/\/adanaseshaber.com.tr\/habercim\/wp-content\/uploads\/2026\/09\/ALTIN-1.webp"},"modified":"2026-09-05T18:36:41","modified_gmt":"2026-09-05T15:36:41","slug":"altin-12","status":"inherit","type":"attachment","link":"https:\/\/adanaseshaber.com.tr\/habercim\/foto-galeri\/derelerde-her-gun-5-gram-altin\/attachment\/altin-12\/","title":{"rendered":"Derelerde her g\u00fcn 5 gram alt\u0131n"},"author":2,"comment_status":"open","ping_status":"closed","template":"","meta":[],"description":{"rendered":"<p class=\"attachment\"><a href='https:\/\/adanaseshaber.com.tr\/habercim\/wp-content\/uploads\/2026\/09\/ALTIN-1.webp'><img width=\"300\" height=\"195\" src=\"https:\/\/adanaseshaber.com.tr\/habercim\/wp-content\/uploads\/2026\/09\/ALTIN-1-300x195.webp\" class=\"attachment-medium size-medium\" alt=\"\" loading=\"lazy\" srcset=\"https:\/\/adanaseshaber.com.tr\/habercim\/wp-content\/uploads\/2026\/09\/ALTIN-1-300x195.webp 300w, https:\/\/adanaseshaber.com.tr\/habercim\/wp-content\/uploads\/2026\/09\/ALTIN-1.webp 768w\" sizes=\"(max-width: 300px) 100vw, 300px\" \/><\/a><\/p>\n"},"caption":{"rendered":"<p>T\u00fcrkiye&#8217;de alt\u0131n \u00e7ok arayan yok&#8230;Derelerde her g\u00fcn 5 gram alt\u0131n \u00e7\u0131kar\u0131yorlar Alt\u0131n avc\u0131s\u0131 T\u00fcrkiye&#8217;nin derelerinden her g\u00fcn 5 gram alt\u0131n \u00e7\u0131kar\u0131yor Alt\u0131n ararken kulland\u0131\u011f\u0131 makineyi geli\u015ftirdi, \u015fimdi d\u00fcnyaya ihra\u00e7 ediyor Mesle\u011fini b\u0131rak\u0131p alt\u0131n aramaya y\u00f6neldi: D\u00fcnyay\u0131 geziyor, g\u00fcnde 5 gram alt\u0131n \u00e7\u0131kar\u0131yor&#8230;.<\/p>\n<p>Devam\u0131 sonraki sayfada&#8230; g\u00f6rsel \u00fczerinden do2&#8217;kununuz ge\u00e7ebilirsiniz&#8230;.. <\/p>\n"},"alt_text":"","media_type":"image","mime_type":"image\/webp","media_details":{"width":768,"height":499,"file":"2026\/09\/ALTIN-1.webp","sizes":{"medium":{"file":"ALTIN-1-300x195.webp","width":300,"height":195,"mime_type":"image\/webp","source_url":"https:\/\/adanaseshaber.com.tr\/habercim\/wp-content\/uploads\/2026\/09\/ALTIN-1-300x195.webp"},"thumbnail":{"file":"ALTIN-1-150x150.webp","width":150,"height":150,"mime_type":"image\/webp","source_url":"https:\/\/adanaseshaber.com.tr\/habercim\/wp-content\/uploads\/2026\/09\/ALTIN-1-150x150.webp"},"kucukResim":{"file":"ALTIN-1-80x50.webp","width":80,"height":50,"mime_type":"image\/webp","source_url":"https:\/\/adanaseshaber.com.tr\/habercim\/wp-content\/uploads\/2026\/09\/ALTIN-1-80x50.webp"},"sliderResim":{"file":"ALTIN-1-670x330.webp","width":670,"height":330,"mime_type":"image\/webp","source_url":"https:\/\/adanaseshaber.com.tr\/habercim\/wp-content\/uploads\/2026\/09\/ALTIN-1-670x330.webp"},"resim1":{"file":"ALTIN-1-184x140.webp","width":184,"height":140,"mime_type":"image\/webp","source_url":"https:\/\/adanaseshaber.com.tr\/habercim\/wp-content\/uploads\/2026\/09\/ALTIN-1-184x140.webp"},"resim2":{"file":"ALTIN-1-216x103.webp","width":216,"height":103,"mime_type":"image\/webp","source_url":"https:\/\/adanaseshaber.com.tr\/habercim\/wp-content\/uploads\/2026\/09\/ALTIN-1-216x103.webp"},"resim3":{"file":"ALTIN-1-145x70.webp","width":145,"height":70,"mime_type":"image\/webp","source_url":"https:\/\/adanaseshaber.com.tr\/habercim\/wp-content\/uploads\/2026\/09\/ALTIN-1-145x70.webp"},"sagSlider":{"file":"ALTIN-1-300x150.webp","width":300,"height":150,"mime_type":"image\/webp","source_url":"https:\/\/adanaseshaber.com.tr\/habercim\/wp-content\/uploads\/2026\/09\/ALTIN-1-300x150.webp"},"yeniSlider":{"file":"ALTIN-1-500x290.webp","width":500,"height":290,"mime_type":"image\/webp","source_url":"https:\/\/adanaseshaber.com.tr\/habercim\/wp-content\/uploads\/2026\/09\/ALTIN-1-500x290.webp"},"full":{"file":"ALTIN-1.webp","width":768,"height":499,"mime_type":"image\/webp","source_url":"https:\/\/adanaseshaber.com.tr\/habercim\/wp-content\/uploads\/2026\/09\/ALTIN-1.webp"}},"image_meta":{"aperture":"0","credit":"","camera":"","caption":"","created_timestamp":"0","copyright":"","focal_length":"0","iso":"0","shutter_speed":"0","title":"","orientation":"0","keywords":[]}},"post":52984,"source_url":"https:\/\/adanaseshaber.com.tr\/habercim\/wp-content\/uploads\/2026\/09\/ALTIN-1.webp","_links":{"self":[{"href":"https:\/\/adanaseshaber.com.tr\/habercim\/wp-json\/wp\/v2\/media\/52986"}],"collection":[{"href":"https:\/\/adanaseshaber.com.tr\/habercim\/wp-json\/wp\/v2\/media"}],"about":[{"href":"https:\/\/adanaseshaber.com.tr\/habercim\/wp-json\/wp\/v2\/types\/attachment"}],"author":[{"embeddable":true,"href":"https:\/\/adanaseshaber.com.tr\/habercim\/wp-json\/wp\/v2\/users\/2"}],"replies":[{"embeddable":true,"href":"https:\/\/adanaseshaber.com.tr\/habercim\/wp-json\/wp\/v2\/comments?post=52986"}]}}

Derelerde her gün 5 gram altın

<p>Türkiye&#8217;de altın çok arayan yok&#8230;Derelerde her gün 5 gram altın çıkarıyorlar Altın avcısı Türkiye&#8217;nin derelerinden her gün 5 gram altın çıkarıyor Altın ararken kullandığı makineyi geliştirdi, şimdi dünyaya ihraç ediyor Mesleğini bırakıp altın aramaya yöneldi: Dünyayı geziyor, günde 5 gram altın çıkarıyor&#8230;.</p>
<p>Devamı sonraki sayfada&#8230; görsel üzerinden do2&#8217;kununuz geçebilirsiniz&#8230;.. </p>
