{"id":52987,"date":"2026-09-05T18:36:02","date_gmt":"2026-09-05T15:36:02","guid":{"rendered":"https:\/\/adanaseshaber.com.tr\/habercim\/wp-content\/uploads\/2026\/09\/1-15-768x201-72.jpg"},"modified":"2026-09-05T18:39:06","modified_gmt":"2026-09-05T15:39:06","slug":"1-15-768x201-3101","status":"inherit","type":"attachment","link":"https:\/\/adanaseshaber.com.tr\/habercim\/foto-galeri\/derelerde-her-gun-5-gram-altin\/attachment\/1-15-768x201-3101\/","title":{"rendered":"Derelerde her g\u00fcn 5 gram alt\u0131n"},"author":2,"comment_status":"open","ping_status":"closed","template":"","meta":[],"description":{"rendered":"<p class=\"attachment\"><a href='https:\/\/adanaseshaber.com.tr\/habercim\/wp-content\/uploads\/2026\/09\/1-15-768x201-72.jpg'><img width=\"300\" height=\"79\" src=\"https:\/\/adanaseshaber.com.tr\/habercim\/wp-content\/uploads\/2026\/09\/1-15-768x201-72-300x79.jpg\" class=\"attachment-medium size-medium\" alt=\"\" loading=\"lazy\" srcset=\"https:\/\/adanaseshaber.com.tr\/habercim\/wp-content\/uploads\/2026\/09\/1-15-768x201-72-300x79.jpg 300w, https:\/\/adanaseshaber.com.tr\/habercim\/wp-content\/uploads\/2026\/09\/1-15-768x201-72.jpg 768w\" sizes=\"(max-width: 300px) 100vw, 300px\" \/><\/a><\/p>\n"},"caption":{"rendered":"<p>Bursa&#8217;da \u00e7ocukluk merak\u0131yla ba\u015flad\u0131\u011f\u0131 alt\u0131n arama i\u015fini mesle\u011fe d\u00f6n\u00fc\u015ft\u00fcren eski asker Emre Ayd\u0131n, kendi \u00fcretti\u011fi makinelerle derelerde g\u00fcnde 4 grama kadar alt\u0131n buluyor. Ayd\u0131n, k\u0131\u015f aylar\u0131nda ise Afrika&#8217;da dev tesisler kuruyor.<br \/>\nEmre Ayd\u0131n, Bursa&#8217;da \u00e7ocukluk merak\u0131yla ba\u015flad\u0131\u011f\u0131 alt\u0131n arama i\u015fini profesyonel bir mesle\u011fe d\u00f6n\u00fc\u015ft\u00fcrerek T\u00fcrkiye&#8217;nin farkl\u0131 b\u00f6lgelerinde alt\u0131n ar\u0131yor. Kendi \u00fcretti\u011fi makinelerle \u00e7al\u0131\u015fan Ayd\u0131n, yaz aylar\u0131n\u0131 T\u00fcrkiye&#8217;de alt\u0131n arayarak, k\u0131\u015f aylar\u0131n\u0131 ise Afrika&#8217;da alt\u0131n tesisleri kurarak ge\u00e7iriyor.<br \/>\nAyd\u0131n, alt\u0131n arama s\u00fcrecinde arazinin ve ta\u015flar\u0131n tan\u0131nmas\u0131n\u0131n \u00f6nemine vurgu yaparak, ilk zamanlarda zorland\u0131\u011f\u0131 alt\u0131n bulma s\u00fcrecinin tecr\u00fcbe kazand\u0131k\u00e7a geli\u015fti\u011fini ve g\u00fcnl\u00fck 4-5 gram alt\u0131n \u00e7\u0131karabildi\u011fini belirtiyor.<br \/>\nKendi geli\u015ftirdi\u011fi sistemlerle alt\u0131n arama \u00e7al\u0131\u015fmalar\u0131n\u0131 s\u00fcrd\u00fcren Ayd\u0131n, T\u00fcrkiye&#8217;deki potansiyelli b\u00f6lgeleri vurgulayarak, \u00f6zellikle Bursa, \u0130neg\u00f6l ve Orhaneli&#8217;nin alt\u0131n \u00e7\u0131karma a\u00e7\u0131s\u0131ndan \u00f6nemli f\u0131rsatlar sundu\u011funu ifade ediyor. Bursa&#8217;da 15 ya\u015f\u0131nda aile b\u00fcy\u00fcklerinden \u00f6\u011frendi\u011fi alt\u0131n arama i\u015fini zaman i\u00e7erisinde profesyonelli\u011fe d\u00f6n\u00fc\u015ft\u00fcren Emre Ayd\u0131n, yakla\u015f\u0131k 7 y\u0131ld\u0131r tam zamanl\u0131 olarak derelerde do\u011fada olu\u015fan alt\u0131nlar\u0131 \u00e7\u0131kart\u0131yor. Sosyal medyada &#8220;Emre Ayd\u0131n Gold&#8221; ad\u0131yla \u00e7al\u0131\u015fmalar\u0131n\u0131 s\u00fcrd\u00fcren Ayd\u0131n, askerli\u011fi b\u0131rakarak hayat\u0131n\u0131 alt\u0131n aramaya adad\u0131.<br \/>\n\u00c7ocukluk merak\u0131yla ba\u015flad\u0131\u011f\u0131 i\u015fte kendisini zaman i\u00e7erisinde geli\u015ftiren Ayd\u0131n, ilk d\u00f6nemlerde alt\u0131n\u0131n tozunu dahi bulmakta zorland\u0131\u011f\u0131n\u0131, ancak tecr\u00fcbe kazand\u0131k\u00e7a g\u00fcnl\u00fck birka\u00e7 gram alt\u0131n \u00e7\u0131karabilecek seviyeye ula\u015ft\u0131\u011f\u0131n\u0131 s\u00f6yledi.<\/p>\n"},"alt_text":"","media_type":"image","mime_type":"image\/jpeg","media_details":{"width":768,"height":201,"file":"2026\/09\/1-15-768x201-72.jpg","sizes":{"medium":{"file":"1-15-768x201-72-300x79.jpg","width":300,"height":79,"mime_type":"image\/jpeg","source_url":"https:\/\/adanaseshaber.com.tr\/habercim\/wp-content\/uploads\/2026\/09\/1-15-768x201-72-300x79.jpg"},"thumbnail":{"file":"1-15-768x201-72-150x150.jpg","width":150,"height":150,"mime_type":"image\/jpeg","source_url":"https:\/\/adanaseshaber.com.tr\/habercim\/wp-content\/uploads\/2026\/09\/1-15-768x201-72-150x150.jpg"},"kucukResim":{"file":"1-15-768x201-72-80x50.jpg","width":80,"height":50,"mime_type":"image\/jpeg","source_url":"https:\/\/adanaseshaber.com.tr\/habercim\/wp-content\/uploads\/2026\/09\/1-15-768x201-72-80x50.jpg"},"sliderResim":{"file":"1-15-768x201-72-670x201.jpg","width":670,"height":201,"mime_type":"image\/jpeg","source_url":"https:\/\/adanaseshaber.com.tr\/habercim\/wp-content\/uploads\/2026\/09\/1-15-768x201-72-670x201.jpg"},"resim1":{"file":"1-15-768x201-72-184x140.jpg","width":184,"height":140,"mime_type":"image\/jpeg","source_url":"https:\/\/adanaseshaber.com.tr\/habercim\/wp-content\/uploads\/2026\/09\/1-15-768x201-72-184x140.jpg"},"resim2":{"file":"1-15-768x201-72-216x103.jpg","width":216,"height":103,"mime_type":"image\/jpeg","source_url":"https:\/\/adanaseshaber.com.tr\/habercim\/wp-content\/uploads\/2026\/09\/1-15-768x201-72-216x103.jpg"},"resim3":{"file":"1-15-768x201-72-145x70.jpg","width":145,"height":70,"mime_type":"image\/jpeg","source_url":"https:\/\/adanaseshaber.com.tr\/habercim\/wp-content\/uploads\/2026\/09\/1-15-768x201-72-145x70.jpg"},"sagSlider":{"file":"1-15-768x201-72-300x150.jpg","width":300,"height":150,"mime_type":"image\/jpeg","source_url":"https:\/\/adanaseshaber.com.tr\/habercim\/wp-content\/uploads\/2026\/09\/1-15-768x201-72-300x150.jpg"},"yeniSlider":{"file":"1-15-768x201-72-500x201.jpg","width":500,"height":201,"mime_type":"image\/jpeg","source_url":"https:\/\/adanaseshaber.com.tr\/habercim\/wp-content\/uploads\/2026\/09\/1-15-768x201-72-500x201.jpg"},"full":{"file":"1-15-768x201-72.jpg","width":768,"height":201,"mime_type":"image\/jpeg","source_url":"https:\/\/adanaseshaber.com.tr\/habercim\/wp-content\/uploads\/2026\/09\/1-15-768x201-72.jpg"}},"image_meta":{"aperture":"0","credit":"","camera":"","caption":"","created_timestamp":"0","copyright":"","focal_length":"0","iso":"0","shutter_speed":"0","title":"","orientation":"0","keywords":[]}},"post":52984,"source_url":"https:\/\/adanaseshaber.com.tr\/habercim\/wp-content\/uploads\/2026\/09\/1-15-768x201-72.jpg","_links":{"self":[{"href":"https:\/\/adanaseshaber.com.tr\/habercim\/wp-json\/wp\/v2\/media\/52987"}],"collection":[{"href":"https:\/\/adanaseshaber.com.tr\/habercim\/wp-json\/wp\/v2\/media"}],"about":[{"href":"https:\/\/adanaseshaber.com.tr\/habercim\/wp-json\/wp\/v2\/types\/attachment"}],"author":[{"embeddable":true,"href":"https:\/\/adanaseshaber.com.tr\/habercim\/wp-json\/wp\/v2\/users\/2"}],"replies":[{"embeddable":true,"href":"https:\/\/adanaseshaber.com.tr\/habercim\/wp-json\/wp\/v2\/comments?post=52987"}]}}

Derelerde her gün 5 gram altın

<p>Bursa&#8217;da çocukluk merakıyla başladığı altın arama işini mesleğe dönüştüren eski asker Emre Aydın, kendi ürettiği makinelerle derelerde günde 4 grama kadar altın buluyor. Aydın, kış aylarında ise Afrika&#8217;da dev tesisler kuruyor.<br />
Emre Aydın, Bursa&#8217;da çocukluk merakıyla başladığı altın arama işini profesyonel bir mesleğe dönüştürerek Türkiye&#8217;nin farklı bölgelerinde altın arıyor. Kendi ürettiği makinelerle çalışan Aydın, yaz aylarını Türkiye&#8217;de altın arayarak, kış aylarını ise Afrika&#8217;da altın tesisleri kurarak geçiriyor.<br />
Aydın, altın arama sürecinde arazinin ve taşların tanınmasının önemine vurgu yaparak, ilk zamanlarda zorlandığı altın bulma sürecinin tecrübe kazandıkça geliştiğini ve günlük 4-5 gram altın çıkarabildiğini belirtiyor.<br />
Kendi geliştirdiği sistemlerle altın arama çalışmalarını sürdüren Aydın, Türkiye&#8217;deki potansiyelli bölgeleri vurgulayarak, özellikle Bursa, İnegöl ve Orhaneli&#8217;nin altın çıkarma açısından önemli fırsatlar sunduğunu ifade ediyor. Bursa&#8217;da 15 yaşında aile büyüklerinden öğrendiği altın arama işini zaman içerisinde profesyonelliğe dönüştüren Emre Aydın, yaklaşık 7 yıldır tam zamanlı olarak derelerde doğada oluşan altınları çıkartıyor. Sosyal medyada &#8220;Emre Aydın Gold&#8221; adıyla çalışmalarını sürdüren Aydın, askerliği bırakarak hayatını altın aramaya adadı.<br />
Çocukluk merakıyla başladığı işte kendisini zaman içerisinde geliştiren Aydın, ilk dönemlerde altının tozunu dahi bulmakta zorlandığını, ancak tecrübe kazandıkça günlük birkaç gram altın çıkarabilecek seviyeye ulaştığını söyledi.</p>
