{"id":53015,"date":"2026-09-06T03:35:24","date_gmt":"2026-09-06T00:35:24","guid":{"rendered":"https:\/\/adanaseshaber.com.tr\/habercim\/wp-content\/uploads\/2026\/09\/1-15-768x201-83.jpg"},"modified":"2026-09-06T03:36:10","modified_gmt":"2026-09-06T00:36:10","slug":"1-15-768x201-3112","status":"inherit","type":"attachment","link":"https:\/\/adanaseshaber.com.tr\/habercim\/foto-galeri\/ankarada-bulundu\/attachment\/1-15-768x201-3112\/","title":{"rendered":"Ankara\u2019da bulundu"},"author":2,"comment_status":"open","ping_status":"closed","template":"","meta":[],"description":{"rendered":"<p class=\"attachment\"><a href='https:\/\/adanaseshaber.com.tr\/habercim\/wp-content\/uploads\/2026\/09\/1-15-768x201-83.jpg'><img width=\"300\" height=\"79\" src=\"https:\/\/adanaseshaber.com.tr\/habercim\/wp-content\/uploads\/2026\/09\/1-15-768x201-83-300x79.jpg\" class=\"attachment-medium size-medium\" alt=\"\" loading=\"lazy\" srcset=\"https:\/\/adanaseshaber.com.tr\/habercim\/wp-content\/uploads\/2026\/09\/1-15-768x201-83-300x79.jpg 300w, https:\/\/adanaseshaber.com.tr\/habercim\/wp-content\/uploads\/2026\/09\/1-15-768x201-83.jpg 768w\" sizes=\"(max-width: 300px) 100vw, 300px\" \/><\/a><\/p>\n"},"caption":{"rendered":"<p>Ankara\u2019da 4 g\u00fcn boyunca kendisinden haber al\u0131namayan 46 ya\u015f\u0131ndaki EGO \u015fof\u00f6r\u00fc \u0130smail K\u00fc\u00e7\u00fckerdo\u011fan\u2019\u0131n cans\u0131z bedeni, Aya\u015f il\u00e7esindeki kayal\u0131k alanda bulundu. Olayla ilgili jandarma ekipleri inceleme ba\u015flatt\u0131.<\/p>\n<p>Sincan\u2019da ya\u015fayan K\u00fc\u00e7\u00fckerdo\u011fan, 30 A\u011fustos sabah\u0131 evinden ayr\u0131ld\u0131ktan sonra geri d\u00f6nmedi. Ailesinin kay\u0131p ihbar\u0131nda bulunmas\u0131 \u00fczerine g\u00fcvenlik g\u00fc\u00e7leri arama \u00e7al\u0131\u015fmas\u0131 ba\u015flatt\u0131. Ekipler, K\u00fc\u00e7\u00fckerdo\u011fan\u2019\u0131n otomobilini 2 Eyl\u00fcl\u2019de Aya\u015f il\u00e7esine ba\u011fl\u0131 Sinanl\u0131 Mahallesi k\u0131rsal\u0131nda buldu. Ara\u00e7ta b\u0131rak\u0131lan cep telefonunun u\u00e7ak moduna al\u0131nd\u0131\u011f\u0131, bu nedenle sinyal vermedi\u011fi tespit edildi.<\/p>\n<p>Arama \u00e7al\u0131\u015fmalar\u0131n\u0131 otomobilin bulundu\u011fu b\u00f6lgede yo\u011funla\u015ft\u0131ran ekipler, ertesi g\u00fcn \u00c7\u0131ng\u0131rakl\u0131 Ma\u011faras\u0131 \u00e7evresindeki kayal\u0131klarda K\u00fc\u00e7\u00fckerdo\u011fan\u2019\u0131n cans\u0131z bedenine ula\u015ft\u0131.<\/p>\n<p>Helikopterle b\u00f6lgeden al\u0131nan cenaze, otopsi yap\u0131lmak \u00fczere Adli T\u0131p Kurumu\u2019na g\u00f6t\u00fcr\u00fcld\u00fc.<\/p>\n<p>K\u00fc\u00e7\u00fckerdo\u011fan\u2019\u0131n a\u011fabeyi ise karde\u015finin daha \u00f6nce tart\u0131\u015fma ya\u015fad\u0131\u011f\u0131 bir ki\u015fi taraf\u0131ndan tasarlanarak \u00f6ld\u00fcr\u00fcld\u00fc\u011f\u00fcn\u00fc \u00f6ne s\u00fcrd\u00fc. Jandarma ekiplerinin olay\u0131n ayd\u0131nlat\u0131lmas\u0131na y\u00f6nelik incelemesi s\u00fcr\u00fcyor.<\/p>\n"},"alt_text":"","media_type":"image","mime_type":"image\/jpeg","media_details":{"width":768,"height":201,"file":"2026\/09\/1-15-768x201-83.jpg","sizes":{"medium":{"file":"1-15-768x201-83-300x79.jpg","width":300,"height":79,"mime_type":"image\/jpeg","source_url":"https:\/\/adanaseshaber.com.tr\/habercim\/wp-content\/uploads\/2026\/09\/1-15-768x201-83-300x79.jpg"},"thumbnail":{"file":"1-15-768x201-83-150x150.jpg","width":150,"height":150,"mime_type":"image\/jpeg","source_url":"https:\/\/adanaseshaber.com.tr\/habercim\/wp-content\/uploads\/2026\/09\/1-15-768x201-83-150x150.jpg"},"kucukResim":{"file":"1-15-768x201-83-80x50.jpg","width":80,"height":50,"mime_type":"image\/jpeg","source_url":"https:\/\/adanaseshaber.com.tr\/habercim\/wp-content\/uploads\/2026\/09\/1-15-768x201-83-80x50.jpg"},"sliderResim":{"file":"1-15-768x201-83-670x201.jpg","width":670,"height":201,"mime_type":"image\/jpeg","source_url":"https:\/\/adanaseshaber.com.tr\/habercim\/wp-content\/uploads\/2026\/09\/1-15-768x201-83-670x201.jpg"},"resim1":{"file":"1-15-768x201-83-184x140.jpg","width":184,"height":140,"mime_type":"image\/jpeg","source_url":"https:\/\/adanaseshaber.com.tr\/habercim\/wp-content\/uploads\/2026\/09\/1-15-768x201-83-184x140.jpg"},"resim2":{"file":"1-15-768x201-83-216x103.jpg","width":216,"height":103,"mime_type":"image\/jpeg","source_url":"https:\/\/adanaseshaber.com.tr\/habercim\/wp-content\/uploads\/2026\/09\/1-15-768x201-83-216x103.jpg"},"resim3":{"file":"1-15-768x201-83-145x70.jpg","width":145,"height":70,"mime_type":"image\/jpeg","source_url":"https:\/\/adanaseshaber.com.tr\/habercim\/wp-content\/uploads\/2026\/09\/1-15-768x201-83-145x70.jpg"},"sagSlider":{"file":"1-15-768x201-83-300x150.jpg","width":300,"height":150,"mime_type":"image\/jpeg","source_url":"https:\/\/adanaseshaber.com.tr\/habercim\/wp-content\/uploads\/2026\/09\/1-15-768x201-83-300x150.jpg"},"yeniSlider":{"file":"1-15-768x201-83-500x201.jpg","width":500,"height":201,"mime_type":"image\/jpeg","source_url":"https:\/\/adanaseshaber.com.tr\/habercim\/wp-content\/uploads\/2026\/09\/1-15-768x201-83-500x201.jpg"},"full":{"file":"1-15-768x201-83.jpg","width":768,"height":201,"mime_type":"image\/jpeg","source_url":"https:\/\/adanaseshaber.com.tr\/habercim\/wp-content\/uploads\/2026\/09\/1-15-768x201-83.jpg"}},"image_meta":{"aperture":"0","credit":"","camera":"","caption":"","created_timestamp":"0","copyright":"","focal_length":"0","iso":"0","shutter_speed":"0","title":"","orientation":"0","keywords":[]}},"post":53013,"source_url":"https:\/\/adanaseshaber.com.tr\/habercim\/wp-content\/uploads\/2026\/09\/1-15-768x201-83.jpg","_links":{"self":[{"href":"https:\/\/adanaseshaber.com.tr\/habercim\/wp-json\/wp\/v2\/media\/53015"}],"collection":[{"href":"https:\/\/adanaseshaber.com.tr\/habercim\/wp-json\/wp\/v2\/media"}],"about":[{"href":"https:\/\/adanaseshaber.com.tr\/habercim\/wp-json\/wp\/v2\/types\/attachment"}],"author":[{"embeddable":true,"href":"https:\/\/adanaseshaber.com.tr\/habercim\/wp-json\/wp\/v2\/users\/2"}],"replies":[{"embeddable":true,"href":"https:\/\/adanaseshaber.com.tr\/habercim\/wp-json\/wp\/v2\/comments?post=53015"}]}}

<p>Ankara’da 4 gün boyunca kendisinden haber alınamayan 46 yaşındaki EGO şoförü İsmail Küçükerdoğan’ın cansız bedeni, Ayaş ilçesindeki kayalık alanda bulundu. Olayla ilgili jandarma ekipleri inceleme başlattı.</p>
<p>Sincan’da yaşayan Küçükerdoğan, 30 Ağustos sabahı evinden ayrıldıktan sonra geri dönmedi. Ailesinin kayıp ihbarında bulunması üzerine güvenlik güçleri arama çalışması başlattı. Ekipler, Küçükerdoğan’ın otomobilini 2 Eylül’de Ayaş ilçesine bağlı Sinanlı Mahallesi kırsalında buldu. Araçta bırakılan cep telefonunun uçak moduna alındığı, bu nedenle sinyal vermediği tespit edildi.</p>
<p>Arama çalışmalarını otomobilin bulunduğu bölgede yoğunlaştıran ekipler, ertesi gün Çıngıraklı Mağarası çevresindeki kayalıklarda Küçükerdoğan’ın cansız bedenine ulaştı.</p>
<p>Helikopterle bölgeden alınan cenaze, otopsi yapılmak üzere Adli Tıp Kurumu’na götürüldü.</p>
<p>Küçükerdoğan’ın ağabeyi ise kardeşinin daha önce tartışma yaşadığı bir kişi tarafından tasarlanarak öldürüldüğünü öne sürdü. Jandarma ekiplerinin olayın aydınlatılmasına yönelik incelemesi sürüyor.</p>
