{"id":17546,"date":"2021-12-23T15:21:30","date_gmt":"2021-12-23T12:21:30","guid":{"rendered":"https:\/\/habereko.cilingirgaziantep.com\/?page_id=3"},"modified":"2022-07-23T13:50:59","modified_gmt":"2022-07-23T10:50:59","slug":"gizlilik-politikasi","status":"publish","type":"page","link":"https:\/\/adanaseshaber.com.tr\/?page_id=17546","title":{"rendered":"Gizlilik politikas\u0131"},"content":{"rendered":"<p>6698 say\u0131l\u0131 Ki\u015fisel Verilerin Korunmas\u0131 Kanunu (&#8220;KVKK&#8221;) uyar\u0131nca, Adana Ses Haber Medya Yay. ve Tic. Ltd. \u015eti. olarak (&#8220;Adana Ses Haber&#8221;) ki\u015fisel verilerinizi g\u00fcvenli\u011fi konusunda azami \u00f6zeni g\u00f6stermekteyiz. KVKK kapsam\u0131nda sizleri bilgilendirmek isteriz.<\/p>\n<h3>Ki\u015fisel verilerinize ili\u015fkin<\/h3>\n<p>KVKK uyar\u0131nca &#8220;kimli\u011fi belirli veya belirlenebilir ger\u00e7ek ki\u015fiye ili\u015fkin her t\u00fcrl\u00fc bilgi&#8221; ki\u015fisel veridir. Bu ba\u011flamda i\u015fbu say\u0131mla s\u0131n\u0131rl\u0131 kalmamak kayd\u0131yla size daha iyi hizmet verebilmek, istatiksel \u00e7al\u0131\u015fmalar yapabilmek, reklam ve pazarlama faaliyetimizi y\u00fcr\u00fctebilmek ad\u0131na; ad\u0131n\u0131z, soyad\u0131n\u0131z, cinsiyetiniz, do\u011fum tarihiniz ve do\u011fum yeriniz, telefon numaran\u0131z\u0131n, resim, g\u00f6r\u00fcnt\u00fc ve ses kayd\u0131n\u0131z, IP adresiniz, elektronik posta adresiniz, sosyal medya hesaplar\u0131 \u00fczerinden ba\u011flan\u0131lmas\u0131 durumunda o kanala ait bilgileriniz ba\u015fta olmak \u00fczere kullan\u0131c\u0131 olarak ki\u015fili\u011finizle do\u011frudan veya dolayl\u0131 olarak tan\u0131mlanan her t\u00fcrl\u00fc ki\u015fisel bilgileriniz ki\u015fisel veri s\u0131fat\u0131yla KVKK kapsam\u0131nda taraf\u0131m\u0131zca saklanacakt\u0131r.<\/p>\n<h3>Ki\u015fisel verilerinizin kimlerle payla\u015f\u0131laca\u011f\u0131na ili\u015fkin<\/h3>\n<p>Toplanan ki\u015fisel verileriniz; <strong>Adana Ses Haber<\/strong> ve ona ba\u011fl\u0131 do\u011frudan veya dolayl\u0131 ba\u011fl\u0131 oldu\u011fu grup \u015firketleri taraf\u0131ndan sunulan \u00fcr\u00fcn ve hizmetlerden sizleri faydalanabilmeniz, m\u00fc\u015fteri ve izleyicilerimizi tan\u0131mak, faaliyet g\u00f6sterdi\u011fimiz alanlarda tercihlerinizi ve kullan\u0131m al\u0131\u015fkanlar\u0131n\u0131z\u0131 anlamak, buna ili\u015fkin ara\u015ft\u0131rma, bilgilendirme yapabilmek, pazarlama ve reklam \u00e7al\u0131\u015fmalar\u0131m\u0131z\u0131 \u015fekillendirmek, \u015firket stratejimizi belirlemek ile Adana Ses Haber insan kaynaklar\u0131 politikalar\u0131n\u0131n y\u00fcr\u00fct\u00fclmesinin temini ama\u00e7lar\u0131yla i\u015f ortaklar\u0131m\u0131za, tedarik\u00e7ilerimize, grup \u015firketlerimize, hissedarlar\u0131m\u0131za, kanunen yetkili kamu kurumlar\u0131 ve \u00f6zel ki\u015filere, KVK Kanunu&#8217;nun 8 ve 9 numaral\u0131 maddelerinde belirtilen ki\u015fisel veri i\u015fleme \u015fartlar\u0131 ve ama\u00e7lar\u0131 \u00e7er\u00e7evesinde aktar\u0131labilecektir.<\/p>\n<h3>Ki\u015fisel verilerinizi toplama y\u00f6ntemi ve hukuki sebebine ili\u015fkin<\/h3>\n<p>Ki\u015fisel Verileriniz, her t\u00fcrl\u00fc yaz\u0131l\u0131, s\u00f6zl\u00fc veya elektronik ortam \u00fczerinden verdi\u011finiz beyan ve onaylarla toplanmakta ve KVKK&#8217;\u0131n 5 ve 6 numaral\u0131 maddelerinde listelenen \u015fartlara uygun olarak i\u015flemektedir.<\/p>\n<h3>Ki\u015fisel Verileriniz y\u00f6nelik haklar\u0131n\u0131za ili\u015fkin<\/h3>\n<p>KVKK&#8217;\u0131n 11 numaral\u0131 maddesi gere\u011fi adanaseshaber.com sitesi \u00fczerinden ba\u015fvurarak:<\/p>\n<ul>\n<li>Ki\u015fisel veri i\u015flenip i\u015flenmedi\u011fini \u00f6\u011frenme,<\/li>\n<li>Ki\u015fisel verileri i\u015flenmi\u015fse buna ili\u015fkin bilgi talep etme,<\/li>\n<li>Ki\u015fisel verilerin i\u015flenme amac\u0131n\u0131 ve bunlar\u0131n amac\u0131na uygun kullan\u0131l\u0131p kullan\u0131lmad\u0131\u011f\u0131n\u0131 \u00f6\u011frenme,<\/li>\n<li>Yurt i\u00e7inde veya yurt d\u0131\u015f\u0131nda ki\u015fisel verilerin aktar\u0131ld\u0131\u011f\u0131 \u00fc\u00e7\u00fcnc\u00fc ki\u015fileri bilme,<\/li>\n<li>Ki\u015fisel verilerin eksik veya yanl\u0131\u015f i\u015flenmi\u015f olmas\u0131 h\u00e2linde bunlar\u0131n d\u00fczeltilmesini isteme<\/li>\n<li>KVKK ile \u00f6ng\u00f6r\u00fclen \u015fartlar \u00e7er\u00e7evesinde ki\u015fisel verilerin silinmesini veya yok edilmesini isteme,<\/li>\n<li>Ki\u015fisel verilerin d\u00fczeltilmesini talep etme veya silinmesini talep etme hallerinde yap\u0131lan i\u015flemlerin, ki\u015fisel verilerin aktar\u0131ld\u0131\u011f\u0131 \u00fc\u00e7\u00fcnc\u00fc ki\u015filere bildirilmesini isteme,<\/li>\n<li>\u0130\u015flenen verilerin m\u00fcnhas\u0131ran otomatik sistemler vas\u0131tas\u0131yla analiz edilmesi suretiyle aleyhine bir sonucun ortaya \u00e7\u0131kmas\u0131na itiraz etme,<\/li>\n<li>Ki\u015fisel verilerin kanuna ayk\u0131r\u0131 olarak i\u015flenmesi sebebiyle zarara u\u011framas\u0131 h\u00e2linde zarar\u0131n giderilmesini talep etme, haklar\u0131na sahipsiniz.<\/li>\n<\/ul>\n<h3>\u00c7erez (Cookie) kullan\u0131m\u0131na ili\u015fkin<\/h3>\n<p>\u00c7erezler (Cookie) internet sitemizi ziyaret etti\u011finizde veya mobil uygulamam\u0131z\u0131 kullanman\u0131z halinde internet taray\u0131c\u0131n\u0131z taraf\u0131ndan y\u00fcklenen ve bilgisayar veya mobil uygulama kulland\u0131\u011f\u0131n\u0131z cep telefonu, tablet (vb.) i\u00e7inde tan\u0131mlama dosyalar\u0131d\u0131r. Taraf\u0131n\u0131za daha iyi hizmet sunabilmek i\u00e7in i\u015f bu Ki\u015fisel Verilerinizi kullanma ko\u015fullar\u0131na ba\u011fl\u0131 kalarak sitemizde gezinme bilgilerinizi saklamakta; 3. Ki\u015filerle payla\u015fabilmekteyiz. Kal\u0131c\u0131 \u00e7erez ve ge\u00e7ici \u00e7erez olmak \u00fczere iki t\u00fcr \u00e7erez bulunmaktad\u0131r. Kal\u0131c\u0131 \u00e7erez, internet sitemizi ziyaret etti\u011finizde olu\u015fturulur ve ge\u00e7erlilik s\u00fcresi bitene kadar sakl\u0131 kalmaya devam eder. Ge\u00e7ici \u00e7erez, internet sitemizi ziyaret etti\u011finiz esnada olu\u015fturulur ve internet sitemizde ge\u00e7irdi\u011finiz s\u00fcre boyunca aktif kal\u0131r daha sonra erer.<\/p>\n<p>\u00c7erezlerin bilgisayar\u0131n\u0131zda saklanmas\u0131n\u0131 istemiyorsan\u0131z taray\u0131c\u0131n\u0131z\u0131n ayarlar k\u0131sm\u0131ndan \u00e7erez kullan\u0131m tercihlerinizi de\u011fi\u015ftirebilirsiniz. \u00c7erez y\u00f6netim ayarlar\u0131 taray\u0131c\u0131dan taray\u0131c\u0131ya farkl\u0131l\u0131k g\u00f6stermekte ve modern taray\u0131c\u0131lar\u0131n yard\u0131m men\u00fcleri alt\u0131nda \u00e7erezlere ili\u015fkin detayl\u0131 bilgiler yer almaktad\u0131r.<\/p>\n<h3>Ki\u015fisel verilere ili\u015fkin ileti\u015fim izin metni<\/h3>\n<p>\u0130\u015fbu metin ile birlikte, payla\u015fm\u0131\u015f oldu\u011funuz isim, soy isim, ya\u015f, cinsiyet, medeni durum, ya\u015fan\u0131lan b\u00f6lge, e\u011fitim d\u00fczeyi, ilgi alanlar\u0131, her t\u00fcrl\u00fc yaz\u0131l\u0131 ve g\u00f6rsel bas\u0131na ili\u015fkin al\u0131\u015fkanl\u0131\u011f\u0131-tercih, zevk ve be\u011feniler, fatura i\u00e7erikleri, cep telefonu numaras\u0131, mail, IP adresi ve ikametg\u00e2h adres bilgileri ile kredi kart\u0131 bilgileri gibi ki\u015fisel bilgilerinizin toplanmas\u0131; ki\u015fisel bilgilerinizin; taraf\u0131n\u0131za \u00e7e\u015fitli avantajlar\u0131n sa\u011flan\u0131p sunulabilmesi, sat\u0131\u015f, pazarlama ve benzer ama\u00e7l\u0131 her t\u00fcrl\u00fc ileti\u015fim mesajlar\u0131n\u0131n g\u00f6nderilmesi, istatiksel bilgi olu\u015fturulmas\u0131 amac\u0131yla; otomatik olan\/olmayan y\u00f6ntemlerle temin, devral\u0131nma, yasal azami s\u00fcreler a\u015f\u0131lmamak \u00fczere \u00f6ng\u00f6r\u00fclecek s\u00fcre ile yurt i\u00e7inde ve d\u0131\u015f\u0131nda yaz\u0131l\u0131\/manyetik ar\u015fivlere kaydedilme, depolanma, muhafaza, elde edilebilir hale getirilme, kullan\u0131lma, g\u00fcncellenme, de\u011fi\u015ftirilme, birle\u015ftirilme, yeniden d\u00fczenlenme, s\u0131n\u0131fland\u0131r\u0131lma, a\u00e7\u0131klanma, payla\u015f\u0131m, (yurt i\u00e7inde-d\u0131\u015f\u0131na) aktar\u0131lma, transfer ve sair i\u015flenmelere tabi tutulabilecek ve ayn\u0131 ama\u00e7lara y\u00f6nelik olarak; t\u00fcm Adana Ses Haber Medya Yay. ve Tic. Ltd. \u015eti. ile de payla\u015f\u0131lmas\u0131na izin vermi\u015f bulunmaktas\u0131n\u0131z.<\/p>\n<p>Bu ki\u015fisel verileriniz sat\u0131\u015f pazarlama ama\u00e7l\u0131 taraf\u0131n\u0131z\u0131 bilgilendirme, ki\u015fi hak ve \u00f6zg\u00fcrl\u00fcklerine zarar vermemek kayd\u0131yla hukuken me\u015fru menfaatler i\u00e7in gereken veya zorunlu olan durumlarda, olas\u0131 g\u00f6nderilerinizin sa\u011fl\u0131kl\u0131 \u015fekilde teslim edilmesi, telefon, sms ve\/veya e-posta, kargo yoluyla bildirimlerimizin ve \u00fcr\u00fcnlerinizin zaman\u0131nda ula\u015ft\u0131r\u0131labilmesi amac\u0131yla, ilgili mevzuat h\u00fck\u00fcmlerine riayet edilerek 3. ki\u015fi\/kurumlarla payla\u015f\u0131lacakt\u0131r. Kanunen zorunlu ise baz\u0131 uygulamalar i\u00e7in ayr\u0131ca izniniz de rica edilebilecektir. Adana Ses Haber Medya Yay. ve Tic. Ltd. \u015eti. ba\u015fvurunuzla ki\u015fisel verileriniz isteminize g\u00f6re silinebilir, yok edilebilir veya anonim hale getirilebilir. Bu ba\u015fvurunuza kar\u015f\u0131 yasal azami s\u00fcrede talepleriniz yerine getirilecektir.<\/p>\n","protected":false},"excerpt":{"rendered":"<p>6698 say\u0131l\u0131 Ki\u015fisel Verilerin Korunmas\u0131 Kanunu (&#8220;KVKK&#8221;) uyar\u0131nca, Adana Ses Haber Medya Yay. ve Tic. Ltd. \u015eti. olarak (&#8220;Adana Ses Haber&#8221;) ki\u015fisel verilerinizi g\u00fcvenli\u011fi konusunda azami \u00f6zeni g\u00f6stermekteyiz. KVKK kapsam\u0131nda sizleri bilgilendirmek isteriz. Ki\u015fisel verilerinize ili\u015fkin KVKK uyar\u0131nca &#8220;kimli\u011fi belirli veya belirlenebilir ger\u00e7ek ki\u015fiye ili\u015fkin her t\u00fcrl\u00fc bilgi&#8221; ki\u015fisel veridir. Bu ba\u011flamda i\u015fbu say\u0131mla s\u0131n\u0131rl\u0131 &hellip;<\/p>\n","protected":false},"author":1,"featured_media":0,"parent":0,"menu_order":0,"comment_status":"closed","ping_status":"closed","template":"","meta":{"footnotes":""},"class_list":["post-17546","page","type-page","status-publish","has-post-thumbnail","hentry"],"amp_enabled":true,"_links":{"self":[{"href":"https:\/\/adanaseshaber.com.tr\/index.php?rest_route=\/wp\/v2\/pages\/17546","targetHints":{"allow":["GET"]}}],"collection":[{"href":"https:\/\/adanaseshaber.com.tr\/index.php?rest_route=\/wp\/v2\/pages"}],"about":[{"href":"https:\/\/adanaseshaber.com.tr\/index.php?rest_route=\/wp\/v2\/types\/page"}],"author":[{"embeddable":true,"href":"https:\/\/adanaseshaber.com.tr\/index.php?rest_route=\/wp\/v2\/users\/1"}],"replies":[{"embeddable":true,"href":"https:\/\/adanaseshaber.com.tr\/index.php?rest_route=%2Fwp%2Fv2%2Fcomments&post=17546"}],"version-history":[{"count":2,"href":"https:\/\/adanaseshaber.com.tr\/index.php?rest_route=\/wp\/v2\/pages\/17546\/revisions"}],"predecessor-version":[{"id":28445,"href":"https:\/\/adanaseshaber.com.tr\/index.php?rest_route=\/wp\/v2\/pages\/17546\/revisions\/28445"}],"wp:attachment":[{"href":"https:\/\/adanaseshaber.com.tr\/index.php?rest_route=%2Fwp%2Fv2%2Fmedia&parent=17546"}],"curies":[{"name":"wp","href":"https:\/\/api.w.org\/{rel}","templated":true}]}}